{"id":5350,"date":"2024-04-05T09:13:24","date_gmt":"2024-04-05T09:13:24","guid":{"rendered":"https:\/\/www.vadaszboltcsorna.hu\/?post_type=product&#038;p=5350"},"modified":"2025-05-27T11:39:42","modified_gmt":"2025-05-27T11:39:42","slug":"haenel-jager-10-szintetikus-tus-223-rem","status":"publish","type":"product","link":"https:\/\/www.vadaszboltcsorna.hu\/index.php\/termek\/haenel-jager-10-szintetikus-tus-223-rem\/","title":{"rendered":"Haenel Jager 10 szintetikus tus .223 Rem."},"content":{"rendered":"<h2><strong>Haenel Jager 10 szintetikus tus .223 Rem.<\/strong><\/h2>\n<h3 id=\"productDescription\" class=\"description biggerText\"><strong>Le\u00edr\u00e1s:<\/strong><\/h3>\n<h3 class=\"description biggerText\">Haenel Jager 10 szintetikus tus<\/h3>\n<h3>Merkel \u00e1ltal gy\u00e1rtott goly\u00f3s fegyver.<\/h3>\n<h3>A sz\u00e9l \u00e9s az id\u0151j\u00e1r\u00e1s pr\u00f3b\u00e1ra teszi a vad\u00e1sz felszerel\u00e9s\u00e9t, k\u00fcl\u00f6n\u00f6sen a hajt\u00e1sok sor\u00e1n.<\/h3>\n<h3>A m\u0171anyag tussal rendelkez\u0151 J. 10 elpuszt\u00edthatatlan vad\u00e1sz \u200b\u200bt\u00e1rsa lehet, f\u0151leg hajt\u00f3 vad\u00e1szatok \u00e9s a ut\u00e1n keres\u00e9sek sor\u00e1n.<\/h3>\n<h3>Az \u00fcvegsz\u00e1llal er\u0151s\u00edtett anyagot s\u00f6t\u00e9t antracit sz\u00ednben gy\u00e1rtj\u00e1k, kedvez\u0151tlen k\u00f6r\u00fclm\u00e9nyek k\u00f6z\u00f6tt is j\u00f3l tapad. Karc\u00e1ll\u00f3.\u00a0Megvil\u00e1g\u00edtott (f\u00e9nygy\u00fcjt\u0151s) el\u00fcls\u0151 ir\u00e1nyz\u00e9k.<\/h3>\n<h3>-Teljes hossz: 1100 mm<\/h3>\n<h3>-Cs\u0151hossza: 560 mm<\/h3>\n<h3>-Cs\u0151kont\u00far: \u00d8 17 mm<\/h3>\n<h3>-Cs\u0151-menet: M15x1 (menetv\u00e9delemmel)<\/h3>\n<h3>-S\u00faly: kb. 3,0 kg<\/h3>\n<h3>-A t\u00e1r kapacit\u00e1sa: 3 + 1db<\/h3>\n<h3>-Trigger be\u00e1ll\u00edtott els\u00fct\u0151 billenty\u0171<\/h3>\n<h3>-Biztos\u00edt\u00e9k: 2 \u00e1ll\u00e1s\u00fa biztos\u00edt\u00e9k<\/h3>\n<h3>-Ir\u00e1nyz\u00e9k: i-sight rendszer (kivehet\u0151 ir\u00e1nyz\u00e9k)<\/h3>\n<h3>-Cal.:\u00a0 .223 Rem<\/h3>\n<h3 class=\"description biggerText\"><em><strong>AZ AKCI\u00d3 A K\u00c9SZLET EREJ\u00c9IG \u00c9RV\u00c9NYES!<\/strong><\/em><\/h3>\n<h3>A le\u00edr\u00e1sban szerepl\u0151 adatok t\u00e1j\u00e9koztat\u00f3 jelleg\u0171ek, t\u00edpusonk\u00e9nt v\u00e1ltozhat!<br \/>\nKaliberekr\u0151l,aktu\u00e1lis \u00e1rakr\u00f3l \u00e9s egy\u00e9b inform\u00e1ci\u00f3kr\u00f3l k\u00e9rj\u00fck \u00e9rdekl\u0151dj\u00f6n!<\/h3>\n<h3>A fegyvert\u00f6rv\u00e9ny \u00e9rtelm\u00e9ben, fegyvert, l\u0151szert kiz\u00e1r\u00f3lag szem\u00e9lyesen,az \u00fczletben fegyvertart\u00e1si enged\u00e9ly birtok\u00e1ban lehet v\u00e1s\u00e1rolni!<br \/>\nA webshopban megrendelt fegyverek NEM ker\u00fclnek kisz\u00e1ll\u00edt\u00e1sra!\u00a0 Tov\u00e1bbi inform\u00e1ci\u00f3\u00e9rt l\u00e1togasson el boltunkba!<\/h3>\n<h3>Az \u00e1rak t\u00e1j\u00e9koztat\u00f3 jelleg\u0171ek nem min\u0151s\u00fcl hivatalos aj\u00e1nlat t\u00e9telnek!<br \/>\nAz \u00e1rv\u00e1ltoz\u00e1s jog\u00e1t fenntartjuk!<\/h3>\n<div class=\"wrapper bot-border\"><\/div>\n","protected":false},"excerpt":{"rendered":"<p>Haenel Jager 10 szintetikus tus .223 Rem. Le\u00edr\u00e1s: Haenel Jager 10 szintetikus tus Merkel \u00e1ltal gy\u00e1rtott goly\u00f3s fegyver. A sz\u00e9l \u00e9s az id\u0151j\u00e1r\u00e1s pr\u00f3b\u00e1ra teszi a vad\u00e1sz felszerel\u00e9s\u00e9t, k\u00fcl\u00f6n\u00f6sen a hajt\u00e1sok sor\u00e1n. A m\u0171anyag tussal rendelkez\u0151 J. 10 elpuszt\u00edthatatlan vad\u00e1sz \u200b\u200bt\u00e1rsa lehet, f\u0151leg hajt\u00f3 vad\u00e1szatok \u00e9s a ut\u00e1n keres\u00e9sek sor\u00e1n. Az \u00fcvegsz\u00e1llal er\u0151s\u00edtett anyagot s\u00f6t\u00e9t [&hellip;]<\/p>\n","protected":false},"featured_media":5352,"comment_status":"open","ping_status":"closed","template":"","meta":{"_et_pb_use_builder":"","_et_pb_old_content":"","_et_gb_content_width":"","om_disable_all_campaigns":false},"product_brand":[],"product_cat":[21,16,17,1826],"product_tag":[1120,48,1285,70],"class_list":{"0":"post-5350","1":"product","2":"type-product","3":"status-publish","4":"has-post-thumbnail","6":"product_cat-uj","7":"product_cat-fegyver","8":"product_cat-golyos-fegyver","9":"product_cat-uj-golyos-fegyver","10":"product_tag-akcio","11":"product_tag-golyos-fegyver","12":"product_tag-haenel-jager-10-szintetikus-tus-223-rem","13":"product_tag-vadaszat","15":"first","16":"instock","17":"sale","18":"taxable","19":"shipping-taxable","20":"purchasable","21":"product-type-simple"},"_links":{"self":[{"href":"https:\/\/www.vadaszboltcsorna.hu\/index.php\/wp-json\/wp\/v2\/product\/5350","targetHints":{"allow":["GET"]}}],"collection":[{"href":"https:\/\/www.vadaszboltcsorna.hu\/index.php\/wp-json\/wp\/v2\/product"}],"about":[{"href":"https:\/\/www.vadaszboltcsorna.hu\/index.php\/wp-json\/wp\/v2\/types\/product"}],"replies":[{"embeddable":true,"href":"https:\/\/www.vadaszboltcsorna.hu\/index.php\/wp-json\/wp\/v2\/comments?post=5350"}],"wp:featuredmedia":[{"embeddable":true,"href":"https:\/\/www.vadaszboltcsorna.hu\/index.php\/wp-json\/wp\/v2\/media\/5352"}],"wp:attachment":[{"href":"https:\/\/www.vadaszboltcsorna.hu\/index.php\/wp-json\/wp\/v2\/media?parent=5350"}],"wp:term":[{"taxonomy":"product_brand","embeddable":true,"href":"https:\/\/www.vadaszboltcsorna.hu\/index.php\/wp-json\/wp\/v2\/product_brand?post=5350"},{"taxonomy":"product_cat","embeddable":true,"href":"https:\/\/www.vadaszboltcsorna.hu\/index.php\/wp-json\/wp\/v2\/product_cat?post=5350"},{"taxonomy":"product_tag","embeddable":true,"href":"https:\/\/www.vadaszboltcsorna.hu\/index.php\/wp-json\/wp\/v2\/product_tag?post=5350"}],"curies":[{"name":"wp","href":"https:\/\/api.w.org\/{rel}","templated":true}]}}

<h2><strong>Haenel Jager 10 szintetikus tus .223 Rem.</strong></h2>
<h3 id="productDescription" class="description biggerText"><strong>Leírás:</strong></h3>
<h3 class="description biggerText">Haenel Jager 10 szintetikus tus</h3>
<h3>Merkel által gyártott golyós fegyver.</h3>
<h3>A szél és az időjárás próbára teszi a vadász felszerelését, különösen a hajtások során.</h3>
<h3>A műanyag tussal rendelkező J. 10 elpusztíthatatlan vadász ​​társa lehet, főleg hajtó vadászatok és a után keresések során.</h3>
<h3>Az üvegszállal erősített anyagot sötét antracit színben gyártják, kedvezőtlen körülmények között is jól tapad. Karcálló. Megvilágított (fénygyüjtős) elülső irányzék.</h3>
<h3>-Teljes hossz: 1100 mm</h3>
<h3>-Csőhossza: 560 mm</h3>
<h3>-Csőkontúr: Ø 17 mm</h3>
<h3>-Cső-menet: M15x1 (menetvédelemmel)</h3>
<h3>-Súly: kb. 3,0 kg</h3>
<h3>-A tár kapacitása: 3 + 1db</h3>
<h3>-Trigger beállított elsütő billentyű</h3>
<h3>-Biztosíték: 2 állású biztosíték</h3>
<h3>-Irányzék: i-sight rendszer (kivehető irányzék)</h3>
<h3>-Cal.:  .223 Rem</h3>
<h3 class="description biggerText"><em><strong>AZ AKCIÓ A KÉSZLET EREJÉIG ÉRVÉNYES!</strong></em></h3>
<h3>A leírásban szereplő adatok tájékoztató jellegűek, típusonként változhat!<br />
Kaliberekről,aktuális árakról és egyéb információkról kérjük érdeklődjön!</h3>
<h3>A fegyvertörvény értelmében, fegyvert, lőszert kizárólag személyesen,az üzletben fegyvertartási engedély birtokában lehet vásárolni!<br />
A webshopban megrendelt fegyverek NEM kerülnek kiszállításra!  További információért látogasson el boltunkba!</h3>
<h3>Az árak tájékoztató jellegűek nem minősül hivatalos ajánlat tételnek!<br />
Az árváltozás jogát fenntartjuk!</h3>
<div class="wrapper bot-border"></div>

<p>Haenel Jager 10 szintetikus tus .223 Rem. Leírás: Haenel Jager 10 szintetikus tus Merkel által gyártott golyós fegyver. A szél és az időjárás próbára teszi a vadász felszerelését, különösen a hajtások során. A műanyag tussal rendelkező J. 10 elpusztíthatatlan vadász ​​társa lehet, főleg hajtó vadászatok és a után keresések során. Az üvegszállal erősített anyagot sötét [&hellip;]</p>
