{"id":4814,"date":"2023-09-15T12:49:29","date_gmt":"2023-09-15T12:49:29","guid":{"rendered":"https:\/\/www.vadaszboltcsorna.hu\/?post_type=product&#038;p=4814"},"modified":"2025-05-08T12:26:12","modified_gmt":"2025-05-08T12:26:12","slug":"guide-track-ir-pro-50-hokamera-640x480-12-%c2%b5m","status":"publish","type":"product","link":"https:\/\/www.vadaszboltcsorna.hu\/index.php\/termek\/guide-track-ir-pro-50-hokamera-640x480-12-%c2%b5m\/","title":{"rendered":"Guide Track IR Pro 50 H\u0151kamera 640\u00d7480 12 \u00b5m"},"content":{"rendered":"<h2 class=\"product_title entry-title elementor-heading-title elementor-size-default\"><strong>Guide Track IR Pro 50 H\u0151kamera 640\u00d7480 12 \u00b5m<\/strong><\/h2>\n<h4>Az \u0151szi szarvasb\u0151g\u00e9si szezonban a term\u00e9szet egyedi, var\u00e1zslatos pillanatait k\u00edv\u00e1njuk meg\u00f6r\u00f6k\u00edteni. Erre az alkalomra a legt\u00f6k\u00e9letesebb eszk\u00f6z a Guide Track IR Pro 50 h\u0151kamera. Most akci\u00f3san 599 900 Ft-\u00e9rt szerezhet\u0151 be az eredeti 1 190 000 Ft helyett!<\/h4>\n<p><strong>Kiemelked\u0151 jellemz\u0151k \u00e9s el\u0151ny\u00f6k:<\/strong><\/p>\n<ul>\n<li><strong>F\u00f3kuszt\u00e1vols\u00e1g \u00e9s Nagy\u00edt\u00e1s:<\/strong>\u00a0Az eszk\u00f6z 50 mm-es f\u00f3kuszt\u00e1vols\u00e1g\u00fa, manu\u00e1lis f\u00f3kuszmechanik\u00e1val rendelkezik. 2.92-23x nagy\u00edt\u00e1ssal (2.0x optikai, 1-8x digit\u00e1lis) ak\u00e1r k\u00f6zepes t\u00e1vols\u00e1g\u00fa t\u00e1rgyakat \u00e9s \u00e9l\u0151l\u00e9nyeket is t\u00f6k\u00e9letesen figyelemmel k\u00eds\u00e9rhet\u00fcnk.<\/li>\n<li><strong>\u00c9rz\u00e9kel\u0151 \u00e9s Kijelz\u0151:<\/strong>\u00a0640\u00d7480 pixel felbont\u00e1s\u00fa szenzor 12 \u00b5m-es pixel m\u00e9rettel garant\u00e1lja az \u00e9les \u00e9s r\u00e9szletes k\u00e9palkot\u00e1st, m\u00e9g teljes s\u00f6t\u00e9ts\u00e9gben is. Az 1280\u00d7960 pixel felbont\u00e1s\u00fa HD+ kijelz\u0151 selymes \u00e9s k\u00edm\u00e9li szem\u00fcnket a legs\u00f6t\u00e9tebb \u00f3r\u00e1kban is.<\/li>\n<li><strong>Funkci\u00f3k:<\/strong>\u00a0A be\u00e9p\u00edtett t\u00e1vols\u00e1gbecsl\u0151vel k\u00f6nnyed\u00e9n ar\u00e1ny\u00edthatjuk a kijelz\u0151 k\u00f6z\u00e9ppontj\u00e1n l\u00e1that\u00f3 t\u00e1rgyakat vagy \u00e9l\u0151l\u00e9nyeket. Az eszk\u00f6z k\u00e9p a k\u00e9pben funkci\u00f3j\u00e1val a legfontosabb r\u00e9szletekre koncentr\u00e1lhatunk.<\/li>\n<li><strong>Csatlakoztathat\u00f3s\u00e1g:<\/strong>\u00a0A h\u0151kamera micro HDMI csatlakoz\u00f3j\u00e1val a k\u00e9pet k\u00fcls\u0151 megjelen\u00edt\u0151re is \u00e1tvihetj\u00fck. Az USB-C t\u00f6lt\u0151aljzattal r\u00f6vid id\u0151 alatt felt\u00f6lthetj\u00fck az eszk\u00f6zt, a be\u00e9p\u00edtett Wi-Fi pedig lehet\u0151v\u00e9 teszi a mobiltelefonhoz t\u00f6rt\u00e9n\u0151 csatlakoz\u00e1st.<\/li>\n<li><img loading=\"lazy\" decoding=\"async\" class=\"alignnone size-medium wp-image-4815\" src=\"https:\/\/www.vadaszboltcsorna.hu\/wp-content\/uploads\/2023\/09\/G-300x141.jpg\" alt=\"\" width=\"300\" height=\"141\" \/><\/li>\n<li><strong>Kialak\u00edt\u00e1s:<\/strong>\u00a0Ergonomikus kialak\u00edt\u00e1s\u00e1nak k\u00f6sz\u00f6nhet\u0151en a term\u00e9szetben is k\u00e9nyelmesen kezelhetj\u00fck. Az IP66 min\u0151s\u00edt\u00e9s biztos\u00edtja a v\u00edz\u00e1ll\u00f3s\u00e1got, m\u00edg az 1 m\u00e9teres \u00fct\u00e9s\u00e1ll\u00f3s\u00e1g a tart\u00f3ss\u00e1got.<\/li>\n<li><strong>Tov\u00e1bbi jellemz\u0151k:<\/strong>\u00a0Ak\u00e1r 5 \u00f3r\u00e1s \u00fczemid\u0151, 560g s\u00faly, fot\u00f3- \u00e9s vide\u00f3r\u00f6gz\u00edt\u00e9s, forr\u00f3pont k\u00f6vet\u00e9s, livestream funkci\u00f3, \u00e9s sz\u00e1mos egy\u00e9b hasznos tulajdons\u00e1g jellemzi.<\/li>\n<li><strong>Tartoz\u00e9kok:<\/strong>\u00a0H\u0151kamera, h\u00e1l\u00f3zati t\u00f6lt\u0151, csukl\u00f3p\u00e1nt, USB-A \u2013 USB-C k\u00e1bel, Micro HDMI k\u00e1bel, puhafal\u00fa tok, garancia k\u00e1rtya, haszn\u00e1lati \u00fatmutat\u00f3.<\/li>\n<li><img loading=\"lazy\" decoding=\"async\" class=\"alignnone size-medium wp-image-4816\" src=\"https:\/\/www.vadaszboltcsorna.hu\/wp-content\/uploads\/2023\/09\/toresteszt-1024x482-1-300x141.jpg\" alt=\"\" width=\"300\" height=\"141\" \/><\/li>\n<li>Az Guide Track IR Pro 50 h\u0151kamera a legkiv\u00e1l\u00f3bb v\u00e1laszt\u00e1s a term\u00e9szet szerelmesei sz\u00e1m\u00e1ra. Csatlakozzon a profikhoz \u00e9s tapasztalja meg a term\u00e9szet var\u00e1zs\u00e1t ezen a k\u00fcl\u00f6nleges \u00e9vszakon kereszt\u00fcl a legjobb technol\u00f3gia seg\u00edts\u00e9g\u00e9vel!\n<div class=\"flex flex-grow flex-col gap-3\">\n<div class=\"min-h-[20px] flex flex-col items-start gap-3 overflow-x-auto whitespace-pre-wrap break-words\">\n<div class=\"markdown prose w-full break-words dark:prose-invert light\">\n<p><strong>Robusztus Design \u00e9s K\u00f6nny\u0171 Kezelhet\u0151s\u00e9g<\/strong><\/p>\n<p>Az eszk\u00f6z fekete sz\u00edn\u0171, eleg\u00e1ns \u00e9s modern diz\u00e1jnj\u00e1val minden k\u00f6rnyezetben kit\u0171nik. Egyens\u00falyozva a massz\u00edv fel\u00e9p\u00edt\u00e9st a finom vonalvezet\u00e9ssel, az eszk\u00f6z nem csak kiv\u00e1l\u00f3an funkcion\u00e1l, de st\u00edlusos is. K\u00f6nny\u0171 s\u00falya \u00e9s kompakt m\u00e9retei (214x65x71 mm) miatt egyszer\u0171en hordozhat\u00f3 \u00e9s t\u00e1rolhat\u00f3.<\/p>\n<p><strong>Szem\u00e9lyre Szabhat\u00f3 Be\u00e1ll\u00edt\u00e1sok<\/strong><\/p>\n<p>A Guide Track IR Pro 50 minden egyes funkci\u00f3j\u00e1t gondosan tervezt\u00e9k annak \u00e9rdek\u00e9ben, hogy a felhaszn\u00e1l\u00f3k k\u00f6nnyen testreszabhass\u00e1k \u00e9s optimaliz\u00e1lhass\u00e1k a k\u00e9sz\u00fcl\u00e9k haszn\u00e1lat\u00e1t. Legyen sz\u00f3 a fekete, feh\u00e9r vagy v\u00f6r\u00f6s kiemel\u00e9sekr\u0151l, a leginformat\u00edvabb k\u00e9pm\u00f3d mindig be\u00e1ll\u00edthat\u00f3 az adott k\u00f6r\u00fclm\u00e9nyeknek megfelel\u0151en. A dioptria kompenz\u00e1ci\u00f3 (-4 \/ +2) lehet\u0151v\u00e9 teszi, hogy a kijelz\u0151t az egyedi l\u00e1t\u00e1si ig\u00e9nyekhez igaz\u00edthassuk.<\/p>\n<p><strong>Zavartalan Haszn\u00e1lat<\/strong><\/p>\n<p>A j\u00f3l kitapinthat\u00f3, formatervezett gomboknak k\u00f6sz\u00f6nhet\u0151en az eszk\u00f6z kezel\u00e9se egyszer\u0171 \u00e9s intuit\u00edv. A m\u0171k\u00f6d\u00e9st jelz\u0151 LED kikapcsol\u00e1s\u00e1val \u00e9s a betekint\u0151 kialak\u00edt\u00e1s\u00e1nak k\u00f6sz\u00f6nhet\u0151en a h\u0151kamera haszn\u00e1lata teljes s\u00f6t\u00e9ts\u00e9gben is diszkr\u00e9t \u00e9s nem zavarja meg a k\u00f6rnyezet\u00e9t. A csendes m\u0171k\u00f6d\u00e9s\u0171 gombok \u00e9s a zajtalan kalibr\u00e1ci\u00f3 tov\u00e1bbi k\u00e9nyelmet \u00e9s diszkr\u00e9ci\u00f3t biztos\u00edtanak a haszn\u00e1lat sor\u00e1n.<\/p>\n<p>&nbsp;<\/p>\n<p><strong>Tan\u00fas\u00edtv\u00e1nyok \u00e9s Biztons\u00e1g<\/strong><\/p>\n<p>A Guide Track IR Pro 50 t\u00f6bb tan\u00fas\u00edtv\u00e1nnyal is rendelkezik, bele\u00e9rtve az UN38.3 (akkumul\u00e1tor tan\u00fas\u00edtv\u00e1ny), RoHS, CE, FCC \u00e9s EAC-t, biztos\u00edtva, hogy a term\u00e9k megfelel az \u00f6sszes ipar\u00e1gi el\u0151\u00edr\u00e1snak \u00e9s szabv\u00e1nynak. Mindez azt bizony\u00edtja, hogy v\u00e1llalatunk elk\u00f6telezett a min\u0151s\u00e9g \u00e9s megb\u00edzhat\u00f3s\u00e1g mellett.<\/p>\n<p><img loading=\"lazy\" decoding=\"async\" class=\"alignnone size-medium wp-image-4817\" src=\"https:\/\/www.vadaszboltcsorna.hu\/wp-content\/uploads\/2023\/09\/G1-1-300x141.jpg\" alt=\"\" width=\"300\" height=\"141\" \/><\/p>\n<p><img loading=\"lazy\" decoding=\"async\" class=\"alignnone size-medium wp-image-4818\" src=\"https:\/\/www.vadaszboltcsorna.hu\/wp-content\/uploads\/2023\/09\/G3-300x247.png\" alt=\"\" width=\"300\" height=\"247\" \/><\/p>\n<p><strong>\u00d6sszefoglal\u00e1s<\/strong><\/p>\n<p>\u00d6sszess\u00e9g\u00e9ben a Guide Track IR Pro 50 h\u0151kamera egy cs\u00facstechnol\u00f3gi\u00e1s eszk\u00f6z, amely minden r\u00e9szlet\u00e9ben a felhaszn\u00e1l\u00f3i k\u00e9nyelem \u00e9s a magas szint\u0171 funkcionalit\u00e1s \u00e9rdek\u00e9ben k\u00e9sz\u00fclt. Ak\u00e1r egy tapasztalt term\u00e9szetfot\u00f3s, ak\u00e1r egy hobbista vad\u00e1sz vagy, aki a term\u00e9szetben t\u00f6lt\u00f6tt id\u0151t szeretn\u00e9 a lehet\u0151 legjobb technol\u00f3gia seg\u00edts\u00e9g\u00e9vel meg\u00f6r\u00f6k\u00edteni, ez az eszk\u00f6z minden ig\u00e9nyt kiel\u00e9g\u00edt. Ne hagyja ki ezt a fantasztikus aj\u00e1nlatot \u00e9s ragadja meg a lehet\u0151s\u00e9get, hogy a legjobb \u00e1ron szerezze be ezt a cs\u00facstechnol\u00f3gi\u00e1s h\u0151kamer\u00e1t!<\/p>\n<p><iframe loading=\"lazy\" title=\"Let&#039;s go hunting!-Hunting with Guide sensmart TrackIR thermal monocular\" width=\"1080\" height=\"608\" src=\"https:\/\/www.youtube.com\/embed\/_PuW1n2CD6M?feature=oembed\"  allow=\"accelerometer; autoplay; clipboard-write; encrypted-media; gyroscope; picture-in-picture; web-share\" allowfullscreen><\/iframe><\/p>\n<\/div>\n<\/div>\n<\/div>\n<\/li>\n<\/ul>\n","protected":false},"excerpt":{"rendered":"<p>Guide Track IR Pro 50 H\u0151kamera 640\u00d7480 12 \u00b5m Az \u0151szi szarvasb\u0151g\u00e9si szezonban a term\u00e9szet egyedi, var\u00e1zslatos pillanatait k\u00edv\u00e1njuk meg\u00f6r\u00f6k\u00edteni. Erre az alkalomra a legt\u00f6k\u00e9letesebb eszk\u00f6z a Guide Track IR Pro 50 h\u0151kamera. Most akci\u00f3san 599 900 Ft-\u00e9rt szerezhet\u0151 be az eredeti 1 190 000 Ft helyett! Kiemelked\u0151 jellemz\u0151k \u00e9s el\u0151ny\u00f6k: F\u00f3kuszt\u00e1vols\u00e1g \u00e9s Nagy\u00edt\u00e1s:\u00a0Az eszk\u00f6z [&hellip;]<\/p>\n","protected":false},"featured_media":4822,"comment_status":"open","ping_status":"closed","template":"","meta":{"_et_pb_use_builder":"","_et_pb_old_content":"","_et_gb_content_width":"","om_disable_all_campaigns":false},"product_brand":[],"product_cat":[21,447,448],"product_tag":[1120,1216,528,70,86],"class_list":{"0":"post-4814","1":"product","2":"type-product","3":"status-publish","4":"has-post-thumbnail","6":"product_cat-uj","7":"product_cat-hokamera","8":"product_cat-kereso-hokamera","9":"product_tag-akcio","10":"product_tag-guide-track-ir-pro-50-hokamera-640x480-12-m","11":"product_tag-hokamera","12":"product_tag-vadaszat","13":"product_tag-vadaszoptika","15":"first","16":"instock","17":"sale","18":"taxable","19":"shipping-taxable","20":"purchasable","21":"product-type-simple"},"_links":{"self":[{"href":"https:\/\/www.vadaszboltcsorna.hu\/index.php\/wp-json\/wp\/v2\/product\/4814","targetHints":{"allow":["GET"]}}],"collection":[{"href":"https:\/\/www.vadaszboltcsorna.hu\/index.php\/wp-json\/wp\/v2\/product"}],"about":[{"href":"https:\/\/www.vadaszboltcsorna.hu\/index.php\/wp-json\/wp\/v2\/types\/product"}],"replies":[{"embeddable":true,"href":"https:\/\/www.vadaszboltcsorna.hu\/index.php\/wp-json\/wp\/v2\/comments?post=4814"}],"wp:featuredmedia":[{"embeddable":true,"href":"https:\/\/www.vadaszboltcsorna.hu\/index.php\/wp-json\/wp\/v2\/media\/4822"}],"wp:attachment":[{"href":"https:\/\/www.vadaszboltcsorna.hu\/index.php\/wp-json\/wp\/v2\/media?parent=4814"}],"wp:term":[{"taxonomy":"product_brand","embeddable":true,"href":"https:\/\/www.vadaszboltcsorna.hu\/index.php\/wp-json\/wp\/v2\/product_brand?post=4814"},{"taxonomy":"product_cat","embeddable":true,"href":"https:\/\/www.vadaszboltcsorna.hu\/index.php\/wp-json\/wp\/v2\/product_cat?post=4814"},{"taxonomy":"product_tag","embeddable":true,"href":"https:\/\/www.vadaszboltcsorna.hu\/index.php\/wp-json\/wp\/v2\/product_tag?post=4814"}],"curies":[{"name":"wp","href":"https:\/\/api.w.org\/{rel}","templated":true}]}}