{"id":4477,"date":"2023-07-03T08:45:43","date_gmt":"2023-07-03T08:45:43","guid":{"rendered":"https:\/\/www.vadaszboltcsorna.hu\/?post_type=product&#038;p=4477"},"modified":"2023-07-03T08:46:37","modified_gmt":"2023-07-03T08:46:37","slug":"gerber-bolo-machete-bozotvago","status":"publish","type":"product","link":"https:\/\/www.vadaszboltcsorna.hu\/index.php\/termek\/gerber-bolo-machete-bozotvago\/","title":{"rendered":"GERBER BOLO Machete, boz\u00f3tv\u00e1g\u00f3"},"content":{"rendered":"<h2><strong>GERBER BOLO Machete, boz\u00f3tv\u00e1g\u00f3<\/strong><\/h2>\n<h3><strong>Le\u00edr\u00e1s:<\/strong><\/h3>\n<h3>TULAJDONS\u00c1GOK:<br \/>\nMagas sz\u00e9ntartalm\u00fa ac\u00e9l penge<br \/>\nBallisztikus nylon tok<br \/>\nGator Grip\u2122 markolat<br \/>\nTeljes, a ny\u00e9lben v\u00e9gigfut\u00f3 penge<br \/>\nTeljes hossz: 57,2 cm<br \/>\nPengehossz: 39,4 cm<br \/>\nS\u00faly: 589,7 gramm<br \/>\nS\u00faly tokkal egy\u00fctt: 625,7 gramm<\/h3>\n<p>&nbsp;<\/p>\n","protected":false},"excerpt":{"rendered":"<p>GERBER BOLO Machete, boz\u00f3tv\u00e1g\u00f3 Le\u00edr\u00e1s: TULAJDONS\u00c1GOK: Magas sz\u00e9ntartalm\u00fa ac\u00e9l penge Ballisztikus nylon tok Gator Grip\u2122 markolat Teljes, a ny\u00e9lben v\u00e9gigfut\u00f3 penge Teljes hossz: 57,2 cm Pengehossz: 39,4 cm S\u00faly: 589,7 gramm S\u00faly tokkal egy\u00fctt: 625,7 gramm &nbsp;<\/p>\n","protected":false},"featured_media":4478,"comment_status":"open","ping_status":"closed","template":"","meta":{"_et_pb_use_builder":"","_et_pb_old_content":"","_et_gb_content_width":"","om_disable_all_campaigns":false},"product_brand":[],"product_cat":[21,1148,166],"product_tag":[1151,1152],"class_list":{"0":"post-4477","1":"product","2":"type-product","3":"status-publish","4":"has-post-thumbnail","6":"product_cat-uj","7":"product_cat-bozotvagok","8":"product_cat-kesek","9":"product_tag-bozotvago","10":"product_tag-gerber-bolo-machete","12":"first","13":"instock","14":"taxable","15":"shipping-taxable","16":"purchasable","17":"product-type-simple"},"_links":{"self":[{"href":"https:\/\/www.vadaszboltcsorna.hu\/index.php\/wp-json\/wp\/v2\/product\/4477","targetHints":{"allow":["GET"]}}],"collection":[{"href":"https:\/\/www.vadaszboltcsorna.hu\/index.php\/wp-json\/wp\/v2\/product"}],"about":[{"href":"https:\/\/www.vadaszboltcsorna.hu\/index.php\/wp-json\/wp\/v2\/types\/product"}],"replies":[{"embeddable":true,"href":"https:\/\/www.vadaszboltcsorna.hu\/index.php\/wp-json\/wp\/v2\/comments?post=4477"}],"wp:featuredmedia":[{"embeddable":true,"href":"https:\/\/www.vadaszboltcsorna.hu\/index.php\/wp-json\/wp\/v2\/media\/4478"}],"wp:attachment":[{"href":"https:\/\/www.vadaszboltcsorna.hu\/index.php\/wp-json\/wp\/v2\/media?parent=4477"}],"wp:term":[{"taxonomy":"product_brand","embeddable":true,"href":"https:\/\/www.vadaszboltcsorna.hu\/index.php\/wp-json\/wp\/v2\/product_brand?post=4477"},{"taxonomy":"product_cat","embeddable":true,"href":"https:\/\/www.vadaszboltcsorna.hu\/index.php\/wp-json\/wp\/v2\/product_cat?post=4477"},{"taxonomy":"product_tag","embeddable":true,"href":"https:\/\/www.vadaszboltcsorna.hu\/index.php\/wp-json\/wp\/v2\/product_tag?post=4477"}],"curies":[{"name":"wp","href":"https:\/\/api.w.org\/{rel}","templated":true}]}}