{"id":4464,"date":"2023-06-29T09:12:48","date_gmt":"2023-06-29T09:12:48","guid":{"rendered":"https:\/\/www.vadaszboltcsorna.hu\/?post_type=product&#038;p=4464"},"modified":"2023-06-29T09:13:11","modified_gmt":"2023-06-29T09:13:11","slug":"dick-ergogrip-keskeszlet-3-reszes","status":"publish","type":"product","link":"https:\/\/www.vadaszboltcsorna.hu\/index.php\/termek\/dick-ergogrip-keskeszlet-3-reszes\/","title":{"rendered":"DICK ERGOGRIP K\u00c9SK\u00c9SZLET, 3 R\u00c9SZES"},"content":{"rendered":"<h2><strong>DICK ERGOGRIP K\u00c9SK\u00c9SZLET, 3 R\u00c9SZES<\/strong><\/h2>\n<h3>DICK ERGOGRIP K\u00c9SK\u00c9SZLET, 3 R\u00c9SZES (8298113-01; 8225915-03; 8200618-02)<\/h3>\n<h3>M\u00e1rka F. Dick<br \/>\nT\u00edpus k\u00e9sk\u00e9szlet<br \/>\nPenge anyaga rozsdamentes ac\u00e9l<br \/>\nAc\u00e9l t\u00edpusa X55CrMo14<br \/>\nMarkolat t\u00edpusa Polyamid<br \/>\nAc\u00e9l kem\u00e9nys\u00e9ge HRC 56<br \/>\nTiszt\u00edt\u00e1s mosogat\u00f3g\u00e9pben tiszt\u00edthat\u00f3<\/h3>\n<p>&nbsp;<\/p>\n","protected":false},"excerpt":{"rendered":"<p>DICK ERGOGRIP K\u00c9SK\u00c9SZLET, 3 R\u00c9SZES DICK ERGOGRIP K\u00c9SK\u00c9SZLET, 3 R\u00c9SZES (8298113-01; 8225915-03; 8200618-02) M\u00e1rka F. Dick T\u00edpus k\u00e9sk\u00e9szlet Penge anyaga rozsdamentes ac\u00e9l Ac\u00e9l t\u00edpusa X55CrMo14 Markolat t\u00edpusa Polyamid Ac\u00e9l kem\u00e9nys\u00e9ge HRC 56 Tiszt\u00edt\u00e1s mosogat\u00f3g\u00e9pben tiszt\u00edthat\u00f3 &nbsp;<\/p>\n","protected":false},"featured_media":4465,"comment_status":"open","ping_status":"closed","template":"","meta":{"_et_pb_use_builder":"","_et_pb_old_content":"","_et_gb_content_width":"","om_disable_all_campaigns":false},"product_brand":[],"product_cat":[21,166,168],"product_tag":[1146,1145],"class_list":{"0":"post-4464","1":"product","2":"type-product","3":"status-publish","4":"has-post-thumbnail","6":"product_cat-uj","7":"product_cat-kesek","8":"product_cat-torok","9":"product_tag-3-reszes","10":"product_tag-dick-ergogrip-keskeszlet","12":"first","13":"instock","14":"taxable","15":"shipping-taxable","16":"purchasable","17":"product-type-simple"},"_links":{"self":[{"href":"https:\/\/www.vadaszboltcsorna.hu\/index.php\/wp-json\/wp\/v2\/product\/4464","targetHints":{"allow":["GET"]}}],"collection":[{"href":"https:\/\/www.vadaszboltcsorna.hu\/index.php\/wp-json\/wp\/v2\/product"}],"about":[{"href":"https:\/\/www.vadaszboltcsorna.hu\/index.php\/wp-json\/wp\/v2\/types\/product"}],"replies":[{"embeddable":true,"href":"https:\/\/www.vadaszboltcsorna.hu\/index.php\/wp-json\/wp\/v2\/comments?post=4464"}],"wp:featuredmedia":[{"embeddable":true,"href":"https:\/\/www.vadaszboltcsorna.hu\/index.php\/wp-json\/wp\/v2\/media\/4465"}],"wp:attachment":[{"href":"https:\/\/www.vadaszboltcsorna.hu\/index.php\/wp-json\/wp\/v2\/media?parent=4464"}],"wp:term":[{"taxonomy":"product_brand","embeddable":true,"href":"https:\/\/www.vadaszboltcsorna.hu\/index.php\/wp-json\/wp\/v2\/product_brand?post=4464"},{"taxonomy":"product_cat","embeddable":true,"href":"https:\/\/www.vadaszboltcsorna.hu\/index.php\/wp-json\/wp\/v2\/product_cat?post=4464"},{"taxonomy":"product_tag","embeddable":true,"href":"https:\/\/www.vadaszboltcsorna.hu\/index.php\/wp-json\/wp\/v2\/product_tag?post=4464"}],"curies":[{"name":"wp","href":"https:\/\/api.w.org\/{rel}","templated":true}]}}