{"id":4455,"date":"2023-06-29T07:09:34","date_gmt":"2023-06-29T07:09:34","guid":{"rendered":"https:\/\/www.vadaszboltcsorna.hu\/?post_type=product&#038;p=4455"},"modified":"2023-06-29T07:10:14","modified_gmt":"2023-06-29T07:10:14","slug":"gerber-paraframe-mini-zsebkes-ezust","status":"publish","type":"product","link":"https:\/\/www.vadaszboltcsorna.hu\/index.php\/termek\/gerber-paraframe-mini-zsebkes-ezust\/","title":{"rendered":"GERBER PARAFRAME mini zsebk\u00e9s ez\u00fcst"},"content":{"rendered":"<h2><strong>GERBER PARAFRAME mini zsebk\u00e9s ez\u00fcst<\/strong><\/h2>\n<h3>A Gerber Paraframe k\u00e9sek csal\u00e1dj\u00e1nak &#8222;legkisebb m\u00e9ret\u0171&#8221; tagja a Paraframe Mini zsebk\u00e9s.<br \/>\nKlipsz seg\u00edts\u00e9g\u00e9vel k\u00f6nnyen zsebre r\u00f6gz\u00edthet\u0151.<br \/>\nPenge anyaga: 400-as orvosi ac\u00e9l<br \/>\nMarkolat anyaga: 314-es rozsdamentes ac\u00e9l<br \/>\nPenge t\u00edpusa: Clip Point (hegyes, sz\u00far\u00f3)<br \/>\nPenge \u00e9le: egyenes<br \/>\nTeljes hossz (nyitott): 13 cm<br \/>\nTeljes hossz (z\u00e1rt): 8 cm<br \/>\nPenge hossz: 6 cm<br \/>\nSz\u00edn: ez\u00fcst<br \/>\nS\u00faly: 81 gramm<\/h3>\n<h3><\/h3>\n<div id=\"tab_data_content\" class=\"page_artdet_tab_content\">\n<h3 id=\"page_artdet_product_param_title_14843\" class=\"page_artdet_param_title\">Penge m\u00e9ret<\/h3>\n<h3 id=\"page_artdet_product_param_value_14843\" class=\"page_artdet_param_value\">6 cm<\/h3>\n<h3 id=\"page_artdet_product_param_title_16469\" class=\"page_artdet_param_title\">Teljes hossz<\/h3>\n<h3 id=\"page_artdet_product_param_value_16469\" class=\"page_artdet_param_value\">13 cm<\/h3>\n<h3 id=\"page_artdet_product_param_title_16470\" class=\"page_artdet_param_title\">Z\u00e1rt hossz<\/h3>\n<h3 id=\"page_artdet_product_param_value_16470\" class=\"page_artdet_param_value\">8 cm<\/h3>\n<h3 id=\"page_artdet_product_param_title_14845\" class=\"page_artdet_param_title\">S\u00faly<\/h3>\n<h3 id=\"page_artdet_product_param_value_14845\" class=\"page_artdet_param_value\">59 gramm<\/h3>\n<h3 id=\"page_artdet_product_param_title_15730\" class=\"page_artdet_param_title\">Ac\u00e9l t\u00edpusa<\/h3>\n<h3 id=\"page_artdet_product_param_value_15730\" class=\"page_artdet_param_value\">Rozsdamentes ac\u00e9l<\/h3>\n<div class=\"page_artdet_dataline\">\n<h3 id=\"page_artdet_product_param_title_15731\" class=\"page_artdet_param_title\">Markolat t\u00edpusa<\/h3>\n<h3 id=\"page_artdet_product_param_value_15731\" class=\"page_artdet_param_value\">Rozsdamentes ac\u00e9l<\/h3>\n<\/div>\n<\/div>\n","protected":false},"excerpt":{"rendered":"<p>GERBER PARAFRAME mini zsebk\u00e9s ez\u00fcst A Gerber Paraframe k\u00e9sek csal\u00e1dj\u00e1nak &#8222;legkisebb m\u00e9ret\u0171&#8221; tagja a Paraframe Mini zsebk\u00e9s. Klipsz seg\u00edts\u00e9g\u00e9vel k\u00f6nnyen zsebre r\u00f6gz\u00edthet\u0151. Penge anyaga: 400-as orvosi ac\u00e9l Markolat anyaga: 314-es rozsdamentes ac\u00e9l Penge t\u00edpusa: Clip Point (hegyes, sz\u00far\u00f3) Penge \u00e9le: egyenes Teljes hossz (nyitott): 13 cm Teljes hossz (z\u00e1rt): 8 cm Penge hossz: 6 cm [&hellip;]<\/p>\n","protected":false},"featured_media":4456,"comment_status":"open","ping_status":"closed","template":"","meta":{"_et_pb_use_builder":"","_et_pb_old_content":"","_et_gb_content_width":"","om_disable_all_campaigns":false},"product_brand":[],"product_cat":[21,166,167],"product_tag":[1142],"class_list":{"0":"post-4455","1":"product","2":"type-product","3":"status-publish","4":"has-post-thumbnail","6":"product_cat-uj","7":"product_cat-kesek","8":"product_cat-zsebkesek","9":"product_tag-gerber-paraframe-mini-zsebkes-ezust","11":"first","12":"instock","13":"taxable","14":"shipping-taxable","15":"purchasable","16":"product-type-simple"},"_links":{"self":[{"href":"https:\/\/www.vadaszboltcsorna.hu\/index.php\/wp-json\/wp\/v2\/product\/4455","targetHints":{"allow":["GET"]}}],"collection":[{"href":"https:\/\/www.vadaszboltcsorna.hu\/index.php\/wp-json\/wp\/v2\/product"}],"about":[{"href":"https:\/\/www.vadaszboltcsorna.hu\/index.php\/wp-json\/wp\/v2\/types\/product"}],"replies":[{"embeddable":true,"href":"https:\/\/www.vadaszboltcsorna.hu\/index.php\/wp-json\/wp\/v2\/comments?post=4455"}],"wp:featuredmedia":[{"embeddable":true,"href":"https:\/\/www.vadaszboltcsorna.hu\/index.php\/wp-json\/wp\/v2\/media\/4456"}],"wp:attachment":[{"href":"https:\/\/www.vadaszboltcsorna.hu\/index.php\/wp-json\/wp\/v2\/media?parent=4455"}],"wp:term":[{"taxonomy":"product_brand","embeddable":true,"href":"https:\/\/www.vadaszboltcsorna.hu\/index.php\/wp-json\/wp\/v2\/product_brand?post=4455"},{"taxonomy":"product_cat","embeddable":true,"href":"https:\/\/www.vadaszboltcsorna.hu\/index.php\/wp-json\/wp\/v2\/product_cat?post=4455"},{"taxonomy":"product_tag","embeddable":true,"href":"https:\/\/www.vadaszboltcsorna.hu\/index.php\/wp-json\/wp\/v2\/product_tag?post=4455"}],"curies":[{"name":"wp","href":"https:\/\/api.w.org\/{rel}","templated":true}]}}