{"id":4452,"date":"2023-06-29T07:05:33","date_gmt":"2023-06-29T07:05:33","guid":{"rendered":"https:\/\/www.vadaszboltcsorna.hu\/?post_type=product&#038;p=4452"},"modified":"2023-06-29T07:05:59","modified_gmt":"2023-06-29T07:05:59","slug":"gerber-moment-zsebkes-tokkal","status":"publish","type":"product","link":"https:\/\/www.vadaszboltcsorna.hu\/index.php\/termek\/gerber-moment-zsebkes-tokkal\/","title":{"rendered":"GERBER MOMENT zsebk\u00e9s tokkal"},"content":{"rendered":"<h2><strong>GERBER MOMENT zsebk\u00e9s tokkal<\/strong><\/h2>\n<h3><strong>Le\u00edr\u00e1s:<\/strong><\/h3>\n<h3>\u00daj Gerber zsebk\u00e9s a 2013-as kollekci\u00f3b\u00f3l<br \/>\nTULAJDONS\u00c1GOK:<br \/>\nTextur\u00e1lt gumi markolat, mely biztos\u00edtja a biztons\u00e1gos fog\u00e1st<br \/>\n\u00d6sszecsukhat\u00f3 \u00e9s a tokj\u00e1ban k\u00f6nnyen sz\u00e1ll\u00edthat\u00f3<br \/>\nPenge ac\u00e9l: 5Cr15MoV<br \/>\nHossz nyitva: 21,6 cm<br \/>\nHossz csukva: 13 cm<br \/>\nPenge hossz: 8,9 cm<br \/>\nS\u00faly: 159 gramm<\/h3>\n<h3><\/h3>\n<div id=\"tab_data_content\" class=\"page_artdet_tab_content\">\n<h3 id=\"page_artdet_product_param_title_14843\" class=\"page_artdet_param_title\">Penge m\u00e9ret<\/h3>\n<h3 id=\"page_artdet_product_param_value_14843\" class=\"page_artdet_param_value\">9,2 cm<\/h3>\n<h3 id=\"page_artdet_product_param_title_16469\" class=\"page_artdet_param_title\">Teljes hossz<\/h3>\n<h3 id=\"page_artdet_product_param_value_16469\" class=\"page_artdet_param_value\">21,9 cm<\/h3>\n<h3 id=\"page_artdet_product_param_title_16470\" class=\"page_artdet_param_title\">Z\u00e1rt hossz<\/h3>\n<h3 id=\"page_artdet_product_param_value_16470\" class=\"page_artdet_param_value\">13 cm<\/h3>\n<h3 id=\"page_artdet_product_param_title_14845\" class=\"page_artdet_param_title\">S\u00faly<\/h3>\n<h3 id=\"page_artdet_product_param_value_14845\" class=\"page_artdet_param_value\">159 gramm<\/h3>\n<h3 id=\"page_artdet_product_param_title_15730\" class=\"page_artdet_param_title\">Ac\u00e9l t\u00edpusa<\/h3>\n<h3 id=\"page_artdet_product_param_value_15730\" class=\"page_artdet_param_value\">5Cr15MoV<\/h3>\n<h3 id=\"page_artdet_product_param_title_15731\" class=\"page_artdet_param_title\">Markolat t\u00edpusa<\/h3>\n<h3 id=\"page_artdet_product_param_value_15731\" class=\"page_artdet_param_value\">Form\u00e1zott gumibevonat<\/h3>\n<h3 id=\"page_artdet_product_param_title_15732\" class=\"page_artdet_param_title\">Tok<\/h3>\n<h3 id=\"page_artdet_product_param_value_15732\" class=\"page_artdet_param_value\">Ballisztikus nylon<\/h3>\n<div class=\"page_artdet_dataline\">\n<h3 id=\"page_artdet_product_param_title_14446\" class=\"page_artdet_param_title\">M\u00e1rka<\/h3>\n<h3 id=\"page_artdet_product_param_value_14446\" class=\"page_artdet_param_value\">Gerber &#8211; Fiskars Finland Oy Ab<\/h3>\n<\/div>\n<\/div>\n","protected":false},"excerpt":{"rendered":"<p>GERBER MOMENT zsebk\u00e9s tokkal Le\u00edr\u00e1s: \u00daj Gerber zsebk\u00e9s a 2013-as kollekci\u00f3b\u00f3l TULAJDONS\u00c1GOK: Textur\u00e1lt gumi markolat, mely biztos\u00edtja a biztons\u00e1gos fog\u00e1st \u00d6sszecsukhat\u00f3 \u00e9s a tokj\u00e1ban k\u00f6nnyen sz\u00e1ll\u00edthat\u00f3 Penge ac\u00e9l: 5Cr15MoV Hossz nyitva: 21,6 cm Hossz csukva: 13 cm Penge hossz: 8,9 cm S\u00faly: 159 gramm Penge m\u00e9ret 9,2 cm Teljes hossz 21,9 cm Z\u00e1rt hossz 13 [&hellip;]<\/p>\n","protected":false},"featured_media":4453,"comment_status":"open","ping_status":"closed","template":"","meta":{"_et_pb_use_builder":"","_et_pb_old_content":"","_et_gb_content_width":"","om_disable_all_campaigns":false},"product_brand":[],"product_cat":[21,166,167],"product_tag":[1141,70],"class_list":{"0":"post-4452","1":"product","2":"type-product","3":"status-publish","4":"has-post-thumbnail","6":"product_cat-uj","7":"product_cat-kesek","8":"product_cat-zsebkesek","9":"product_tag-gerber-moment-zsebkes-tokkal","10":"product_tag-vadaszat","12":"first","13":"instock","14":"taxable","15":"shipping-taxable","16":"purchasable","17":"product-type-simple"},"_links":{"self":[{"href":"https:\/\/www.vadaszboltcsorna.hu\/index.php\/wp-json\/wp\/v2\/product\/4452","targetHints":{"allow":["GET"]}}],"collection":[{"href":"https:\/\/www.vadaszboltcsorna.hu\/index.php\/wp-json\/wp\/v2\/product"}],"about":[{"href":"https:\/\/www.vadaszboltcsorna.hu\/index.php\/wp-json\/wp\/v2\/types\/product"}],"replies":[{"embeddable":true,"href":"https:\/\/www.vadaszboltcsorna.hu\/index.php\/wp-json\/wp\/v2\/comments?post=4452"}],"wp:featuredmedia":[{"embeddable":true,"href":"https:\/\/www.vadaszboltcsorna.hu\/index.php\/wp-json\/wp\/v2\/media\/4453"}],"wp:attachment":[{"href":"https:\/\/www.vadaszboltcsorna.hu\/index.php\/wp-json\/wp\/v2\/media?parent=4452"}],"wp:term":[{"taxonomy":"product_brand","embeddable":true,"href":"https:\/\/www.vadaszboltcsorna.hu\/index.php\/wp-json\/wp\/v2\/product_brand?post=4452"},{"taxonomy":"product_cat","embeddable":true,"href":"https:\/\/www.vadaszboltcsorna.hu\/index.php\/wp-json\/wp\/v2\/product_cat?post=4452"},{"taxonomy":"product_tag","embeddable":true,"href":"https:\/\/www.vadaszboltcsorna.hu\/index.php\/wp-json\/wp\/v2\/product_tag?post=4452"}],"curies":[{"name":"wp","href":"https:\/\/api.w.org\/{rel}","templated":true}]}}