{"id":440,"date":"2021-04-22T08:26:20","date_gmt":"2021-04-22T08:26:20","guid":{"rendered":"http:\/\/www.vadaszboltcsorna.hu\/?post_type=product&#038;p=440"},"modified":"2026-03-24T13:37:04","modified_gmt":"2026-03-24T13:37:04","slug":"aigle-parcours-2-iso-zold-neopremes-vadasz-csizma","status":"publish","type":"product","link":"https:\/\/www.vadaszboltcsorna.hu\/index.php\/termek\/aigle-parcours-2-iso-zold-neopremes-vadasz-csizma\/","title":{"rendered":"AIGLE Parcours 2 Iso Z\u00f6ld Neopr\u00e9nes Vad\u00e1sz Csizma"},"content":{"rendered":"<h2><strong>AIGLE Parcours 2 Iso Z\u00f6ld Neopr\u00e9nes Vad\u00e1sz Csizma<\/strong><\/h2>\n<h3><strong>Vad\u00e1szok k\u00f6r\u00e9ben az egyik legjobban kedvelt meleg neopr\u00e9nes csizma, ami lesen \u00e9s cserkel\u00e9skor is j\u00f3l bizony\u00edt.<\/strong><\/h3>\n<h3><strong>Az AIGLE<\/strong><strong> PARCOURS 2 ISO gumicsizma speci\u00e1lisan vad\u00e1szok \u00e9s term\u00e9szetj\u00e1r\u00f3k r\u00e9sz\u00e9re lett kifejlesztve.<\/strong><\/h3>\n<ul>\n<li>\n<h3>Franciaorsz\u00e1gban k\u00e9sz\u00edtik k\u00e9zzel, magas min\u0151s\u00e9g\u0171 term\u00e9szetes gumib\u00f3l<\/h3>\n<\/li>\n<li>\n<h3>Hideg id\u0151j\u00e1r\u00e1shoz tervezve<\/h3>\n<\/li>\n<li>\n<h3>4,5 mm vastag Neopr\u00e9n b\u00e9l\u00e9s a csizma eg\u00e9sz\u00e9ben,\u00a0 4,5 mm Neopr\u00e9n a talpr\u00e9szen<\/h3>\n<\/li>\n<li>\n<h3>V\u00edz\u00e1ll\u00f3<\/h3>\n<\/li>\n<li>\n<h3>Csattal \u00e1ll\u00edthat\u00f3 v\u00e1dli sz\u00e9less\u00e9g<\/h3>\n<\/li>\n<li>\n<h3>3 r\u00e9teg\u0171 gumitalp a sarokr\u00e9szn\u00e9l tomp\u00edt\u00f3 p\u00e1rn\u00e1val<\/h3>\n<\/li>\n<li>\n<h3>Kiv\u00e1l\u00f3 al\u00e1t\u00e1maszt\u00e1s a boka k\u00f6r\u00fcl, a t\u00f6k\u00e9letes stabilit\u00e1s\u00e9rt<\/h3>\n<\/li>\n<li>\n<h3>\u00d6ntiszt\u00edt\u00f3 talp<\/h3>\n<\/li>\n<li>\n<h3>H\u0151- \u00e9s kop\u00e1s\u00e1ll\u00f3, hideg, zord id\u0151j\u00e1r\u00e1si viszonyok eset\u00e9n is megtartja \u00e1llag\u00e1t, nem kem\u00e9nyedik meg<\/h3>\n<\/li>\n<li>\n<h3>S\u00falya: kb. 2500 g<\/h3>\n<\/li>\n<li>\n<h3>Sz\u00e1rmagass\u00e1ga:\u00a0\u00e1tlag 38 cm<\/h3>\n<\/li>\n<\/ul>\n<h3>Pr\u00e9mium kateg\u00f3ri\u00e1s gumicsizma.<br \/>\nHossz\u00fa \u00e9lettartam, tripla s\u0171r\u0171s\u00e9g\u0171 gumitalp. L\u00e9gkamr\u00e1s- energiaelnyel\u0151 sarok a l\u00e1b f\u00e1rad\u00e1sa ellen.<br \/>\nJelenleg csak olajz\u00f6ld sz\u00ednben kaphat\u00f3.<\/h3>\n<h3>A csizma garant\u00e1lja a rugalmass\u00e1got a k\u00e9nyelmet.<\/h3>\n<p>&nbsp;<\/p>\n<p>&nbsp;<\/p>\n<p>&nbsp;<\/p>\n","protected":false},"excerpt":{"rendered":"<p>AIGLE Parcours 2 Iso Z\u00f6ld Neopr\u00e9nes Vad\u00e1sz Csizma Vad\u00e1szok k\u00f6r\u00e9ben az egyik legjobban kedvelt meleg neopr\u00e9nes csizma, ami lesen \u00e9s cserkel\u00e9skor is j\u00f3l bizony\u00edt. Az AIGLE PARCOURS 2 ISO gumicsizma speci\u00e1lisan vad\u00e1szok \u00e9s term\u00e9szetj\u00e1r\u00f3k r\u00e9sz\u00e9re lett kifejlesztve. Franciaorsz\u00e1gban k\u00e9sz\u00edtik k\u00e9zzel, magas min\u0151s\u00e9g\u0171 term\u00e9szetes gumib\u00f3l Hideg id\u0151j\u00e1r\u00e1shoz tervezve 4,5 mm vastag Neopr\u00e9n b\u00e9l\u00e9s a csizma eg\u00e9sz\u00e9ben,\u00a0 [&hellip;]<\/p>\n","protected":false},"featured_media":992,"comment_status":"open","ping_status":"closed","template":"","meta":{"_et_pb_use_builder":"","_et_pb_old_content":"","_et_gb_content_width":"","om_disable_all_campaigns":false},"product_brand":[],"product_cat":[21,162,160],"product_tag":[365,362,366,172,364,70,363],"class_list":{"0":"post-440","1":"product","2":"type-product","3":"status-publish","4":"has-post-thumbnail","6":"product_cat-uj","7":"product_cat-csizma","8":"product_cat-labbelik","9":"product_tag-aigle-csatos-csizma","10":"product_tag-aigle-csizma","11":"product_tag-aigle-parcours-2-iso-zold-neoprenes-vadasz-csizma","12":"product_tag-gumicsizma","13":"product_tag-vadasz-felszereles","14":"product_tag-vadaszat","15":"product_tag-vadaszcsizma","17":"first","18":"instock","19":"sale","20":"taxable","21":"shipping-taxable","22":"purchasable","23":"product-type-variable"},"_links":{"self":[{"href":"https:\/\/www.vadaszboltcsorna.hu\/index.php\/wp-json\/wp\/v2\/product\/440","targetHints":{"allow":["GET"]}}],"collection":[{"href":"https:\/\/www.vadaszboltcsorna.hu\/index.php\/wp-json\/wp\/v2\/product"}],"about":[{"href":"https:\/\/www.vadaszboltcsorna.hu\/index.php\/wp-json\/wp\/v2\/types\/product"}],"replies":[{"embeddable":true,"href":"https:\/\/www.vadaszboltcsorna.hu\/index.php\/wp-json\/wp\/v2\/comments?post=440"}],"wp:featuredmedia":[{"embeddable":true,"href":"https:\/\/www.vadaszboltcsorna.hu\/index.php\/wp-json\/wp\/v2\/media\/992"}],"wp:attachment":[{"href":"https:\/\/www.vadaszboltcsorna.hu\/index.php\/wp-json\/wp\/v2\/media?parent=440"}],"wp:term":[{"taxonomy":"product_brand","embeddable":true,"href":"https:\/\/www.vadaszboltcsorna.hu\/index.php\/wp-json\/wp\/v2\/product_brand?post=440"},{"taxonomy":"product_cat","embeddable":true,"href":"https:\/\/www.vadaszboltcsorna.hu\/index.php\/wp-json\/wp\/v2\/product_cat?post=440"},{"taxonomy":"product_tag","embeddable":true,"href":"https:\/\/www.vadaszboltcsorna.hu\/index.php\/wp-json\/wp\/v2\/product_tag?post=440"}],"curies":[{"name":"wp","href":"https:\/\/api.w.org\/{rel}","templated":true}]}}