{"id":4325,"date":"2023-05-24T07:01:58","date_gmt":"2023-05-24T07:01:58","guid":{"rendered":"https:\/\/www.vadaszboltcsorna.hu\/?post_type=product&#038;p=4325"},"modified":"2025-06-02T08:06:06","modified_gmt":"2025-06-02T08:06:06","slug":"browning-t-bolt-sporter","status":"publish","type":"product","link":"https:\/\/www.vadaszboltcsorna.hu\/index.php\/termek\/browning-t-bolt-sporter\/","title":{"rendered":"Browning T-Bolt Sporter"},"content":{"rendered":"<h2><strong>Browning T-Bolt Sporter<\/strong><\/h2>\n<h3>Ez a puska klasszikus, egy bestseller \u00faj kiad\u00e1sa, egy legenda. Eszt\u00e9tikailag hasonl\u00f3 az el\u0151dj\u00e9hez, az els\u0151 T-Bolthoz, de a mechanik\u00e1t teljesen korszer\u0171s\u00edtett\u00e9k. Jellemz\u0151je az egyenes h\u00faz\u00e1s\u00fa z\u00e1r.<\/h3>\n<h3 id=\"productDescription\" class=\"description biggerText\">El\u00e9rhet\u0151 kaliberek.: .<\/h3>\n<h3 class=\"description biggerText\">\u00a0.22 LR<br \/>\n.17 HMR<\/h3>\n<h3><strong>M\u0171szaki adatok:<\/strong><\/h3>\n<h3>Bascule: ac\u00e9l<\/h3>\n<h3>Tus: fa alapanyag, pisztoly markolat, lekerek\u00edtett el\u00fcls\u0151 v\u00e9g<\/h3>\n<h3>Cs\u0151: standard<\/h3>\n<h3>Ir\u00e1nyz\u00e9k: nincs<\/h3>\n<h3>Huzagol\u00e1s: 1\/2 x 20 UNF<\/h3>\n<h3>T\u00e1rkapacit\u00e1s: 10 db<\/h3>\n<h3>A le\u00edr\u00e1sban szerepl\u0151 adatok t\u00e1j\u00e9koztat\u00f3 jelleg\u0171ek, t\u00edpusonk\u00e9nt v\u00e1ltozhat!<br \/>\nKaliberekr\u0151l aktu\u00e1lis \u00e1rakr\u00f3l \u00e9s egy\u00e9b inform\u00e1ci\u00f3kr\u00f3l k\u00e9rj\u00fck \u00e9rdekl\u0151dj\u00f6n!<\/h3>\n<h3>A fegyvert\u00f6rv\u00e9ny \u00e9rtelm\u00e9ben, fegyvert, l\u0151szert kiz\u00e1r\u00f3lag szem\u00e9lyesen,az \u00fczletben \u00e9rv\u00e9nyes fegyvertart\u00e1si enged\u00e9ly birtok\u00e1ban lehet v\u00e1s\u00e1rolni!<br \/>\nA webshopban megrendelt fegyverek \u00e9s l\u0151szerek NEM ker\u00fclnek kisz\u00e1ll\u00edt\u00e1sra! Tov\u00e1bbi inform\u00e1ci\u00f3\u00e9rt l\u00e1togasson el boltunkba!<\/h3>\n<h3>Az \u00e1rak t\u00e1j\u00e9koztat\u00f3 jelleg\u0171ek nem min\u0151s\u00fcl hivatalos aj\u00e1nlat t\u00e9telnek!<br \/>\nAz \u00e1rv\u00e1ltoz\u00e1s jog\u00e1t fenntartjuk!<\/h3>\n<h3 class=\"wrapper bot-border\"><\/h3>\n","protected":false},"excerpt":{"rendered":"<p>Browning T-Bolt Sporter Ez a puska klasszikus, egy bestseller \u00faj kiad\u00e1sa, egy legenda. Eszt\u00e9tikailag hasonl\u00f3 az el\u0151dj\u00e9hez, az els\u0151 T-Bolthoz, de a mechanik\u00e1t teljesen korszer\u0171s\u00edtett\u00e9k. Jellemz\u0151je az egyenes h\u00faz\u00e1s\u00fa z\u00e1r. El\u00e9rhet\u0151 kaliberek.: . \u00a0.22 LR .17 HMR M\u0171szaki adatok: Bascule: ac\u00e9l Tus: fa alapanyag, pisztoly markolat, lekerek\u00edtett el\u00fcls\u0151 v\u00e9g Cs\u0151: standard Ir\u00e1nyz\u00e9k: nincs Huzagol\u00e1s: 1\/2 [&hellip;]<\/p>\n","protected":false},"featured_media":4326,"comment_status":"open","ping_status":"closed","template":"","meta":{"_et_pb_use_builder":"","_et_pb_old_content":"","_et_gb_content_width":"","om_disable_all_campaigns":false},"product_brand":[],"product_cat":[21,16,17,1826],"product_tag":[1110,1111,1109,48,70],"class_list":{"0":"post-4325","1":"product","2":"type-product","3":"status-publish","4":"has-post-thumbnail","6":"product_cat-uj","7":"product_cat-fegyver","8":"product_cat-golyos-fegyver","9":"product_cat-uj-golyos-fegyver","10":"product_tag-17-hmr","11":"product_tag-22lr","12":"product_tag-browning-t-bolt-sporter","13":"product_tag-golyos-fegyver","14":"product_tag-vadaszat","16":"first","17":"instock","18":"taxable","19":"shipping-taxable","20":"purchasable","21":"product-type-simple"},"_links":{"self":[{"href":"https:\/\/www.vadaszboltcsorna.hu\/index.php\/wp-json\/wp\/v2\/product\/4325","targetHints":{"allow":["GET"]}}],"collection":[{"href":"https:\/\/www.vadaszboltcsorna.hu\/index.php\/wp-json\/wp\/v2\/product"}],"about":[{"href":"https:\/\/www.vadaszboltcsorna.hu\/index.php\/wp-json\/wp\/v2\/types\/product"}],"replies":[{"embeddable":true,"href":"https:\/\/www.vadaszboltcsorna.hu\/index.php\/wp-json\/wp\/v2\/comments?post=4325"}],"wp:featuredmedia":[{"embeddable":true,"href":"https:\/\/www.vadaszboltcsorna.hu\/index.php\/wp-json\/wp\/v2\/media\/4326"}],"wp:attachment":[{"href":"https:\/\/www.vadaszboltcsorna.hu\/index.php\/wp-json\/wp\/v2\/media?parent=4325"}],"wp:term":[{"taxonomy":"product_brand","embeddable":true,"href":"https:\/\/www.vadaszboltcsorna.hu\/index.php\/wp-json\/wp\/v2\/product_brand?post=4325"},{"taxonomy":"product_cat","embeddable":true,"href":"https:\/\/www.vadaszboltcsorna.hu\/index.php\/wp-json\/wp\/v2\/product_cat?post=4325"},{"taxonomy":"product_tag","embeddable":true,"href":"https:\/\/www.vadaszboltcsorna.hu\/index.php\/wp-json\/wp\/v2\/product_tag?post=4325"}],"curies":[{"name":"wp","href":"https:\/\/api.w.org\/{rel}","templated":true}]}}