{"id":3881,"date":"2023-02-10T10:03:31","date_gmt":"2023-02-10T10:03:31","guid":{"rendered":"https:\/\/www.vadaszboltcsorna.hu\/?post_type=product&#038;p=3881"},"modified":"2023-11-06T12:01:19","modified_gmt":"2023-11-06T12:01:19","slug":"norica-dragon-legpuska-45mm","status":"publish","type":"product","link":"https:\/\/www.vadaszboltcsorna.hu\/index.php\/termek\/norica-dragon-legpuska-45mm\/","title":{"rendered":"Norica Dragon l\u00e9gpuska 4,5mm"},"content":{"rendered":"<h2><strong>Norica Dragon l\u00e9gpuska 4,5mm<\/strong><\/h2>\n<h4>Gy\u00e1rt\u00f3: Norica<br \/>\nKaliber: 4.5mm l\u00e9gfegyver<\/h4>\n<h4>Term\u00e9k le\u00edr\u00e1s<br \/>\nNorica Dragon l\u00e9gpuska 4,5mm &#8211; Pofad\u00e9kos szintetikus tus, ventill\u00e1lt tusgumi, fibersz\u00e1las ir\u00e1nyz\u00e9k, automata biztos\u00edt\u00e1s, t\u00e1vcs\u0151el\u0151k\u00e9sz\u00edt\u00e9s.<\/h4>\n<h4>Hossz: 1160 mm<br \/>\nCs\u0151hossz: 484 mm<br \/>\nS\u00faly: 2,9 kg<br \/>\nEnergia: max 7,5 J<\/h4>\n<h4>Felh\u00edvn\u00e1nk figyelm\u00e9t, hogy a term\u00e9kn\u00e9l interneten csak v\u00e1s\u00e1rl\u00e1si sz\u00e1nd\u00e9k\u00e1t jelezheti, v\u00e1s\u00e1rl\u00e1sa csak szem\u00e9lyes \u00e1tv\u00e9tellel lehets\u00e9ges!<\/h4>\n<h3>Az aktu\u00e1lis \u00e1rr\u00f3l \u00e9rdekl\u0151dj\u00f6n!<\/h3>\n","protected":false},"excerpt":{"rendered":"<p>Norica Dragon l\u00e9gpuska 4,5mm Gy\u00e1rt\u00f3: Norica Kaliber: 4.5mm l\u00e9gfegyver Term\u00e9k le\u00edr\u00e1s Norica Dragon l\u00e9gpuska 4,5mm &#8211; Pofad\u00e9kos szintetikus tus, ventill\u00e1lt tusgumi, fibersz\u00e1las ir\u00e1nyz\u00e9k, automata biztos\u00edt\u00e1s, t\u00e1vcs\u0151el\u0151k\u00e9sz\u00edt\u00e9s. Hossz: 1160 mm Cs\u0151hossz: 484 mm S\u00faly: 2,9 kg Energia: max 7,5 J Felh\u00edvn\u00e1nk figyelm\u00e9t, hogy a term\u00e9kn\u00e9l interneten csak v\u00e1s\u00e1rl\u00e1si sz\u00e1nd\u00e9k\u00e1t jelezheti, v\u00e1s\u00e1rl\u00e1sa csak szem\u00e9lyes \u00e1tv\u00e9tellel lehets\u00e9ges! Az [&hellip;]<\/p>\n","protected":false},"featured_media":3882,"comment_status":"open","ping_status":"closed","template":"","meta":{"_et_pb_use_builder":"","_et_pb_old_content":"","_et_gb_content_width":"","om_disable_all_campaigns":false},"product_brand":[],"product_cat":[21,566,827],"product_tag":[968,967],"class_list":{"0":"post-3881","1":"product","2":"type-product","3":"status-publish","4":"has-post-thumbnail","6":"product_cat-uj","7":"product_cat-engedelymentes-fegyverek","8":"product_cat-legpuska","9":"product_tag-legpuska","10":"product_tag-norica-dragon-legpuska-4","12":"first","13":"instock","14":"taxable","15":"shipping-taxable","16":"product-type-simple"},"_links":{"self":[{"href":"https:\/\/www.vadaszboltcsorna.hu\/index.php\/wp-json\/wp\/v2\/product\/3881","targetHints":{"allow":["GET"]}}],"collection":[{"href":"https:\/\/www.vadaszboltcsorna.hu\/index.php\/wp-json\/wp\/v2\/product"}],"about":[{"href":"https:\/\/www.vadaszboltcsorna.hu\/index.php\/wp-json\/wp\/v2\/types\/product"}],"replies":[{"embeddable":true,"href":"https:\/\/www.vadaszboltcsorna.hu\/index.php\/wp-json\/wp\/v2\/comments?post=3881"}],"wp:featuredmedia":[{"embeddable":true,"href":"https:\/\/www.vadaszboltcsorna.hu\/index.php\/wp-json\/wp\/v2\/media\/3882"}],"wp:attachment":[{"href":"https:\/\/www.vadaszboltcsorna.hu\/index.php\/wp-json\/wp\/v2\/media?parent=3881"}],"wp:term":[{"taxonomy":"product_brand","embeddable":true,"href":"https:\/\/www.vadaszboltcsorna.hu\/index.php\/wp-json\/wp\/v2\/product_brand?post=3881"},{"taxonomy":"product_cat","embeddable":true,"href":"https:\/\/www.vadaszboltcsorna.hu\/index.php\/wp-json\/wp\/v2\/product_cat?post=3881"},{"taxonomy":"product_tag","embeddable":true,"href":"https:\/\/www.vadaszboltcsorna.hu\/index.php\/wp-json\/wp\/v2\/product_tag?post=3881"}],"curies":[{"name":"wp","href":"https:\/\/api.w.org\/{rel}","templated":true}]}}