{"id":3834,"date":"2023-01-30T12:51:46","date_gmt":"2023-01-30T12:51:46","guid":{"rendered":"https:\/\/www.vadaszboltcsorna.hu\/?post_type=product&#038;p=3834"},"modified":"2024-11-18T07:38:33","modified_gmt":"2024-11-18T07:38:33","slug":"grisport-10309-d69g-vizallo-turacipo","status":"publish","type":"product","link":"https:\/\/www.vadaszboltcsorna.hu\/index.php\/termek\/grisport-10309-d69g-vizallo-turacipo\/","title":{"rendered":"Grisport 10309 D69G v\u00edz\u00e1ll\u00f3 t\u00faracip\u0151"},"content":{"rendered":"<h2><strong>Grisport (10309 D69G) v\u00edz\u00e1ll\u00f3 t\u00faracip\u0151<\/strong><\/h2>\n<h3><strong>A TERM\u00c9K JELENLEG NEM EL\u00c9RHET\u0150!<\/strong><\/h3>\n<h3>M\u00e9retek: 40-es m\u00e9rett\u0151l 47-ig.<\/h3>\n<h4>K\u00e9nyelmes f\u00e9rfi v\u00edz\u00e1ll\u00f3 outdoor f\u00e9lcip\u0151<\/h4>\n<h4>A v\u00edz\u00e1ll\u00f3 hat\u00e1st a fels\u0151 b\u0151r \u00e9s a bels\u0151 b\u00e9l\u00e9s k\u00f6z\u00e9 bedolgozott GRI-TEX\u00ae -membr\u00e1n biztos\u00edtja.<\/h4>\n<h4>\u00c1tmeneti tavaszi-\u0151szi viseletre.<\/h4>\n<h4>\u00d6nz\u00e1r\u00f3 ac\u00e9lkamp\u00f3k a k\u00f6nny\u0171 f\u0171z\u00e9s\u00e9rt. Kivehet\u0151, cser\u00e9lhet\u0151 k\u00e9nyelmi l\u00e1b\u00e1ggyal.<br \/>\nSUPPORT SYSTEM\u00ae A Support System\u00ae hat\u00e9konyan blokkolja a sarkat, amit az\u00e9rt fejlesztettek ki, hogy maxim\u00e1lisan kontroll\u00e1lja a l\u00e1bat, t\u00f6k\u00e9letes tapad\u00e1st biztos\u00edtva a mozg\u00e1s minden f\u00e1zis\u00e1ban. A cip\u0151 \u00edgy mindig k\u00e9nyelmes \u00e9s biztons\u00e1gos.<\/h4>\n<h4>VIBRAM\u00ae A Vibram talp a talpak Mercedese. Mindegyik Vibram\u00ae talp, 50 k\u00fcl\u00f6nb\u00f6z\u0151 anyagb\u00f3l k\u00e9sz\u00fclt, hogy maxim\u00e1lis k\u00e9nyelmet \u00e9s tart\u00f3ss\u00e1got ny\u00fajtson a legig\u00e9nyesebb felhaszn\u00e1l\u00f3nak is. Szigor\u00fa vizsg\u00e1latok \u00e9s ellen\u0151rz\u00e9sek 60 \u00e9v tapasztalat\u00e1val p\u00e1ros\u00edtva teszik a Vibram\u00ae talpakat a legjobbakk\u00e1, amit csak viselni lehet.<\/h4>\n<h4>Az \u00e1rv\u00e1ltoz\u00e1s jog\u00e1t fenntartjuk, az aktu\u00e1lis \u00e1rakr\u00f3l k\u00e9rj\u00fck \u00e9rdekl\u0151dj\u00f6n!<\/h4>\n","protected":false},"excerpt":{"rendered":"<p>Grisport (10309 D69G) v\u00edz\u00e1ll\u00f3 t\u00faracip\u0151 A TERM\u00c9K JELENLEG NEM EL\u00c9RHET\u0150! M\u00e9retek: 40-es m\u00e9rett\u0151l 47-ig. K\u00e9nyelmes f\u00e9rfi v\u00edz\u00e1ll\u00f3 outdoor f\u00e9lcip\u0151 A v\u00edz\u00e1ll\u00f3 hat\u00e1st a fels\u0151 b\u0151r \u00e9s a bels\u0151 b\u00e9l\u00e9s k\u00f6z\u00e9 bedolgozott GRI-TEX\u00ae -membr\u00e1n biztos\u00edtja. \u00c1tmeneti tavaszi-\u0151szi viseletre. \u00d6nz\u00e1r\u00f3 ac\u00e9lkamp\u00f3k a k\u00f6nny\u0171 f\u0171z\u00e9s\u00e9rt. Kivehet\u0151, cser\u00e9lhet\u0151 k\u00e9nyelmi l\u00e1b\u00e1ggyal. SUPPORT SYSTEM\u00ae A Support System\u00ae hat\u00e9konyan blokkolja a sarkat, [&hellip;]<\/p>\n","protected":false},"featured_media":3835,"comment_status":"open","ping_status":"closed","template":"","meta":{"_et_pb_use_builder":"","_et_pb_old_content":"","_et_gb_content_width":"","om_disable_all_campaigns":false},"product_brand":[],"product_cat":[21,647,160],"product_tag":[536,952,540,537,85],"class_list":{"0":"post-3834","1":"product","2":"type-product","3":"status-publish","4":"has-post-thumbnail","6":"product_cat-uj","7":"product_cat-felcipok","8":"product_cat-labbelik","9":"product_tag-bakancs","10":"product_tag-grisport-10309-d69g-vizallo-turacipo","11":"product_tag-szabadido","12":"product_tag-turazas","13":"product_tag-vadaszfelszereles","15":"first","16":"outofstock","17":"taxable","18":"shipping-taxable","19":"purchasable","20":"product-type-variable"},"_links":{"self":[{"href":"https:\/\/www.vadaszboltcsorna.hu\/index.php\/wp-json\/wp\/v2\/product\/3834","targetHints":{"allow":["GET"]}}],"collection":[{"href":"https:\/\/www.vadaszboltcsorna.hu\/index.php\/wp-json\/wp\/v2\/product"}],"about":[{"href":"https:\/\/www.vadaszboltcsorna.hu\/index.php\/wp-json\/wp\/v2\/types\/product"}],"replies":[{"embeddable":true,"href":"https:\/\/www.vadaszboltcsorna.hu\/index.php\/wp-json\/wp\/v2\/comments?post=3834"}],"wp:featuredmedia":[{"embeddable":true,"href":"https:\/\/www.vadaszboltcsorna.hu\/index.php\/wp-json\/wp\/v2\/media\/3835"}],"wp:attachment":[{"href":"https:\/\/www.vadaszboltcsorna.hu\/index.php\/wp-json\/wp\/v2\/media?parent=3834"}],"wp:term":[{"taxonomy":"product_brand","embeddable":true,"href":"https:\/\/www.vadaszboltcsorna.hu\/index.php\/wp-json\/wp\/v2\/product_brand?post=3834"},{"taxonomy":"product_cat","embeddable":true,"href":"https:\/\/www.vadaszboltcsorna.hu\/index.php\/wp-json\/wp\/v2\/product_cat?post=3834"},{"taxonomy":"product_tag","embeddable":true,"href":"https:\/\/www.vadaszboltcsorna.hu\/index.php\/wp-json\/wp\/v2\/product_tag?post=3834"}],"curies":[{"name":"wp","href":"https:\/\/api.w.org\/{rel}","templated":true}]}}