{"id":3594,"date":"2022-08-24T11:58:57","date_gmt":"2022-08-24T11:58:57","guid":{"rendered":"https:\/\/www.vadaszboltcsorna.hu\/?post_type=product&#038;p=3594"},"modified":"2024-12-10T08:09:15","modified_gmt":"2024-12-10T08:09:15","slug":"lady-kotott-fejpant6487","status":"publish","type":"product","link":"https:\/\/www.vadaszboltcsorna.hu\/index.php\/termek\/lady-kotott-fejpant6487\/","title":{"rendered":"Lady k\u00f6t\u00f6tt fejp\u00e1nt(6487)"},"content":{"rendered":"<h2 id=\"tw-target-text\" class=\"tw-data-text tw-text-large tw-ta\" dir=\"ltr\" data-placeholder=\"Ford\u00edt\u00e1s\"><strong><span class=\"Y2IQFc\" lang=\"hu\">Lady k\u00f6t\u00f6tt fejp\u00e1nt(6487)<\/span><\/strong><\/h2>\n<h3>M\u00e1rka: Deerhunter<\/h3>\n<p>&nbsp;<\/p>\n<h3 class=\"tw-data-text tw-text-large tw-ta\" dir=\"ltr\" data-placeholder=\"Ford\u00edt\u00e1s\"><span class=\"Y2IQFc\" lang=\"hu\">A n\u0151i fejp\u00e1nt melegen tartja a f\u00fcleket an\u00e9lk\u00fcl, hogy zavarn\u00e1, an\u00e9lk\u00fcl, hogy t\u00f6nkretenn\u00e9 a frizur\u00e1t.<br \/>\n<\/span><\/h3>\n<h3 id=\"tw-target-text\" class=\"tw-data-text tw-text-large tw-ta\" dir=\"ltr\" data-placeholder=\"Ford\u00edt\u00e1s\"><span class=\"Y2IQFc\" lang=\"hu\">A fejp\u00e1nt nem foglal sok helyet, \u00e9s k\u00f6nnyen hordozhat\u00f3 a zseb\u00e9ben.<br \/>\nEz praktikus, \u00e9s sz\u00fcks\u00e9g eset\u00e9n hordhatja, vagy \u00fajra leveheti, ha t\u00fal melegnek \u00e9rzi.<\/span><\/h3>\n<h3>M\u00e9ret n\u00e9lk\u00fcli.<\/h3>\n<h3>Rugalmas anyag.<\/h3>\n","protected":false},"excerpt":{"rendered":"<p>Lady k\u00f6t\u00f6tt fejp\u00e1nt(6487) M\u00e1rka: Deerhunter &nbsp; A n\u0151i fejp\u00e1nt melegen tartja a f\u00fcleket an\u00e9lk\u00fcl, hogy zavarn\u00e1, an\u00e9lk\u00fcl, hogy t\u00f6nkretenn\u00e9 a frizur\u00e1t. A fejp\u00e1nt nem foglal sok helyet, \u00e9s k\u00f6nnyen hordozhat\u00f3 a zseb\u00e9ben. Ez praktikus, \u00e9s sz\u00fcks\u00e9g eset\u00e9n hordhatja, vagy \u00fajra leveheti, ha t\u00fal melegnek \u00e9rzi. M\u00e9ret n\u00e9lk\u00fcli. Rugalmas anyag.<\/p>\n","protected":false},"featured_media":3597,"comment_status":"open","ping_status":"closed","template":"","meta":{"_et_pb_use_builder":"","_et_pb_old_content":"","_et_gb_content_width":"","om_disable_all_campaigns":false},"product_brand":[],"product_cat":[21,771,159],"product_tag":[497,915,540,581],"class_list":{"0":"post-3594","1":"product","2":"type-product","3":"status-publish","4":"has-post-thumbnail","6":"product_cat-uj","7":"product_cat-sapka-sal-kesztyu-zokni","8":"product_cat-vadasz-ruhazat","9":"product_tag-hunting","10":"product_tag-lady-kotott-fejpant6487","11":"product_tag-szabadido","12":"product_tag-vadasz-ruhazat","14":"first","15":"outofstock","16":"taxable","17":"shipping-taxable","18":"purchasable","19":"product-type-simple"},"_links":{"self":[{"href":"https:\/\/www.vadaszboltcsorna.hu\/index.php\/wp-json\/wp\/v2\/product\/3594","targetHints":{"allow":["GET"]}}],"collection":[{"href":"https:\/\/www.vadaszboltcsorna.hu\/index.php\/wp-json\/wp\/v2\/product"}],"about":[{"href":"https:\/\/www.vadaszboltcsorna.hu\/index.php\/wp-json\/wp\/v2\/types\/product"}],"replies":[{"embeddable":true,"href":"https:\/\/www.vadaszboltcsorna.hu\/index.php\/wp-json\/wp\/v2\/comments?post=3594"}],"wp:featuredmedia":[{"embeddable":true,"href":"https:\/\/www.vadaszboltcsorna.hu\/index.php\/wp-json\/wp\/v2\/media\/3597"}],"wp:attachment":[{"href":"https:\/\/www.vadaszboltcsorna.hu\/index.php\/wp-json\/wp\/v2\/media?parent=3594"}],"wp:term":[{"taxonomy":"product_brand","embeddable":true,"href":"https:\/\/www.vadaszboltcsorna.hu\/index.php\/wp-json\/wp\/v2\/product_brand?post=3594"},{"taxonomy":"product_cat","embeddable":true,"href":"https:\/\/www.vadaszboltcsorna.hu\/index.php\/wp-json\/wp\/v2\/product_cat?post=3594"},{"taxonomy":"product_tag","embeddable":true,"href":"https:\/\/www.vadaszboltcsorna.hu\/index.php\/wp-json\/wp\/v2\/product_tag?post=3594"}],"curies":[{"name":"wp","href":"https:\/\/api.w.org\/{rel}","templated":true}]}}