{"id":3357,"date":"2022-08-16T09:43:19","date_gmt":"2022-08-16T09:43:19","guid":{"rendered":"https:\/\/www.vadaszboltcsorna.hu\/?post_type=product&#038;p=3357"},"modified":"2025-04-03T20:38:51","modified_gmt":"2025-04-03T20:38:51","slug":"nitecore-vadaszlampa-szett-p30i","status":"publish","type":"product","link":"https:\/\/www.vadaszboltcsorna.hu\/index.php\/termek\/nitecore-vadaszlampa-szett-p30i\/","title":{"rendered":"Nitecore Vad\u00e1szl\u00e1mpa Szett P30i"},"content":{"rendered":"<h2 class=\"product_title entry-title elementor-heading-title elementor-size-default\"><strong>Nitecore Vad\u00e1szl\u00e1mpa Szett P30i<\/strong><\/h2>\n<h3 class=\"product_title entry-title elementor-heading-title elementor-size-default\">(1&#215;21700 tartoz\u00e9k) CREE XHP35 HI (2000 lumen)<\/h3>\n<div id=\"tab-description\" class=\"woocommerce-Tabs-panel woocommerce-Tabs-panel--description panel entry-content wc-tab\" role=\"tabpanel\" aria-labelledby=\"tab-title-description\">\n<div class=\"title accordion-title\" data-role=\"accordion-title\">\n<h4>Le\u00edr\u00e1s<\/h4>\n<\/div>\n<div class=\"details accordion-content\" data-role=\"accordion-content\">\n<div class=\"inner\">\n<p>Meg\u00e9rkezett az \u00faj Nitecore P30i vad\u00e1szl\u00e1mpa, mely teljes \u00fajragondol\u00e1sa a puskal\u00e1mp\u00e1knak. A l\u00e1mpa eszm\u00e9letlen\u00a0<strong>2000 lumenes f\u00e9ny\u00e1ram<\/strong>mal oper\u00e1l, melyet egy darab\u00a0<strong>CREE XHP35 HI LED<\/strong>\u00a0biztos\u00edt, amelynek\u00a0<strong>\u00e9lettartam\u00e1t nagyj\u00e1b\u00f3l 50.000 \u00f3r\u00e1ra becs\u00fclik<\/strong>. Ez dupl\u00e1z\u00e1s lumensz\u00e1mban a r\u00e9gi P30 \u00e9s NEW P30 l\u00e1mp\u00e1khoz k\u00e9pest. A keres\u0151l\u00e1mpa foncsor\u00e1nak k\u00f6sz\u00f6nhet\u0151en\u00a0<strong>250.000 kandell\u00e1s k\u00f6z\u00e9pf\u00e9ny intenzit\u00e1s<\/strong>i \u00e9rt\u00e9kkel rendelkezik, amely maxim\u00e1lisan\u00a0<strong>1000 m\u00e9teres hat\u00f3t\u00e1v<\/strong>\u00a0megvil\u00e1g\u00edt\u00e1s\u00e1t engedi meg. Igen komoly adatok ezek ahhoz k\u00e9pest, hogy egy \u201czsebl\u00e1mp\u00e1r\u00f3l\u201d \u00e9s nem egy k\u00e9zi reflektorr\u00f3l van sz\u00f3!<\/p>\n<p>Ezen teljes\u00edtm\u00e9ny ut\u00e1np\u00f3tl\u00e1s\u00e1t a gy\u00e1rt\u00f3 egy darab\u00a0<strong>21700 m\u00e9ret\u0171 \u00fajrat\u00f6lthet\u0151 Li-ion akkumul\u00e1tor<\/strong>ral oldotta meg, amely a csomag tartalm\u00e1t k\u00e9pezi. Jobban boncolgatva a t\u00e9m\u00e1t, konkr\u00e9tan egy Nitecore\u00a0<strong>NL2150HPi<\/strong>\u00a0nevezet\u0171 akkumul\u00e1torr\u00f3l van sz\u00f3, amelynek\u00a0<strong>5000mAh-s kapacit\u00e1sa van\u00a0\u00e9s 15A<\/strong>\u00a0k\u00e9pes leadni. Ha \u00e9pp ez az akksi nincs k\u00e9zn\u00e9l, m\u0171k\u00f6dtethetj\u00fck 2 darab CR123 akkumul\u00e1torral is a l\u00e1mp\u00e1t. A tartoz\u00e9k akkumul\u00e1torral a l\u00e1mpa igen komoly sz\u00e1mokat k\u00e9pes produk\u00e1lni. Vegy\u00fck sorra a fokozatokat \u00e9s a hozz\u00e1juk tartoz\u00f3 \u00fczemid\u0151ket gy\u00e1ri adatok szerint. \u00d6sszesen\u00a0<strong>\u00f6t el\u0151re beprogramozott f\u00e9nyer\u0151 fokozat<\/strong>tal tal\u00e1lkozunk a l\u00e1mp\u00e1ba, ezek a Turbo 2000 lumen (30 perc), High 1000 lumen (1 \u00f3ra 30 perc), Mid 385 lumen ( 4 \u00f3ra), Low 85 lumen (18 \u00f3ra), Ultralow 6 lumen (100 \u00f3ra). Ezen \u00f6t fokozat mellett\u00a0<strong>kett\u0151 speci\u00e1lis funkci\u00f3<\/strong>val is rendelkezik a l\u00e1mpa, ezek a\u00a0<strong>helyzetjelz\u0151 \u00e9s S.O.S.<\/strong>\u00a0funkci\u00f3k, amelyek 2000 lumenes f\u00e9ny\u00e1rammal teszik a dolgukat.<\/p>\n<p>Komoly fejleszt\u00e9snek sz\u00e1m\u00edt a l\u00e1mpa h\u00e1tulj\u00e1n tal\u00e1lhat\u00f3\u00a0<strong>USB-C t\u00f6lt\u0151port<\/strong>, amely mostm\u00e1r nem csak a l\u00e1mpa t\u00f6lt\u00e9s\u00e9re szolg\u00e1l, hanem a csomag tartalm\u00e1t k\u00e9pez\u0151\u00a0<strong>RSW2i leng\u0151kapcsol\u00f3<\/strong>\u00a0seg\u00edts\u00e9g\u00e9vel funkcion\u00e1l mint csatlakoz\u00e1si pont a leng\u0151kapcsol\u00f3hoz. Am\u00fagy, ha a t\u00f6lt\u00e9si pontk\u00e9nt haszn\u00e1ljuk az USB-C portot, akkor a mell\u00e9kelt akkumul\u00e1tort nagyj\u00e1b\u00f3l\u00a0<strong>4 \u00f3ra alatt k\u00e9pes felt\u00f6lteni<\/strong>.<\/p>\n<p>A l\u00e1mpa<strong>\u00a0k\u00e9t kapcsol\u00f3gombos kialak\u00edt\u00e1s<\/strong>t kapott. Megtal\u00e1lhat\u00f3 rajta egy\u00a0<strong>taktikai talpkapcsol\u00f3<\/strong>, amely a l\u00e1mpa be \u00e9s kikapcsol\u00e1s\u00e1ra szolg\u00e1l. Emellett a l\u00e1mpa \u201cnyak\u00e1n\u201d helyezkedik el egy\u00a0<strong>testhez simul\u00f3 m\u00f3dgomb<\/strong>, amelynek seg\u00edts\u00e9g\u00e9vel v\u00e9gig tudunk kattintgatni az \u00f6sszes f\u00e9nyer\u0151 fokozaton. Ezen gomb seg\u00edts\u00e9g\u00e9vel \u00e9rhetj\u00fck el azonnal a Turbo fokozatot \u00e9s a speci\u00e1lis funkci\u00f3kat is, ha esetleg sz\u00fcks\u00e9g\u00fcnk lenne r\u00e1. Hasznos lehet a l\u00e1mp\u00e1ba integr\u00e1lt\u00a0<strong>m\u00f3dmem\u00f3ria<\/strong>\u00a0is, amely biztos\u00edtja, hogy mindig az utolj\u00e1ra haszn\u00e1lt fokozaton induljon \u00fajra a l\u00e1mpa. Az oldalkapcsol\u00f3 ezen funkci\u00f3k mellett\u00a0<strong>t\u00f6lt\u00f6tts\u00e9gkijelz\u00e9s<\/strong>t is ell\u00e1t, a k\u00f6zep\u00e9n tal\u00e1lhat\u00f3 apr\u00f3 k\u00e9k led seg\u00edts\u00e9g\u00e9vel.<\/p>\n<p>A l\u00e1mp\u00e1ba term\u00e9szetesen beleker\u00fclt az\u00a0<strong>ATR (Advanced Temperature Regulation) technol\u00f3gia<\/strong>\u00a0is, a gy\u00e1rt\u00f3 saj\u00e1t szabadalmazott\u00a0<strong>h\u0151v\u00e9delmi technol\u00f3gi\u00e1ja<\/strong>\u00a0is. Ennek seg\u00edts\u00e9g\u00e9vel k\u00e9pes biztos\u00edtani a k\u00e9sz\u00fcl\u00e9k az ide\u00e1lis h\u0151fokot. Ezt mind \u00fagy teszi, hogy figyelembe veszi el\u0151sz\u00f6r is az aktu\u00e1lis fut\u00e1si fokozatot, valamint a jelenlegi bels\u0151 h\u0151t, m\u00e1sodszor a k\u00fcls\u0151 h\u0151m\u00e9rs\u00e9kletet \u00e9s ennek a kett\u0151nek a f\u00fcggv\u00e9ny\u00e9ben szab\u00e1lyozza a leadni k\u00edv\u00e1nt h\u0151 mennyis\u00e9g\u00e9t.<\/p>\n<p>A l\u00e1mpatest kialak\u00edt\u00e1s\u00e1t tekintve\u00a0<strong>CNC megmunk\u00e1l\u00e1s\u00fa edzett alum\u00ednium \u00f6tv\u00f6zet<\/strong>b\u0151l k\u00e9sz\u00fclt, amelyet m\u00e1s ipar\u00e1gak, mint p\u00e9ld\u00e1ul a rep\u00fcl\u0151g\u00e9pgy\u00e1rt\u00e1s is hasznos\u00edtanak. Ezen test biztos\u00edtja a l\u00e1mpa t\u00f6r\u00e9sbiztoss\u00e1g\u00e1t, amelyet a gy\u00e1rt\u00f3 1 m\u00e9teres magass\u00e1gban hat\u00e1rozott meg. Ez konkr\u00e9tan azt jelenti, hogy teljesen szil\u00e1rd fel\u00fcletre leejtve ebb\u0151l a magass\u00e1gb\u00f3l m\u00e9g nem lesz semmilyen komolyabb baja a k\u00e9sz\u00fcl\u00e9knek. A test v\u00e9gs\u0151 megmunk\u00e1l\u00e1sk\u00e9nt\u00a0<strong>HAIII katonai szint\u0171 elox\u00e1l\u00e1s<\/strong>t kapott, illetve a t\u00f6k\u00e9letes illeszt\u00e9seknek k\u00f6sz\u00f6nhet\u0151en ki\u00e9rdemelte az\u00a0<strong>IP68 v\u00edz\u00e1ll\u00f3s\u00e1gi besorol\u00e1s<\/strong>t is, vagyis 2 m\u00e9teres m\u00e9lys\u00e9gig r\u00f6vid id\u0151re mer\u00edthet\u0151.<\/p>\n<p><strong>Tulajdons\u00e1gok:<\/strong><\/p>\n<ul>\n<li>CREE XHP35 HI Leddel szerelve 2000 lumenes maxim\u00e1lis f\u00e9ny\u00e1rammal<\/li>\n<li>Optikai rendszere kombin\u00e1lja a krist\u00e1ly\u00fcveg bor\u00edt\u00e1st a prec\u00edzi\u00f3s digit\u00e1lis optikai lencs\u00e9vel<\/li>\n<li>250.000 kandell\u00e1s k\u00f6z\u00e9pf\u00e9ny intenzit\u00e1s amely 1000 m\u00e9teres hat\u00e1vig elegend\u0151<\/li>\n<li>Gy\u00e1ri tartoz\u00e9kk\u00e9nt mell\u00e9kelt 5000mAh-s akkumul\u00e1tor, amellyel ak\u00e1r 100 \u00f3r\u00e1s \u00fczemid\u0151<\/li>\n<li>5 el\u0151re beprogramozott f\u00e9nyer\u0151 fokozat \u00e9s 2 speci\u00e1lis funkci\u00f3<\/li>\n<li>Val\u00f3s idej\u0171 t\u00f6lt\u00f6tts\u00e9gkijelz\u00e9s a l\u00e1mpa oldalkapcsol\u00f3j\u00e1ba integr\u00e1lva<\/li>\n<li>L\u00f6v\u00e9sz sportokhoz tervezett visszarug\u00e1s elleni v\u00e9delemmel, folyamatos f\u00e9nyt biztos\u00edtva<\/li>\n<li>Nagy teljes\u00edtm\u00e9ny\u0171 konstans \u00e1ramk\u00f6r biztos\u00edtja a folyamatos vibr\u00e1l\u00e1smentes f\u00e9nyt<\/li>\n<li>Integr\u00e1lt t\u00f6bbfunkci\u00f3s USB-C t\u00f6lt\u0151port<\/li>\n<li>Edzett alum\u00ednium \u00f6tv\u00f6zet l\u00e1mpatest<\/li>\n<li>HAIII katonai szint\u0171 elox\u00e1l\u00e1s<\/li>\n<li>IP68 v\u00edz\u00e1ll\u00f3s\u00e1gi besorol\u00e1s<\/li>\n<li>1 m\u00e9terig \u00fct\u00e9s\u00e1ll\u00f3<\/li>\n<\/ul>\n<p><strong>A\u00a0szett tartalma:<\/strong><\/p>\n<ul>\n<li>P30i l\u00e1mpatest<\/li>\n<li>NL2150HPi akkumul\u00e1tor<\/li>\n<li>RSW2i leng\u0151kapcsol\u00f3<\/li>\n<li>USB-C t\u00f6lt\u0151k\u00e1bel<\/li>\n<li>CR123 elem \u00e1talak\u00edt\u00f3<\/li>\n<li>Cs\u00edptet\u0151<\/li>\n<li>Hordtok<\/li>\n<li>T\u00f6m\u00edt\u0151gy\u0171r\u0171<\/li>\n<li>M\u00e1gneses szerl\u00e9k<\/li>\n<li>Z\u00f6ld sz\u00ednsz\u0171r\u0151<\/li>\n<li>Piros sz\u00ednsz\u0171r\u0151<\/li>\n<\/ul>\n<div id=\"parameters\" class=\"title accordion-title\" data-role=\"accordion-title\">\n<h4>Param\u00e9terek<\/h4>\n<\/div>\n<div class=\"details accordion-content\" data-role=\"accordion-content\">\n<div class=\"inner table-outer\">\n<div class=\"parameter-table\">\n<div class=\"row\">\n<div class=\"cell label-cell\">Extrak<\/div>\n<div class=\"cell value-cell\">Helyzetjelz\u0151 F\u00e9ny, Be\u00e9p\u00edtett USB T\u00f6lt\u00e9s (type-C), SOS Funkci\u00f3<\/div>\n<\/div>\n<div class=\"row\">\n<div class=\"cell label-cell\">F\u00e9ny\u00e1ram<\/div>\n<div class=\"cell value-cell\">2.000 lm<\/div>\n<\/div>\n<div class=\"row\">\n<div class=\"cell label-cell\">K\u00f6z\u00e9pf\u00e9ny intenzit\u00e1s<\/div>\n<div class=\"cell value-cell\">250.000 cd<\/div>\n<\/div>\n<div class=\"row\">\n<div class=\"cell label-cell\">Hat\u00f3t\u00e1v<\/div>\n<div class=\"cell value-cell\">1.000 m<\/div>\n<\/div>\n<div class=\"row\">\n<div class=\"cell label-cell\">\u00c1ramforr\u00e1s a csomagol\u00e1sban<\/div>\n<div class=\"cell value-cell\">Igen<\/div>\n<\/div>\n<div class=\"row\">\n<div class=\"cell label-cell\">\u00c1ramforr\u00e1s M\u00e9ret<\/div>\n<div class=\"cell value-cell\">21700<\/div>\n<\/div>\n<div class=\"row\">\n<div class=\"cell label-cell\">F\u00e9nyforr\u00e1s t\u00edpusa<\/div>\n<div class=\"cell value-cell\">CREE XHP35 HI<\/div>\n<\/div>\n<div class=\"row\">\n<div class=\"cell label-cell\">V\u00edz\u00e1ll\u00f3s\u00e1g<\/div>\n<div class=\"cell value-cell\">IP68<\/div>\n<\/div>\n<div class=\"row\">\n<div class=\"cell label-cell\">\u00dct\u00e9s\u00e1ll\u00f3s\u00e1g<\/div>\n<div class=\"cell value-cell\">1 m<\/div>\n<\/div>\n<div class=\"row\">\n<div class=\"cell label-cell\">Hossz\u00fas\u00e1g<\/div>\n<div class=\"cell value-cell\">177,5 mm<\/div>\n<\/div>\n<div class=\"row\">\n<div class=\"cell label-cell\">K\u00e9szenl\u00e9t<\/div>\n<div class=\"cell value-cell\">6.000 \u00f3ra<\/div>\n<\/div>\n<div class=\"row\">\n<div class=\"cell label-cell\">Term\u00e9k s\u00falya<\/div>\n<div class=\"cell value-cell\">255,5 g<\/div>\n<\/div>\n<div class=\"row\">\n<div class=\"cell label-cell\">Garancia<\/div>\n<div class=\"cell value-cell\">5 \u00e9v<\/div>\n<div><strong>Az \u00e1rak t\u00e1j\u00e9koztat\u00f3 jelleg\u0171ek, az \u00e1rv\u00e1ltoz\u00e1s jog\u00e1t fenntartjuk!<\/strong><\/div>\n<\/div>\n<\/div>\n<\/div>\n<\/div>\n<\/div>\n<\/div>\n<\/div>\n","protected":false},"excerpt":{"rendered":"<p>Nitecore Vad\u00e1szl\u00e1mpa Szett P30i (1&#215;21700 tartoz\u00e9k) CREE XHP35 HI (2000 lumen) Le\u00edr\u00e1s Meg\u00e9rkezett az \u00faj Nitecore P30i vad\u00e1szl\u00e1mpa, mely teljes \u00fajragondol\u00e1sa a puskal\u00e1mp\u00e1knak. A l\u00e1mpa eszm\u00e9letlen\u00a02000 lumenes f\u00e9ny\u00e1rammal oper\u00e1l, melyet egy darab\u00a0CREE XHP35 HI LED\u00a0biztos\u00edt, amelynek\u00a0\u00e9lettartam\u00e1t nagyj\u00e1b\u00f3l 50.000 \u00f3r\u00e1ra becs\u00fclik. Ez dupl\u00e1z\u00e1s lumensz\u00e1mban a r\u00e9gi P30 \u00e9s NEW P30 l\u00e1mp\u00e1khoz k\u00e9pest. A keres\u0151l\u00e1mpa foncsor\u00e1nak k\u00f6sz\u00f6nhet\u0151en\u00a0250.000 [&hellip;]<\/p>\n","protected":false},"featured_media":3364,"comment_status":"open","ping_status":"closed","template":"","meta":{"_et_pb_use_builder":"","_et_pb_old_content":"","_et_gb_content_width":"","om_disable_all_campaigns":false},"product_brand":[],"product_cat":[21,850,472],"product_tag":[852,854,70],"class_list":{"0":"post-3357","1":"product","2":"type-product","3":"status-publish","4":"has-post-thumbnail","6":"product_cat-uj","7":"product_cat-fegyverlampa","8":"product_cat-lampa","9":"product_tag-fegyverlampa","10":"product_tag-nitecore-vadaszlampa-szett-p30i","11":"product_tag-vadaszat","13":"first","14":"instock","15":"taxable","16":"shipping-taxable","17":"purchasable","18":"product-type-simple"},"_links":{"self":[{"href":"https:\/\/www.vadaszboltcsorna.hu\/index.php\/wp-json\/wp\/v2\/product\/3357","targetHints":{"allow":["GET"]}}],"collection":[{"href":"https:\/\/www.vadaszboltcsorna.hu\/index.php\/wp-json\/wp\/v2\/product"}],"about":[{"href":"https:\/\/www.vadaszboltcsorna.hu\/index.php\/wp-json\/wp\/v2\/types\/product"}],"replies":[{"embeddable":true,"href":"https:\/\/www.vadaszboltcsorna.hu\/index.php\/wp-json\/wp\/v2\/comments?post=3357"}],"wp:featuredmedia":[{"embeddable":true,"href":"https:\/\/www.vadaszboltcsorna.hu\/index.php\/wp-json\/wp\/v2\/media\/3364"}],"wp:attachment":[{"href":"https:\/\/www.vadaszboltcsorna.hu\/index.php\/wp-json\/wp\/v2\/media?parent=3357"}],"wp:term":[{"taxonomy":"product_brand","embeddable":true,"href":"https:\/\/www.vadaszboltcsorna.hu\/index.php\/wp-json\/wp\/v2\/product_brand?post=3357"},{"taxonomy":"product_cat","embeddable":true,"href":"https:\/\/www.vadaszboltcsorna.hu\/index.php\/wp-json\/wp\/v2\/product_cat?post=3357"},{"taxonomy":"product_tag","embeddable":true,"href":"https:\/\/www.vadaszboltcsorna.hu\/index.php\/wp-json\/wp\/v2\/product_tag?post=3357"}],"curies":[{"name":"wp","href":"https:\/\/api.w.org\/{rel}","templated":true}]}}