{"id":3201,"date":"2022-07-27T13:02:37","date_gmt":"2022-07-27T13:02:37","guid":{"rendered":"https:\/\/www.vadaszboltcsorna.hu\/?post_type=product&#038;p=3201"},"modified":"2023-01-13T11:25:28","modified_gmt":"2023-01-13T11:25:28","slug":"akah-fegyverszij-67278100","status":"publish","type":"product","link":"https:\/\/www.vadaszboltcsorna.hu\/index.php\/termek\/akah-fegyverszij-67278100\/","title":{"rendered":"Akah fegyversz\u00edj (67278100)"},"content":{"rendered":"<h2><strong>Akah fegyversz\u00edj (67278100)<\/strong><\/h2>\n<h3 id=\"tw-target-text\" class=\"tw-data-text tw-text-large tw-ta\" dir=\"ltr\" data-placeholder=\"Ford\u00edt\u00e1s\"><span class=\"Y2IQFc\" lang=\"hu\">Az \u00e9rt\u00e9kes olajb\u0151r k\u00fcl\u00f6nlegess\u00e9 teszi ezt a puskahevedert &#8211; nagyon eleg\u00e1ns, csod\u00e1latos markolattal.<br \/>\nA hordt\u00e9rben a puskaheveder praktikus cs\u00fasz\u00e1sg\u00e1tl\u00f3 bet\u00e9ttel van b\u00e9lelve.<br \/>\nMaga a sz\u00edj fekete vel\u00farral van b\u00e9lelve. K\u00e9zi varr\u00e1ssal \u00e9s b\u0151rrel bevont csatokkal rendelkezik, valamint finom sz\u00edn\u0171 foltvarr\u00e1s. <\/span><\/h3>\n<h3 class=\"tw-data-text tw-text-large tw-ta\" dir=\"ltr\" data-placeholder=\"Ford\u00edt\u00e1s\"><span class=\"Y2IQFc\" lang=\"hu\">Sz\u00e9less\u00e9g: 50mm | Hossza: 103 cm<\/span><\/h3>\n<h3 class=\"tw-data-text tw-text-large tw-ta\" dir=\"ltr\" data-placeholder=\"Ford\u00edt\u00e1s\"><span class=\"Y2IQFc\" lang=\"hu\"><br \/>\nAz \u00e1rak t\u00e1j\u00e9koztat\u00f3 jelleg\u0171ek, az \u00e1rv\u00e1ltoz\u00e1s jog\u00e1t fenntartjuk!<br \/>\n<\/span><\/h3>\n","protected":false},"excerpt":{"rendered":"<p>Akah fegyversz\u00edj (67278100) Az \u00e9rt\u00e9kes olajb\u0151r k\u00fcl\u00f6nlegess\u00e9 teszi ezt a puskahevedert &#8211; nagyon eleg\u00e1ns, csod\u00e1latos markolattal. A hordt\u00e9rben a puskaheveder praktikus cs\u00fasz\u00e1sg\u00e1tl\u00f3 bet\u00e9ttel van b\u00e9lelve. Maga a sz\u00edj fekete vel\u00farral van b\u00e9lelve. K\u00e9zi varr\u00e1ssal \u00e9s b\u0151rrel bevont csatokkal rendelkezik, valamint finom sz\u00edn\u0171 foltvarr\u00e1s. Sz\u00e9less\u00e9g: 50mm | Hossza: 103 cm Az \u00e1rak t\u00e1j\u00e9koztat\u00f3 jelleg\u0171ek, az \u00e1rv\u00e1ltoz\u00e1s [&hellip;]<\/p>\n","protected":false},"featured_media":3202,"comment_status":"open","ping_status":"closed","template":"","meta":{"_et_pb_use_builder":"","_et_pb_old_content":"","_et_gb_content_width":"","om_disable_all_campaigns":false},"product_brand":[],"product_cat":[21,486,817],"product_tag":[820,70],"class_list":{"0":"post-3201","1":"product","2":"type-product","3":"status-publish","4":"has-post-thumbnail","6":"product_cat-uj","7":"product_cat-fegyverkiegeszitok","8":"product_cat-fegyverszij","9":"product_tag-akah-fegyverszij-67278100","10":"product_tag-vadaszat","12":"first","13":"instock","14":"taxable","15":"shipping-taxable","16":"purchasable","17":"product-type-simple"},"_links":{"self":[{"href":"https:\/\/www.vadaszboltcsorna.hu\/index.php\/wp-json\/wp\/v2\/product\/3201","targetHints":{"allow":["GET"]}}],"collection":[{"href":"https:\/\/www.vadaszboltcsorna.hu\/index.php\/wp-json\/wp\/v2\/product"}],"about":[{"href":"https:\/\/www.vadaszboltcsorna.hu\/index.php\/wp-json\/wp\/v2\/types\/product"}],"replies":[{"embeddable":true,"href":"https:\/\/www.vadaszboltcsorna.hu\/index.php\/wp-json\/wp\/v2\/comments?post=3201"}],"wp:featuredmedia":[{"embeddable":true,"href":"https:\/\/www.vadaszboltcsorna.hu\/index.php\/wp-json\/wp\/v2\/media\/3202"}],"wp:attachment":[{"href":"https:\/\/www.vadaszboltcsorna.hu\/index.php\/wp-json\/wp\/v2\/media?parent=3201"}],"wp:term":[{"taxonomy":"product_brand","embeddable":true,"href":"https:\/\/www.vadaszboltcsorna.hu\/index.php\/wp-json\/wp\/v2\/product_brand?post=3201"},{"taxonomy":"product_cat","embeddable":true,"href":"https:\/\/www.vadaszboltcsorna.hu\/index.php\/wp-json\/wp\/v2\/product_cat?post=3201"},{"taxonomy":"product_tag","embeddable":true,"href":"https:\/\/www.vadaszboltcsorna.hu\/index.php\/wp-json\/wp\/v2\/product_tag?post=3201"}],"curies":[{"name":"wp","href":"https:\/\/api.w.org\/{rel}","templated":true}]}}