{"id":2770,"date":"2022-04-07T10:37:09","date_gmt":"2022-04-07T10:37:09","guid":{"rendered":"https:\/\/www.vadaszboltcsorna.hu\/?post_type=product&#038;p=2770"},"modified":"2022-04-07T10:41:19","modified_gmt":"2022-04-07T10:41:19","slug":"baseball-sapka","status":"publish","type":"product","link":"https:\/\/www.vadaszboltcsorna.hu\/index.php\/termek\/baseball-sapka\/","title":{"rendered":"Baseball Sapka"},"content":{"rendered":"<h2><strong> Baseball Sapka<\/strong><\/h2>\n<h3>Delphin &#8211; Baseball Sapka Erd\u0151 (ny\u00e1ri- vil\u00e1g\u00edt\u00f3)<\/h3>\n<h3 class=\"description biggerText\">Ny\u00e1ri sapka \u2013 siltes sapka LED di\u00f3d\u00e1kkal a Delphin m\u00e1rk\u00e1t\u00f3l \u00e1lc\u00e1z\u00f3 kivitelben. A sapka m\u00e9rete univerz\u00e1lis, \u00e9s a h\u00e1ts\u00f3 r\u00e9sz\u00e9n tal\u00e1lhat\u00f3 t\u00e9p\u0151z\u00e1r seg\u00edts\u00e9g\u00e9vel pontosan be\u00e1ll\u00edthat\u00f3 az ig\u00e9nyelt ker\u00fclet., hogy mindenkin k\u00e9nyelmesen \u00fclj\u00f6n. \u00d3ri\u00e1si el\u0151nye az el\u00fcls\u0151 r\u00e9sz\u00e9n elhelyezett 5 db LED di\u00f3da, amelyeket rossz l\u00e1t\u00e1si viszonyok k\u00f6z\u00f6tt haszn\u00e1lat. A LED di\u00f3d\u00e1k elegend\u0151en er\u0151s f\u00e9ny\u00e1ramot bocs\u00e1tanak ki, \u00edgy bizonyos esetekben a LED fejl\u00e1mp\u00e1kat is felv\u00e1lthatj\u00e1k. A LED di\u00f3d\u00e1k kapcsol\u00f3ja felt\u0171n\u00e9smentesen a sapka h\u00e1toldal\u00e1n van elhelyezve, azokat a h\u00e1ts\u00f3 r\u00e9szen tal\u00e1lhat\u00f3 2 db lapos elem t\u00e1pl\u00e1lja, amelyek a csomagol\u00e1s r\u00e9sz\u00e9t k\u00e9pezik!<\/h3>\n<h3>Az \u00e1rak t\u00e1j\u00e9koztat\u00f3 jelleg\u0171ek, az \u00e1rv\u00e1ltoz\u00e1s jog\u00e1t fenntartjuk!<\/h3>\n<h3 class=\"wrapper bot-border\"><\/h3>\n","protected":false},"excerpt":{"rendered":"<p>Baseball Sapka Delphin &#8211; Baseball Sapka Erd\u0151 (ny\u00e1ri- vil\u00e1g\u00edt\u00f3) Ny\u00e1ri sapka \u2013 siltes sapka LED di\u00f3d\u00e1kkal a Delphin m\u00e1rk\u00e1t\u00f3l \u00e1lc\u00e1z\u00f3 kivitelben. A sapka m\u00e9rete univerz\u00e1lis, \u00e9s a h\u00e1ts\u00f3 r\u00e9sz\u00e9n tal\u00e1lhat\u00f3 t\u00e9p\u0151z\u00e1r seg\u00edts\u00e9g\u00e9vel pontosan be\u00e1ll\u00edthat\u00f3 az ig\u00e9nyelt ker\u00fclet., hogy mindenkin k\u00e9nyelmesen \u00fclj\u00f6n. \u00d3ri\u00e1si el\u0151nye az el\u00fcls\u0151 r\u00e9sz\u00e9n elhelyezett 5 db LED di\u00f3da, amelyeket rossz l\u00e1t\u00e1si viszonyok [&hellip;]<\/p>\n","protected":false},"featured_media":2774,"comment_status":"open","ping_status":"closed","template":"","meta":{"_et_pb_use_builder":"","_et_pb_old_content":"","_et_gb_content_width":"","om_disable_all_campaigns":false},"product_brand":[],"product_cat":[21,771,159],"product_tag":[772,773,581,70],"class_list":{"0":"post-2770","1":"product","2":"type-product","3":"status-publish","4":"has-post-thumbnail","6":"product_cat-uj","7":"product_cat-sapka-sal-kesztyu-zokni","8":"product_cat-vadasz-ruhazat","9":"product_tag-horgaszat","10":"product_tag-sapka","11":"product_tag-vadasz-ruhazat","12":"product_tag-vadaszat","14":"first","15":"instock","16":"taxable","17":"shipping-taxable","18":"purchasable","19":"product-type-simple"},"_links":{"self":[{"href":"https:\/\/www.vadaszboltcsorna.hu\/index.php\/wp-json\/wp\/v2\/product\/2770","targetHints":{"allow":["GET"]}}],"collection":[{"href":"https:\/\/www.vadaszboltcsorna.hu\/index.php\/wp-json\/wp\/v2\/product"}],"about":[{"href":"https:\/\/www.vadaszboltcsorna.hu\/index.php\/wp-json\/wp\/v2\/types\/product"}],"replies":[{"embeddable":true,"href":"https:\/\/www.vadaszboltcsorna.hu\/index.php\/wp-json\/wp\/v2\/comments?post=2770"}],"wp:featuredmedia":[{"embeddable":true,"href":"https:\/\/www.vadaszboltcsorna.hu\/index.php\/wp-json\/wp\/v2\/media\/2774"}],"wp:attachment":[{"href":"https:\/\/www.vadaszboltcsorna.hu\/index.php\/wp-json\/wp\/v2\/media?parent=2770"}],"wp:term":[{"taxonomy":"product_brand","embeddable":true,"href":"https:\/\/www.vadaszboltcsorna.hu\/index.php\/wp-json\/wp\/v2\/product_brand?post=2770"},{"taxonomy":"product_cat","embeddable":true,"href":"https:\/\/www.vadaszboltcsorna.hu\/index.php\/wp-json\/wp\/v2\/product_cat?post=2770"},{"taxonomy":"product_tag","embeddable":true,"href":"https:\/\/www.vadaszboltcsorna.hu\/index.php\/wp-json\/wp\/v2\/product_tag?post=2770"}],"curies":[{"name":"wp","href":"https:\/\/api.w.org\/{rel}","templated":true}]}}