{"id":2689,"date":"2022-04-04T11:18:14","date_gmt":"2022-04-04T11:18:14","guid":{"rendered":"https:\/\/www.vadaszboltcsorna.hu\/?post_type=product&#038;p=2689"},"modified":"2023-01-13T09:38:10","modified_gmt":"2023-01-13T09:38:10","slug":"akah-vadasz-hatizsak-3","status":"publish","type":"product","link":"https:\/\/www.vadaszboltcsorna.hu\/index.php\/termek\/akah-vadasz-hatizsak-3\/","title":{"rendered":"Akah vad\u00e1sz h\u00e1tizs\u00e1k"},"content":{"rendered":"<h2><strong>Akah vad\u00e1sz h\u00e1tizs\u00e1k<\/strong><\/h2>\n<h3>Cikksz\u00e1m.:61307000<\/h3>\n<h3 class=\"description biggerText\">Le\u00edr\u00e1s: Akah vad\u00e1sz h\u00e1tizs\u00e1k<br \/>\n(61307000 )<\/h3>\n<h3>Osztr\u00e1k Pischl loden h\u00e1tizs\u00e1k.<\/h3>\n<h3>3 el\u00fcls\u0151 zseb cipz\u00e1rral.<br \/>\nK\u00f6nny\u0171 haszn\u00e1lhat\u00f3s\u00e1g.<br \/>\n2 oldals\u00f3 zsebbel.<br \/>\nH\u00e1l\u00f3s h\u00e1tul p\u00e1rn\u00e1zott az izzad\u00e1s ellen.<br \/>\nP\u00e1rn\u00e1zott p\u00e1ntokkal ell\u00e1tva a maxim\u00e1lis k\u00e9nyelem\u00e9rt.<\/h3>\n<h3>M\u00e9rete.:<br \/>\n-30x58x15 cm<br \/>\n-t\u00e9rfogat 26 l<br \/>\n-t\u00f6meg kb. 1,4 kg<\/h3>\n<h3>Az \u00e1rak t\u00e1j\u00e9koztat\u00f3 jelleg\u0171ek,az \u00e1rv\u00e1ltoz\u00e1s jog\u00e1t fenntartjuk!<\/h3>\n<h3 class=\"wrapper bot-border\"><\/h3>\n","protected":false},"excerpt":{"rendered":"<p>Akah vad\u00e1sz h\u00e1tizs\u00e1k Cikksz\u00e1m.:61307000 Le\u00edr\u00e1s: Akah vad\u00e1sz h\u00e1tizs\u00e1k (61307000 ) Osztr\u00e1k Pischl loden h\u00e1tizs\u00e1k. 3 el\u00fcls\u0151 zseb cipz\u00e1rral. K\u00f6nny\u0171 haszn\u00e1lhat\u00f3s\u00e1g. 2 oldals\u00f3 zsebbel. H\u00e1l\u00f3s h\u00e1tul p\u00e1rn\u00e1zott az izzad\u00e1s ellen. P\u00e1rn\u00e1zott p\u00e1ntokkal ell\u00e1tva a maxim\u00e1lis k\u00e9nyelem\u00e9rt. M\u00e9rete.: -30x58x15 cm -t\u00e9rfogat 26 l -t\u00f6meg kb. 1,4 kg Az \u00e1rak t\u00e1j\u00e9koztat\u00f3 jelleg\u0171ek,az \u00e1rv\u00e1ltoz\u00e1s jog\u00e1t fenntartjuk!<\/p>\n","protected":false},"featured_media":2690,"comment_status":"open","ping_status":"closed","template":"","meta":{"_et_pb_use_builder":"","_et_pb_old_content":"","_et_gb_content_width":"","om_disable_all_campaigns":false},"product_brand":[],"product_cat":[21,741],"product_tag":[742,744,540,537,364,743,70],"class_list":{"0":"post-2689","1":"product","2":"type-product","3":"status-publish","4":"has-post-thumbnail","6":"product_cat-uj","7":"product_cat-vadasz-hatizsakok-taskak","8":"product_tag-akah-vadasz-hatizsak","9":"product_tag-hatizsak","10":"product_tag-szabadido","11":"product_tag-turazas","12":"product_tag-vadasz-felszereles","13":"product_tag-vadasz-hatizsak","14":"product_tag-vadaszat","16":"first","17":"instock","18":"taxable","19":"shipping-taxable","20":"purchasable","21":"product-type-simple"},"_links":{"self":[{"href":"https:\/\/www.vadaszboltcsorna.hu\/index.php\/wp-json\/wp\/v2\/product\/2689","targetHints":{"allow":["GET"]}}],"collection":[{"href":"https:\/\/www.vadaszboltcsorna.hu\/index.php\/wp-json\/wp\/v2\/product"}],"about":[{"href":"https:\/\/www.vadaszboltcsorna.hu\/index.php\/wp-json\/wp\/v2\/types\/product"}],"replies":[{"embeddable":true,"href":"https:\/\/www.vadaszboltcsorna.hu\/index.php\/wp-json\/wp\/v2\/comments?post=2689"}],"wp:featuredmedia":[{"embeddable":true,"href":"https:\/\/www.vadaszboltcsorna.hu\/index.php\/wp-json\/wp\/v2\/media\/2690"}],"wp:attachment":[{"href":"https:\/\/www.vadaszboltcsorna.hu\/index.php\/wp-json\/wp\/v2\/media?parent=2689"}],"wp:term":[{"taxonomy":"product_brand","embeddable":true,"href":"https:\/\/www.vadaszboltcsorna.hu\/index.php\/wp-json\/wp\/v2\/product_brand?post=2689"},{"taxonomy":"product_cat","embeddable":true,"href":"https:\/\/www.vadaszboltcsorna.hu\/index.php\/wp-json\/wp\/v2\/product_cat?post=2689"},{"taxonomy":"product_tag","embeddable":true,"href":"https:\/\/www.vadaszboltcsorna.hu\/index.php\/wp-json\/wp\/v2\/product_tag?post=2689"}],"curies":[{"name":"wp","href":"https:\/\/api.w.org\/{rel}","templated":true}]}}