{"id":2664,"date":"2022-03-31T12:06:25","date_gmt":"2022-03-31T12:06:25","guid":{"rendered":"https:\/\/www.vadaszboltcsorna.hu\/?post_type=product&#038;p=2664"},"modified":"2022-09-19T13:30:51","modified_gmt":"2022-09-19T13:30:51","slug":"halti-rucksack-moose-vadasz-hatizsak","status":"publish","type":"product","link":"https:\/\/www.vadaszboltcsorna.hu\/index.php\/termek\/halti-rucksack-moose-vadasz-hatizsak\/","title":{"rendered":"HALTI Rucksack MOOSE vad\u00e1sz h\u00e1tizs\u00e1k"},"content":{"rendered":"<h2><strong>HALTI Rucksack MOOSE vad\u00e1sz h\u00e1tizs\u00e1k<\/strong><\/h2>\n<h2><strong>(61327)<\/strong><\/h2>\n<h3>Az &#8216;Aerofit&#8217; h\u00e1ts\u00f3 kialak\u00edt\u00e1s\u00fa h\u00e1tizs\u00e1k nagy k\u00e9nyelmet \u00e9s szell\u0151z\u00e9st biztos\u00edt h\u00e1tul.<\/h3>\n<h3>A 40 literes 1,2 kg-os &#8222;Moose&#8221;-t sokoldal\u00fa t\u00e1rss\u00e1 teszi, nem csak a vad\u00e1szat sor\u00e1n. Integr\u00e1lt pisztolytart\u00f3 (m\u00e9g t\u00e1vcs\u0151vel ell\u00e1tott fegyverekhez is).<\/h3>\n<h3>Oldalzsebekkel, p\u00e9ld\u00e1ul a c\u00e9lt\u00e1vcs\u0151 sz\u00e1ll\u00edt\u00e1s\u00e1hoz. T\u00f6bb zsebben \u00e9s hurokban t\u00e1rolhatja a felszerel\u00e9st biztons\u00e1gosan.<\/h3>\n<h3>-100 % Micro -&#8216; Velveton&#8217; membr\u00e1nnal.<\/h3>\n<h3>Az \u00e1rak t\u00e1j\u00e9koztat\u00f3 jelleg\u0171ek,az \u00e1rv\u00e1ltoz\u00e1s jog\u00e1t fenntartjuk.<\/h3>\n<h3><\/h3>\n","protected":false},"excerpt":{"rendered":"<p>HALTI Rucksack MOOSE vad\u00e1sz h\u00e1tizs\u00e1k (61327) Az &#8216;Aerofit&#8217; h\u00e1ts\u00f3 kialak\u00edt\u00e1s\u00fa h\u00e1tizs\u00e1k nagy k\u00e9nyelmet \u00e9s szell\u0151z\u00e9st biztos\u00edt h\u00e1tul. A 40 literes 1,2 kg-os &#8222;Moose&#8221;-t sokoldal\u00fa t\u00e1rss\u00e1 teszi, nem csak a vad\u00e1szat sor\u00e1n. Integr\u00e1lt pisztolytart\u00f3 (m\u00e9g t\u00e1vcs\u0151vel ell\u00e1tott fegyverekhez is). Oldalzsebekkel, p\u00e9ld\u00e1ul a c\u00e9lt\u00e1vcs\u0151 sz\u00e1ll\u00edt\u00e1s\u00e1hoz. T\u00f6bb zsebben \u00e9s hurokban t\u00e1rolhatja a felszerel\u00e9st biztons\u00e1gosan. -100 % Micro -&#8216; [&hellip;]<\/p>\n","protected":false},"featured_media":2665,"comment_status":"open","ping_status":"closed","template":"","meta":{"_et_pb_use_builder":"","_et_pb_old_content":"","_et_gb_content_width":"","om_disable_all_campaigns":false},"product_brand":[],"product_cat":[21,741],"product_tag":[745,70],"class_list":{"0":"post-2664","1":"product","2":"type-product","3":"status-publish","4":"has-post-thumbnail","6":"product_cat-uj","7":"product_cat-vadasz-hatizsakok-taskak","8":"product_tag-halti-rucksack-moose-vadasz-hatizsak","9":"product_tag-vadaszat","11":"first","12":"instock","13":"taxable","14":"shipping-taxable","15":"purchasable","16":"product-type-simple"},"_links":{"self":[{"href":"https:\/\/www.vadaszboltcsorna.hu\/index.php\/wp-json\/wp\/v2\/product\/2664","targetHints":{"allow":["GET"]}}],"collection":[{"href":"https:\/\/www.vadaszboltcsorna.hu\/index.php\/wp-json\/wp\/v2\/product"}],"about":[{"href":"https:\/\/www.vadaszboltcsorna.hu\/index.php\/wp-json\/wp\/v2\/types\/product"}],"replies":[{"embeddable":true,"href":"https:\/\/www.vadaszboltcsorna.hu\/index.php\/wp-json\/wp\/v2\/comments?post=2664"}],"wp:featuredmedia":[{"embeddable":true,"href":"https:\/\/www.vadaszboltcsorna.hu\/index.php\/wp-json\/wp\/v2\/media\/2665"}],"wp:attachment":[{"href":"https:\/\/www.vadaszboltcsorna.hu\/index.php\/wp-json\/wp\/v2\/media?parent=2664"}],"wp:term":[{"taxonomy":"product_brand","embeddable":true,"href":"https:\/\/www.vadaszboltcsorna.hu\/index.php\/wp-json\/wp\/v2\/product_brand?post=2664"},{"taxonomy":"product_cat","embeddable":true,"href":"https:\/\/www.vadaszboltcsorna.hu\/index.php\/wp-json\/wp\/v2\/product_cat?post=2664"},{"taxonomy":"product_tag","embeddable":true,"href":"https:\/\/www.vadaszboltcsorna.hu\/index.php\/wp-json\/wp\/v2\/product_tag?post=2664"}],"curies":[{"name":"wp","href":"https:\/\/api.w.org\/{rel}","templated":true}]}}