{"id":2646,"date":"2022-03-29T10:08:58","date_gmt":"2022-03-29T10:08:58","guid":{"rendered":"https:\/\/www.vadaszboltcsorna.hu\/?post_type=product&#038;p=2646"},"modified":"2026-03-30T05:00:45","modified_gmt":"2026-03-30T05:00:45","slug":"lozsak-m-283","status":"publish","type":"product","link":"https:\/\/www.vadaszboltcsorna.hu\/index.php\/termek\/lozsak-m-283\/","title":{"rendered":"L\u0151zs\u00e1k M-283"},"content":{"rendered":"<h3 data-start=\"0\" data-end=\"64\"><strong data-start=\"4\" data-end=\"62\">L\u0151zs\u00e1k M-283 \u2013 Stabilit\u00e1s \u00e9s Pontoss\u00e1g Minden L\u00f6v\u00e9sn\u00e9l<\/strong><\/h3>\n<p data-start=\"66\" data-end=\"323\">A <strong data-start=\"68\" data-end=\"84\">L\u0151zs\u00e1k M-283<\/strong> egy <strong data-start=\"89\" data-end=\"128\">strapab\u00edr\u00f3 \u00e9s prec\u00edzi\u00f3s seg\u00e9deszk\u00f6z<\/strong>, amely t\u00f6k\u00e9letes felt\u00e1maszt\u00e1st ny\u00fajt vad\u00e1szathoz \u00e9s sportl\u00f6v\u00e9szethez. Kompakt m\u00e9rete \u00e9s <strong data-start=\"217\" data-end=\"233\">k\u00f6nny\u0171 s\u00falya<\/strong> miatt <strong data-start=\"240\" data-end=\"267\">cserkel\u00e9shez is ide\u00e1lis<\/strong>, mik\u00f6zben stabil alapot biztos\u00edt a pontos l\u00f6v\u00e9sekhez.<\/p>\n<h3 data-start=\"325\" data-end=\"367\"><strong data-start=\"329\" data-end=\"365\">Mi\u00e9rt v\u00e1laszd a L\u0151zs\u00e1k M-283-at?<\/strong><\/h3>\n<p data-start=\"369\" data-end=\"929\">\u2705 <strong data-start=\"371\" data-end=\"395\">T\u00f6k\u00e9letes stabilit\u00e1s<\/strong> \u2013 Seg\u00edt minimaliz\u00e1lni a fegyver mozg\u00e1s\u00e1t, \u00edgy jav\u00edtja a l\u00f6v\u00e9sek pontoss\u00e1g\u00e1t.<br data-start=\"472\" data-end=\"475\" \/>\u2705 <strong data-start=\"477\" data-end=\"509\">H\u00e1romf\u00e9le \u00e1ll\u00edt\u00e1si lehet\u0151s\u00e9g<\/strong> \u2013 K\u00fcl\u00f6nb\u00f6z\u0151 l\u00f6v\u00e9szeti helyzetekhez igaz\u00edthat\u00f3.<br data-start=\"556\" data-end=\"559\" \/>\u2705 <strong data-start=\"561\" data-end=\"585\">K\u00f6nny\u0171 \u00e9s hordozhat\u00f3<\/strong> \u2013 <strong data-start=\"588\" data-end=\"608\">Mind\u00f6ssze 1,3 kg<\/strong>, \u00edgy hosszabb vad\u00e1szatokon vagy l\u0151t\u00e9ri edz\u00e9seken is k\u00f6nnyen haszn\u00e1lhat\u00f3.<br data-start=\"681\" data-end=\"684\" \/>\u2705 <strong data-start=\"686\" data-end=\"711\">Strapab\u00edr\u00f3 kialak\u00edt\u00e1s<\/strong> \u2013 <strong data-start=\"714\" data-end=\"745\">100% pamut anyagb\u00f3l k\u00e9sz\u00fclt<\/strong>, amely hossz\u00fa \u00e9lettartamot biztos\u00edt.<br data-start=\"782\" data-end=\"785\" data-is-only-node=\"\" \/>\u2705 <strong data-start=\"787\" data-end=\"807\">Speci\u00e1lis t\u00f6ltet<\/strong> \u2013 <strong data-start=\"810\" data-end=\"851\">Kem\u00e9nyfa f\u0171r\u00e9szpor v\u00edzhatlan tart\u00f3ban<\/strong>, amely meg\u0151rzi a zs\u00e1k form\u00e1j\u00e1t \u00e9s tart\u00f3ss\u00e1g\u00e1t b\u00e1rmilyen k\u00f6r\u00fclm\u00e9nyek k\u00f6z\u00f6tt.<\/p>\n<h3 data-start=\"931\" data-end=\"956\"><strong data-start=\"935\" data-end=\"954\">M\u0171szaki adatok:<\/strong><\/h3>\n<p data-start=\"957\" data-end=\"1091\">\ud83d\udccf <strong data-start=\"960\" data-end=\"970\">M\u00e9ret:<\/strong> 25 x 16 x 11 cm<br data-start=\"986\" data-end=\"989\" \/>\u2696 <strong data-start=\"991\" data-end=\"1000\">S\u00faly:<\/strong> 1,3 kg<br data-start=\"1007\" data-end=\"1010\" \/>\ud83d\udee0 <strong data-start=\"1013\" data-end=\"1023\">Anyag:<\/strong> 100% pamut<br data-start=\"1034\" data-end=\"1037\" \/>\ud83e\udeb5 <strong data-start=\"1040\" data-end=\"1051\">T\u00f6ltet:<\/strong> Kem\u00e9nyfa f\u0171r\u00e9szpor v\u00edzhatlan tart\u00f3ban<\/p>\n<h3 data-start=\"1093\" data-end=\"1119\"><strong data-start=\"1097\" data-end=\"1117\">\u00c1r \u00e9s sz\u00e1ll\u00edt\u00e1s:<\/strong><\/h3>\n<p data-start=\"1120\" data-end=\"1292\">\ud83d\udce6 <strong data-start=\"1123\" data-end=\"1149\">Sz\u00e1ll\u00edt\u00e1si inform\u00e1ci\u00f3k<\/strong>: K\u00e9rj\u00fck, \u00e9rdekl\u0151dj aktu\u00e1lis k\u00e9szletr\u0151l \u00e9s sz\u00e1ll\u00edt\u00e1si felt\u00e9telekr\u0151l!<br data-start=\"1217\" data-end=\"1220\" \/>\ud83d\udcb0 <strong data-start=\"1223\" data-end=\"1290\">Az \u00e1rak t\u00e1j\u00e9koztat\u00f3 jelleg\u0171ek, az \u00e1rv\u00e1ltoz\u00e1s jog\u00e1t fenntartjuk.<\/strong><\/p>\n<p data-start=\"1294\" data-end=\"1412\">\ud83d\udd39 <strong data-start=\"1297\" data-end=\"1410\">Vidd magaddal minden vad\u00e1szatra vagy l\u0151t\u00e9ri edz\u00e9sre \u2013 a L\u0151zs\u00e1k M-283 garant\u00e1lja a stabil \u00e9s pontos l\u00f6v\u00e9seket!<\/strong><\/p>\n<p data-start=\"1414\" data-end=\"1474\">\ud83d\udcde <strong data-start=\"1417\" data-end=\"1472\">Rendeld meg most, vagy \u00e9rdekl\u0151dj el\u00e9rhet\u0151s\u00e9geinken!<\/strong><\/p>\n","protected":false},"excerpt":{"rendered":"<p>L\u0151zs\u00e1k M-283 \u2013 Stabilit\u00e1s \u00e9s Pontoss\u00e1g Minden L\u00f6v\u00e9sn\u00e9l A L\u0151zs\u00e1k M-283 egy strapab\u00edr\u00f3 \u00e9s prec\u00edzi\u00f3s seg\u00e9deszk\u00f6z, amely t\u00f6k\u00e9letes felt\u00e1maszt\u00e1st ny\u00fajt vad\u00e1szathoz \u00e9s sportl\u00f6v\u00e9szethez. Kompakt m\u00e9rete \u00e9s k\u00f6nny\u0171 s\u00falya miatt cserkel\u00e9shez is ide\u00e1lis, mik\u00f6zben stabil alapot biztos\u00edt a pontos l\u00f6v\u00e9sekhez. Mi\u00e9rt v\u00e1laszd a L\u0151zs\u00e1k M-283-at? \u2705 T\u00f6k\u00e9letes stabilit\u00e1s \u2013 Seg\u00edt minimaliz\u00e1lni a fegyver mozg\u00e1s\u00e1t, \u00edgy jav\u00edtja [&hellip;]<\/p>\n","protected":false},"featured_media":5418,"comment_status":"open","ping_status":"closed","template":"","meta":{"_et_pb_use_builder":"","_et_pb_old_content":"","_et_gb_content_width":"","om_disable_all_campaigns":false},"product_brand":[],"product_cat":[21,736,722],"product_tag":[735,364,70],"class_list":{"0":"post-2646","1":"product","2":"type-product","3":"status-publish","4":"has-post-thumbnail","6":"product_cat-uj","7":"product_cat-lozsak","8":"product_cat-vadasz-felszereles","9":"product_tag-lozsak","10":"product_tag-vadasz-felszereles","11":"product_tag-vadaszat","13":"first","14":"instock","15":"taxable","16":"shipping-taxable","17":"purchasable","18":"product-type-simple"},"_links":{"self":[{"href":"https:\/\/www.vadaszboltcsorna.hu\/index.php\/wp-json\/wp\/v2\/product\/2646","targetHints":{"allow":["GET"]}}],"collection":[{"href":"https:\/\/www.vadaszboltcsorna.hu\/index.php\/wp-json\/wp\/v2\/product"}],"about":[{"href":"https:\/\/www.vadaszboltcsorna.hu\/index.php\/wp-json\/wp\/v2\/types\/product"}],"replies":[{"embeddable":true,"href":"https:\/\/www.vadaszboltcsorna.hu\/index.php\/wp-json\/wp\/v2\/comments?post=2646"}],"wp:featuredmedia":[{"embeddable":true,"href":"https:\/\/www.vadaszboltcsorna.hu\/index.php\/wp-json\/wp\/v2\/media\/5418"}],"wp:attachment":[{"href":"https:\/\/www.vadaszboltcsorna.hu\/index.php\/wp-json\/wp\/v2\/media?parent=2646"}],"wp:term":[{"taxonomy":"product_brand","embeddable":true,"href":"https:\/\/www.vadaszboltcsorna.hu\/index.php\/wp-json\/wp\/v2\/product_brand?post=2646"},{"taxonomy":"product_cat","embeddable":true,"href":"https:\/\/www.vadaszboltcsorna.hu\/index.php\/wp-json\/wp\/v2\/product_cat?post=2646"},{"taxonomy":"product_tag","embeddable":true,"href":"https:\/\/www.vadaszboltcsorna.hu\/index.php\/wp-json\/wp\/v2\/product_tag?post=2646"}],"curies":[{"name":"wp","href":"https:\/\/api.w.org\/{rel}","templated":true}]}}