{"id":2612,"date":"2022-03-28T09:04:48","date_gmt":"2022-03-28T09:04:48","guid":{"rendered":"https:\/\/www.vadaszboltcsorna.hu\/?post_type=product&#038;p=2612"},"modified":"2025-10-07T11:38:00","modified_gmt":"2025-10-07T11:38:00","slug":"lesparna-m-248-1770","status":"publish","type":"product","link":"https:\/\/www.vadaszboltcsorna.hu\/index.php\/termek\/lesparna-m-248-1770\/","title":{"rendered":"Lesp\u00e1rna M-248-1770 (Szarvasos)"},"content":{"rendered":"<h2><strong> Lesp\u00e1rna<\/strong><\/h2>\n<h3>Cikksz\u00e1m: M-248-1770<\/h3>\n<h3>Szarvas mint\u00e1val<\/h3>\n<h3>V\u00edzhatlan als\u00f3 r\u00e9sszel, cs\u00fasz\u00e1smentes bevonattal.\u00d6sszehajthat\u00f3, \u00edgy n\u00f6velhet\u0151 a vastags\u00e1ga is.<\/h3>\n<h3>M\u00e9retek:<br \/>\nTerm\u00e9k Hossza: 48 cm<br \/>\nTerm\u00e9k Sz\u00e9less\u00e9ge: 37 cm<br \/>\nTerm\u00e9k Magass\u00e1ga : 2 cm<br \/>\nAnyag :100% poli\u00e9szter<\/h3>\n<h3>Az \u00e1rak t\u00e1j\u00e9koztat\u00f3 jelleg\u0171ek,az \u00e1rv\u00e1ltoz\u00e1s jog\u00e1t fenntartjuk!<\/h3>\n","protected":false},"excerpt":{"rendered":"<p>Lesp\u00e1rna Cikksz\u00e1m: M-248-1770 Szarvas mint\u00e1val V\u00edzhatlan als\u00f3 r\u00e9sszel, cs\u00fasz\u00e1smentes bevonattal.\u00d6sszehajthat\u00f3, \u00edgy n\u00f6velhet\u0151 a vastags\u00e1ga is. M\u00e9retek: Term\u00e9k Hossza: 48 cm Term\u00e9k Sz\u00e9less\u00e9ge: 37 cm Term\u00e9k Magass\u00e1ga : 2 cm Anyag :100% poli\u00e9szter Az \u00e1rak t\u00e1j\u00e9koztat\u00f3 jelleg\u0171ek,az \u00e1rv\u00e1ltoz\u00e1s jog\u00e1t fenntartjuk!<\/p>\n","protected":false},"featured_media":2613,"comment_status":"open","ping_status":"closed","template":"","meta":{"_et_pb_use_builder":"","_et_pb_old_content":"","_et_gb_content_width":"","om_disable_all_campaigns":false},"product_brand":[],"product_cat":[21,728,722],"product_tag":[729,540,364,70],"class_list":{"0":"post-2612","1":"product","2":"type-product","3":"status-publish","4":"has-post-thumbnail","6":"product_cat-uj","7":"product_cat-lesparna","8":"product_cat-vadasz-felszereles","9":"product_tag-lesparna","10":"product_tag-szabadido","11":"product_tag-vadasz-felszereles","12":"product_tag-vadaszat","14":"first","15":"instock","16":"taxable","17":"shipping-taxable","18":"purchasable","19":"product-type-simple"},"_links":{"self":[{"href":"https:\/\/www.vadaszboltcsorna.hu\/index.php\/wp-json\/wp\/v2\/product\/2612","targetHints":{"allow":["GET"]}}],"collection":[{"href":"https:\/\/www.vadaszboltcsorna.hu\/index.php\/wp-json\/wp\/v2\/product"}],"about":[{"href":"https:\/\/www.vadaszboltcsorna.hu\/index.php\/wp-json\/wp\/v2\/types\/product"}],"replies":[{"embeddable":true,"href":"https:\/\/www.vadaszboltcsorna.hu\/index.php\/wp-json\/wp\/v2\/comments?post=2612"}],"wp:featuredmedia":[{"embeddable":true,"href":"https:\/\/www.vadaszboltcsorna.hu\/index.php\/wp-json\/wp\/v2\/media\/2613"}],"wp:attachment":[{"href":"https:\/\/www.vadaszboltcsorna.hu\/index.php\/wp-json\/wp\/v2\/media?parent=2612"}],"wp:term":[{"taxonomy":"product_brand","embeddable":true,"href":"https:\/\/www.vadaszboltcsorna.hu\/index.php\/wp-json\/wp\/v2\/product_brand?post=2612"},{"taxonomy":"product_cat","embeddable":true,"href":"https:\/\/www.vadaszboltcsorna.hu\/index.php\/wp-json\/wp\/v2\/product_cat?post=2612"},{"taxonomy":"product_tag","embeddable":true,"href":"https:\/\/www.vadaszboltcsorna.hu\/index.php\/wp-json\/wp\/v2\/product_tag?post=2612"}],"curies":[{"name":"wp","href":"https:\/\/api.w.org\/{rel}","templated":true}]}}