{"id":2509,"date":"2022-03-08T11:50:55","date_gmt":"2022-03-08T11:50:55","guid":{"rendered":"https:\/\/www.vadaszboltcsorna.hu\/?post_type=product&#038;p=2509"},"modified":"2022-03-08T11:55:57","modified_gmt":"2022-03-08T11:55:57","slug":"browning-kes-bjorn-fixed-olive","status":"publish","type":"product","link":"https:\/\/www.vadaszboltcsorna.hu\/index.php\/termek\/browning-kes-bjorn-fixed-olive\/","title":{"rendered":"Browning k\u00e9s (Bjorn Fixed, olive)"},"content":{"rendered":"<h2><strong>Browning k\u00e9s (Bjorn Fixed, olive)<\/strong><\/h2>\n<h3>Cikksz\u00e1m.: 3220416<\/h3>\n<h3>-B\u0151r tok<\/h3>\n<h3>-Massz\u00edv k\u00f6nnyen \u00e9lezhet\u0151<\/h3>\n<h3>-Olajfa markolat<\/h3>\n<h3>-11 cm penge<\/h3>\n","protected":false},"excerpt":{"rendered":"<p>Browning k\u00e9s (Bjorn Fixed, olive) Cikksz\u00e1m.: 3220416 -B\u0151r tok -Massz\u00edv k\u00f6nnyen \u00e9lezhet\u0151 -Olajfa markolat -11 cm penge<\/p>\n","protected":false},"featured_media":2510,"comment_status":"open","ping_status":"closed","template":"","meta":{"_et_pb_use_builder":"","_et_pb_old_content":"","_et_gb_content_width":"","om_disable_all_campaigns":false},"product_brand":[],"product_cat":[21,166,168],"product_tag":[692,681,693,364,70],"class_list":{"0":"post-2509","1":"product","2":"type-product","3":"status-publish","4":"has-post-thumbnail","6":"product_cat-uj","7":"product_cat-kesek","8":"product_cat-torok","9":"product_tag-browning-kes-bjorn-fixed","10":"product_tag-kes","11":"product_tag-olive","12":"product_tag-vadasz-felszereles","13":"product_tag-vadaszat","15":"first","16":"instock","17":"taxable","18":"shipping-taxable","19":"purchasable","20":"product-type-simple"},"_links":{"self":[{"href":"https:\/\/www.vadaszboltcsorna.hu\/index.php\/wp-json\/wp\/v2\/product\/2509","targetHints":{"allow":["GET"]}}],"collection":[{"href":"https:\/\/www.vadaszboltcsorna.hu\/index.php\/wp-json\/wp\/v2\/product"}],"about":[{"href":"https:\/\/www.vadaszboltcsorna.hu\/index.php\/wp-json\/wp\/v2\/types\/product"}],"replies":[{"embeddable":true,"href":"https:\/\/www.vadaszboltcsorna.hu\/index.php\/wp-json\/wp\/v2\/comments?post=2509"}],"wp:featuredmedia":[{"embeddable":true,"href":"https:\/\/www.vadaszboltcsorna.hu\/index.php\/wp-json\/wp\/v2\/media\/2510"}],"wp:attachment":[{"href":"https:\/\/www.vadaszboltcsorna.hu\/index.php\/wp-json\/wp\/v2\/media?parent=2509"}],"wp:term":[{"taxonomy":"product_brand","embeddable":true,"href":"https:\/\/www.vadaszboltcsorna.hu\/index.php\/wp-json\/wp\/v2\/product_brand?post=2509"},{"taxonomy":"product_cat","embeddable":true,"href":"https:\/\/www.vadaszboltcsorna.hu\/index.php\/wp-json\/wp\/v2\/product_cat?post=2509"},{"taxonomy":"product_tag","embeddable":true,"href":"https:\/\/www.vadaszboltcsorna.hu\/index.php\/wp-json\/wp\/v2\/product_tag?post=2509"}],"curies":[{"name":"wp","href":"https:\/\/api.w.org\/{rel}","templated":true}]}}