{"id":2402,"date":"2022-02-23T11:13:26","date_gmt":"2022-02-23T11:13:26","guid":{"rendered":"https:\/\/www.vadaszboltcsorna.hu\/?post_type=product&#038;p=2402"},"modified":"2025-10-29T12:14:49","modified_gmt":"2025-10-29T12:14:49","slug":"declan-46603-barna-vadasznadrag","status":"publish","type":"product","link":"https:\/\/www.vadaszboltcsorna.hu\/index.php\/termek\/declan-46603-barna-vadasznadrag\/","title":{"rendered":"Declan 46603( barna) Vad\u00e1sznadr\u00e1g"},"content":{"rendered":"<h2><strong>Declan 46603( barna) Vad\u00e1sznadr\u00e1g<\/strong><\/h2>\n<h3>Nadr\u00e1g 350 grammos farmer vastags\u00e1g\u00fa alapanyagb\u00f3l<\/h3>\n<h3>95% pamut, 5% elaszt\u00e1n rugalmas alapanyagb\u00f3l, t\u00e9rdfolttal.<\/h3>\n<h3>K\u00e9t als\u00f3 zseb, egy-egy oldalzseb a combokon \u00e9s k\u00e9t nagy m\u00e9ret\u0171 farzseb,<\/h3>\n<h3>kis m\u00e9rt\u00e9kben gum\u00edrozott k\u00e9nyelmi der\u00e9kp\u00e1nt.<\/h3>\n<h3>Reteszelt, er\u0151s\u00edtett varr\u00e1ssal.<\/h3>\n<h3>Barna sz\u00ednben.<\/h3>\n<h3><\/h3>\n<h3><\/h3>\n<p>&nbsp;<\/p>\n","protected":false},"excerpt":{"rendered":"<p>Declan 46603( barna) Vad\u00e1sznadr\u00e1g Nadr\u00e1g 350 grammos farmer vastags\u00e1g\u00fa alapanyagb\u00f3l 95% pamut, 5% elaszt\u00e1n rugalmas alapanyagb\u00f3l, t\u00e9rdfolttal. K\u00e9t als\u00f3 zseb, egy-egy oldalzseb a combokon \u00e9s k\u00e9t nagy m\u00e9ret\u0171 farzseb, kis m\u00e9rt\u00e9kben gum\u00edrozott k\u00e9nyelmi der\u00e9kp\u00e1nt. Reteszelt, er\u0151s\u00edtett varr\u00e1ssal. Barna sz\u00ednben. &nbsp;<\/p>\n","protected":false},"featured_media":2403,"comment_status":"open","ping_status":"closed","template":"","meta":{"_et_pb_use_builder":"","_et_pb_old_content":"","_et_gb_content_width":"","om_disable_all_campaigns":false},"product_brand":[],"product_cat":[21,664,159],"product_tag":[668,666,540,581,70],"class_list":{"0":"post-2402","1":"product","2":"type-product","3":"status-publish","4":"has-post-thumbnail","6":"product_cat-uj","7":"product_cat-nadrag","8":"product_cat-vadasz-ruhazat","9":"product_tag-declan-46603-barna-vadasznadrag","10":"product_tag-nadrag","11":"product_tag-szabadido","12":"product_tag-vadasz-ruhazat","13":"product_tag-vadaszat","15":"first","16":"instock","17":"sale","18":"taxable","19":"shipping-taxable","20":"purchasable","21":"product-type-variable"},"_links":{"self":[{"href":"https:\/\/www.vadaszboltcsorna.hu\/index.php\/wp-json\/wp\/v2\/product\/2402","targetHints":{"allow":["GET"]}}],"collection":[{"href":"https:\/\/www.vadaszboltcsorna.hu\/index.php\/wp-json\/wp\/v2\/product"}],"about":[{"href":"https:\/\/www.vadaszboltcsorna.hu\/index.php\/wp-json\/wp\/v2\/types\/product"}],"replies":[{"embeddable":true,"href":"https:\/\/www.vadaszboltcsorna.hu\/index.php\/wp-json\/wp\/v2\/comments?post=2402"}],"wp:featuredmedia":[{"embeddable":true,"href":"https:\/\/www.vadaszboltcsorna.hu\/index.php\/wp-json\/wp\/v2\/media\/2403"}],"wp:attachment":[{"href":"https:\/\/www.vadaszboltcsorna.hu\/index.php\/wp-json\/wp\/v2\/media?parent=2402"}],"wp:term":[{"taxonomy":"product_brand","embeddable":true,"href":"https:\/\/www.vadaszboltcsorna.hu\/index.php\/wp-json\/wp\/v2\/product_brand?post=2402"},{"taxonomy":"product_cat","embeddable":true,"href":"https:\/\/www.vadaszboltcsorna.hu\/index.php\/wp-json\/wp\/v2\/product_cat?post=2402"},{"taxonomy":"product_tag","embeddable":true,"href":"https:\/\/www.vadaszboltcsorna.hu\/index.php\/wp-json\/wp\/v2\/product_tag?post=2402"}],"curies":[{"name":"wp","href":"https:\/\/api.w.org\/{rel}","templated":true}]}}