{"id":2398,"date":"2022-02-23T10:01:05","date_gmt":"2022-02-23T10:01:05","guid":{"rendered":"https:\/\/www.vadaszboltcsorna.hu\/?post_type=product&#038;p=2398"},"modified":"2025-04-14T10:06:09","modified_gmt":"2025-04-14T10:06:09","slug":"pinewood-caribou-hunt-nadrag-5985-244","status":"publish","type":"product","link":"https:\/\/www.vadaszboltcsorna.hu\/index.php\/termek\/pinewood-caribou-hunt-nadrag-5985-244\/","title":{"rendered":"Pinewood Caribou Hunt nadr\u00e1g 5985\/244"},"content":{"rendered":"<h2><strong>Pinewood Caribou Hunt nadr\u00e1g 5985\/244<\/strong><\/h2>\n<h3><strong>RENDEL\u00c9SRE!!<\/strong><\/h3>\n<h3 class=\"tw-data-text tw-text-large tw-ta\" dir=\"ltr\" data-placeholder=\"Ford\u00edt\u00e1s\"><span class=\"Y2IQFc\" lang=\"hu\"> Vad\u00e1sz- \u00e9s szabadt\u00e9ri nadr\u00e1g testhez\u00e1ll\u00f3 m\u00e9retben.<br \/>\nA nadr\u00e1g t\u00e9rd\u00e9n \u00e9s h\u00e1t\u00e1n 4 ir\u00e1nyban sztreccs anyagb\u00f3l k\u00e9sz\u00fclt er\u0151s elemei vannak az optim\u00e1lis k\u00e9nyelem \u00e9rdek\u00e9ben.<br \/>\nOrganikus impregn\u00e1l\u00e1ssal-Bionic Finish\u00ae Eco kezelve az extra v\u00edz- \u00e9s szennyez\u0151d\u00e9stasz\u00edt\u00f3 tulajdons\u00e1gok \u00e9rdek\u00e9ben.<br \/>\nCsukl\u00f3s t\u00e9rd, kett\u0151s l\u00e1bzseb cipz\u00e1rral \u00e9s nyithat\u00f3 szell\u0151z\u00e9s az extra l\u00e9g\u00e1raml\u00e1s\u00e9rt. Elasztikus der\u00e9kr\u00e9sz.<br \/>\nA l\u00e1b szeg\u00e9lyei cipz\u00e1rasak \u00e9s markolattal \u00e1ll\u00edthat\u00f3k.<\/span><\/h3>\n<h3>M\u00e9retek.: 44, 46, 48, 50, 52, 54, 56, 58, 60, 62, 64,<\/h3>\n<h3><\/h3>\n<p>&nbsp;<\/p>\n","protected":false},"excerpt":{"rendered":"<p>Pinewood Caribou Hunt nadr\u00e1g 5985\/244 RENDEL\u00c9SRE!! Vad\u00e1sz- \u00e9s szabadt\u00e9ri nadr\u00e1g testhez\u00e1ll\u00f3 m\u00e9retben. A nadr\u00e1g t\u00e9rd\u00e9n \u00e9s h\u00e1t\u00e1n 4 ir\u00e1nyban sztreccs anyagb\u00f3l k\u00e9sz\u00fclt er\u0151s elemei vannak az optim\u00e1lis k\u00e9nyelem \u00e9rdek\u00e9ben. Organikus impregn\u00e1l\u00e1ssal-Bionic Finish\u00ae Eco kezelve az extra v\u00edz- \u00e9s szennyez\u0151d\u00e9stasz\u00edt\u00f3 tulajdons\u00e1gok \u00e9rdek\u00e9ben. Csukl\u00f3s t\u00e9rd, kett\u0151s l\u00e1bzseb cipz\u00e1rral \u00e9s nyithat\u00f3 szell\u0151z\u00e9s az extra l\u00e9g\u00e1raml\u00e1s\u00e9rt. Elasztikus der\u00e9kr\u00e9sz. A [&hellip;]<\/p>\n","protected":false},"featured_media":2401,"comment_status":"open","ping_status":"closed","template":"","meta":{"_et_pb_use_builder":"","_et_pb_old_content":"","_et_gb_content_width":"","om_disable_all_campaigns":false},"product_brand":[],"product_cat":[21,664,159],"product_tag":[666,667,540,581,70],"class_list":{"0":"post-2398","1":"product","2":"type-product","3":"status-publish","4":"has-post-thumbnail","6":"product_cat-uj","7":"product_cat-nadrag","8":"product_cat-vadasz-ruhazat","9":"product_tag-nadrag","10":"product_tag-pinewood-caribou-hunt-nadrag-5985-244","11":"product_tag-szabadido","12":"product_tag-vadasz-ruhazat","13":"product_tag-vadaszat","15":"first","16":"instock","17":"taxable","18":"shipping-taxable","19":"purchasable","20":"product-type-variable"},"_links":{"self":[{"href":"https:\/\/www.vadaszboltcsorna.hu\/index.php\/wp-json\/wp\/v2\/product\/2398","targetHints":{"allow":["GET"]}}],"collection":[{"href":"https:\/\/www.vadaszboltcsorna.hu\/index.php\/wp-json\/wp\/v2\/product"}],"about":[{"href":"https:\/\/www.vadaszboltcsorna.hu\/index.php\/wp-json\/wp\/v2\/types\/product"}],"replies":[{"embeddable":true,"href":"https:\/\/www.vadaszboltcsorna.hu\/index.php\/wp-json\/wp\/v2\/comments?post=2398"}],"wp:featuredmedia":[{"embeddable":true,"href":"https:\/\/www.vadaszboltcsorna.hu\/index.php\/wp-json\/wp\/v2\/media\/2401"}],"wp:attachment":[{"href":"https:\/\/www.vadaszboltcsorna.hu\/index.php\/wp-json\/wp\/v2\/media?parent=2398"}],"wp:term":[{"taxonomy":"product_brand","embeddable":true,"href":"https:\/\/www.vadaszboltcsorna.hu\/index.php\/wp-json\/wp\/v2\/product_brand?post=2398"},{"taxonomy":"product_cat","embeddable":true,"href":"https:\/\/www.vadaszboltcsorna.hu\/index.php\/wp-json\/wp\/v2\/product_cat?post=2398"},{"taxonomy":"product_tag","embeddable":true,"href":"https:\/\/www.vadaszboltcsorna.hu\/index.php\/wp-json\/wp\/v2\/product_tag?post=2398"}],"curies":[{"name":"wp","href":"https:\/\/api.w.org\/{rel}","templated":true}]}}