{"id":2078,"date":"2022-02-16T11:42:18","date_gmt":"2022-02-16T11:42:18","guid":{"rendered":"https:\/\/www.vadaszboltcsorna.hu\/?post_type=product&#038;p=2078"},"modified":"2025-03-17T10:58:36","modified_gmt":"2025-03-17T10:58:36","slug":"bresser-hunter-kereso-tavcso-8x40","status":"publish","type":"product","link":"https:\/\/www.vadaszboltcsorna.hu\/index.php\/termek\/bresser-hunter-kereso-tavcso-8x40\/","title":{"rendered":"Bresser Hunter keres\u0151 t\u00e1vcs\u0151 8&#215;40"},"content":{"rendered":"<h2><strong>Bresser Hunter keres\u0151 t\u00e1vcs\u0151 8&#215;40<\/strong><\/h2>\n<h3>T\u00e1vcs\u0151 &#8211; binokul\u00e1ris<\/h3>\n<h3>-8\u00d7 nagy\u00edt\u00e1s,<br \/>\n-val\u00f3s l\u00e1t\u00f3mez\u0151: 7,6 \u00b0,<br \/>\n-l\u00e1tsz\u00f3lagos l\u00e1t\u00f3mez\u0151: 59,7 \u00b0,<br \/>\n-bjekt\u00edv \u00e1tm\u00e9r\u0151je: 40 mm,<br \/>\n-dioptria korrekci\u00f3,<br \/>\n-t\u00f6mege: 674 g<\/h3>\n<h3>Er\u0151teljes \u00e9s univerz\u00e1lis Bresser Hunter 8\u00d740 t\u00e1vcs\u0151<br \/>\nAlkalmas gyeng\u00e9bb f\u00e9nyviszonyok eset\u00e9n is<br \/>\nAz optika BK-7 t\u00edpus\u00fa \u00fcvegb\u0151l k\u00e9sz\u00fclt<br \/>\n&#8222;Fully Coating&#8221; t\u00fckr\u00f6z\u0151d\u00e9sg\u00e1tl\u00f3 bevonat a fokozott k\u00e9ptisztas\u00e1g \u00e9rdek\u00e9ben<br \/>\nF\u00f3kusz\u00e1l\u00e1s k\u00f6zponti csavarral<br \/>\nDioptri\u00e1s korrekci\u00f3val rendelkezik<br \/>\nA gum\u00edrozott test k\u00e9nyelmes, szil\u00e1rd \u00e9s biztons\u00e1gos tart\u00e1st garant\u00e1l<br \/>\nEgy speci\u00e1lis adapter seg\u00edts\u00e9g\u00e9vel \u00e1llv\u00e1nyra telep\u00edthet\u0151.<\/h3>\n<h3><strong>Az \u00e1rak t\u00e1j\u00e9koztat\u00f3 jelleg\u0171ek, az \u00e1rv\u00e1ltoz\u00e1s jog\u00e1t fenntartjuk!<\/strong><\/h3>\n<p>&nbsp;<\/p>\n","protected":false},"excerpt":{"rendered":"<p>Bresser Hunter keres\u0151 t\u00e1vcs\u0151 8&#215;40 T\u00e1vcs\u0151 &#8211; binokul\u00e1ris -8\u00d7 nagy\u00edt\u00e1s, -val\u00f3s l\u00e1t\u00f3mez\u0151: 7,6 \u00b0, -l\u00e1tsz\u00f3lagos l\u00e1t\u00f3mez\u0151: 59,7 \u00b0, -bjekt\u00edv \u00e1tm\u00e9r\u0151je: 40 mm, -dioptria korrekci\u00f3, -t\u00f6mege: 674 g Er\u0151teljes \u00e9s univerz\u00e1lis Bresser Hunter 8\u00d740 t\u00e1vcs\u0151 Alkalmas gyeng\u00e9bb f\u00e9nyviszonyok eset\u00e9n is Az optika BK-7 t\u00edpus\u00fa \u00fcvegb\u0151l k\u00e9sz\u00fclt &#8222;Fully Coating&#8221; t\u00fckr\u00f6z\u0151d\u00e9sg\u00e1tl\u00f3 bevonat a fokozott k\u00e9ptisztas\u00e1g \u00e9rdek\u00e9ben F\u00f3kusz\u00e1l\u00e1s k\u00f6zponti [&hellip;]<\/p>\n","protected":false},"featured_media":2079,"comment_status":"open","ping_status":"closed","template":"","meta":{"_et_pb_use_builder":"","_et_pb_old_content":"","_et_gb_content_width":"","om_disable_all_campaigns":false},"product_brand":[],"product_cat":[21,65],"product_tag":[635,67,540,85],"class_list":{"0":"post-2078","1":"product","2":"type-product","3":"status-publish","4":"has-post-thumbnail","6":"product_cat-uj","7":"product_cat-keresotavcso","8":"product_tag-bresser-hunter-kereso-tavcso-8x40","9":"product_tag-keresotavcso","10":"product_tag-szabadido","11":"product_tag-vadaszfelszereles","13":"first","14":"instock","15":"taxable","16":"shipping-taxable","17":"purchasable","18":"product-type-simple"},"_links":{"self":[{"href":"https:\/\/www.vadaszboltcsorna.hu\/index.php\/wp-json\/wp\/v2\/product\/2078","targetHints":{"allow":["GET"]}}],"collection":[{"href":"https:\/\/www.vadaszboltcsorna.hu\/index.php\/wp-json\/wp\/v2\/product"}],"about":[{"href":"https:\/\/www.vadaszboltcsorna.hu\/index.php\/wp-json\/wp\/v2\/types\/product"}],"replies":[{"embeddable":true,"href":"https:\/\/www.vadaszboltcsorna.hu\/index.php\/wp-json\/wp\/v2\/comments?post=2078"}],"wp:featuredmedia":[{"embeddable":true,"href":"https:\/\/www.vadaszboltcsorna.hu\/index.php\/wp-json\/wp\/v2\/media\/2079"}],"wp:attachment":[{"href":"https:\/\/www.vadaszboltcsorna.hu\/index.php\/wp-json\/wp\/v2\/media?parent=2078"}],"wp:term":[{"taxonomy":"product_brand","embeddable":true,"href":"https:\/\/www.vadaszboltcsorna.hu\/index.php\/wp-json\/wp\/v2\/product_brand?post=2078"},{"taxonomy":"product_cat","embeddable":true,"href":"https:\/\/www.vadaszboltcsorna.hu\/index.php\/wp-json\/wp\/v2\/product_cat?post=2078"},{"taxonomy":"product_tag","embeddable":true,"href":"https:\/\/www.vadaszboltcsorna.hu\/index.php\/wp-json\/wp\/v2\/product_tag?post=2078"}],"curies":[{"name":"wp","href":"https:\/\/api.w.org\/{rel}","templated":true}]}}