{"id":2067,"date":"2022-02-16T08:27:48","date_gmt":"2022-02-16T08:27:48","guid":{"rendered":"https:\/\/www.vadaszboltcsorna.hu\/?post_type=product&#038;p=2067"},"modified":"2026-05-07T20:24:43","modified_gmt":"2026-05-07T20:24:43","slug":"gamo-6x40-wr-celtavcso","status":"publish","type":"product","link":"https:\/\/www.vadaszboltcsorna.hu\/index.php\/termek\/gamo-6x40-wr-celtavcso\/","title":{"rendered":"GAMO 6&#215;40 WR c\u00e9lt\u00e1vcs\u0151"},"content":{"rendered":"<h2><strong>GAMO 6&#215;40 WR c\u00e9lt\u00e1vcs\u0151<\/strong><\/h2>\n<div id=\"productDescription\" class=\"description biggerText\">\n<h3>\u00a0A Gamo c\u00e9lt\u00e1vcs\u00f6veket a Gamo c\u00e9g kifejezetten r\u00fag\u00f3s\/dugatty\u00fas l\u00e9gfegyverekhez gy\u00e1rtja. Emiatt szinte az egyetlen a piacon a Gamo WR sz\u00e9ria, ami j\u00f3l b\u00edrja a r\u00e1zk\u00f3d\u00e1st \u00e9s nem megy t\u00f6nkre,nem \u00e1ll\u00edt\u00f3dik el. A Gamo a saj\u00e1t 23J-s fegyvereihez is ezt aj\u00e1nlja. A legt\u00f6bb t\u00e1vcs\u00f6v\u00e9hez tartoz\u00e9k a min\u0151s\u00e9gi szerel\u00e9k is!A j\u00f3 min\u0151s\u00e9g\u0171 bevonattal ell\u00e1tott lencs\u00e9knek k\u00f6sz\u00f6nhet\u0151en gy\u00f6ny\u00f6r\u0171,tiszta k\u00e9pet ad vissza szinte minden k\u00f6r\u00fclm\u00e9nyek k\u00f6z\u00f6tt.<\/h3>\n<h3>A t\u00e1vcs\u00f6vekre garancia 1 \u00e9v.<\/h3>\n<h3>Garanci\u00e1lisan Felhaszn\u00e1lhat\u00f3:Goly\u00f3s fegyver 2000J-ig.Airsoft,Pcp,Pca fegyvereken korl\u00e1tlan energi\u00e1ig,rug\u00f3s\/dugatty\u00fas fegyveren 15J-ig.<\/h3>\n<h3>Gamo 6&#215;40 c\u00e9lt\u00e1vcs\u00f6 aj\u00e1nlott er\u0151s l\u00e9gpusk\u00e1khoz.Az egyik leger\u0151sebb a &#8222;WR&#8221; sz\u00e9ri\u00e1ban.<\/h3>\n<h3>&#8211; Tubus m\u00e9ret 1col ( 25,4mm)<\/h3>\n<h3>-Aj\u00e1nlott felhaszn\u00e1l\u00e1si t\u00e1vols\u00e1g: 10-40m\u00e9ter.<\/h3>\n<h3>&#8211; L\u00e1t\u00f3mez\u0151: 3.8\u00ba\/6 M, 100 m\u00e9teren.<br \/>\n&#8211; Felbont\u00e1s : 5.6&#8243;.<br \/>\n&#8211; Nagy\u00edt\u00e1s: 6x.<br \/>\n&#8211; Kil\u00e9p\u0151 pupilla \u00e1tm\u00e9r\u0151: 6.6 mm.<br \/>\n&#8211; Betekint\u00e9si t\u00e1vols\u00e1g: 78.8 mm.<br \/>\n&#8211; Dioptria kompenz\u00e1ci\u00f3: +\/-1.5 D.<br \/>\n&#8211; V\u00edzszintes mozg\u00e1s: balra 30&#8242; \u00e9s jobbra 30&#8242;.<br \/>\n&#8211; F\u00fcgg\u0151leges mozg\u00e1s: fel 30&#8242; \u00e9s le 30&#8242; .<br \/>\n&#8211; Kattint\u00e1s: 1\/4&#8243;.<\/h3>\n<h3>&#8211; S\u00faly: 400 gr.<br \/>\n&#8211; Hossz: 312 mm.<br \/>\n&#8211; Er\u0151s szerel\u00e9kkel az \u00e1rban!<br \/>\n&#8211; Csavarok a prec\u00edz be\u00e1ll\u00edt\u00e1shoz<\/h3>\n<h3>Technikai inform\u00e1ci\u00f3.:<br \/>\n&#8211; A l\u00e1t\u00f3mez\u0151 m\u00e9rt\u00e9ke azonos 3.8 fok, azonos a 6 m\u00e9teres l\u00e1t\u00f3mez\u0151 vari\u00e1ci\u00f3val 100 m\u00e9teren.<br \/>\n&#8211; Kil\u00e9p\u0151 pupilla \u00e1tm\u00e9r\u0151: a t\u00e1vols\u00e1gm\u00e9r\u0151be bel\u00e9p\u0151 f\u00e9nyt m\u00e9ri.<br \/>\n&#8211; Betekint\u00e9si t\u00e1vols\u00e1g: a szem \u00e9s a lencse t\u00e1vols\u00e1ga.<br \/>\n&#8211; Dioptria kompenz\u00e1ci\u00f3: A lencs\u00e9k fokozata.<br \/>\n&#8211; Oldalir\u00e1ny\u00fa elt\u00e9r\u00e9s: a becsap\u00f3d\u00e1si pont oldalir\u00e1ny\u00fa elt\u00e9r\u00e9se.<br \/>\n&#8211; Magass\u00e1g: a becsap\u00f3d\u00e1si pont magass\u00e1g\u00e1nak \u00e1ll\u00edt\u00e1sa.<\/h3>\n<h3><strong>Az \u00e1rak t\u00e1j\u00e9koztat\u00f3 jelleg\u0171ek, az \u00e1rv\u00e1ltoz\u00e1s jog\u00e1t fenntartjuk!<\/strong><\/h3>\n<\/div>\n<h3 class=\"wrapper bot-border\"><\/h3>\n<p>&nbsp;<\/p>\n","protected":false},"excerpt":{"rendered":"<p>GAMO 6&#215;40 WR c\u00e9lt\u00e1vcs\u0151 \u00a0A Gamo c\u00e9lt\u00e1vcs\u00f6veket a Gamo c\u00e9g kifejezetten r\u00fag\u00f3s\/dugatty\u00fas l\u00e9gfegyverekhez gy\u00e1rtja. Emiatt szinte az egyetlen a piacon a Gamo WR sz\u00e9ria, ami j\u00f3l b\u00edrja a r\u00e1zk\u00f3d\u00e1st \u00e9s nem megy t\u00f6nkre,nem \u00e1ll\u00edt\u00f3dik el. A Gamo a saj\u00e1t 23J-s fegyvereihez is ezt aj\u00e1nlja. A legt\u00f6bb t\u00e1vcs\u00f6v\u00e9hez tartoz\u00e9k a min\u0151s\u00e9gi szerel\u00e9k is!A j\u00f3 min\u0151s\u00e9g\u0171 bevonattal [&hellip;]<\/p>\n","protected":false},"featured_media":2068,"comment_status":"open","ping_status":"closed","template":"","meta":{"_et_pb_use_builder":"","_et_pb_old_content":"","_et_gb_content_width":"","om_disable_all_campaigns":false},"product_brand":[],"product_cat":[21,50,302],"product_tag":[52,631,630,632,540],"class_list":{"0":"post-2067","1":"product","2":"type-product","3":"status-publish","4":"has-post-thumbnail","6":"product_cat-uj","7":"product_cat-celtavcso","8":"product_cat-gamo","9":"product_tag-celtavcso","10":"product_tag-gamo","11":"product_tag-gamo-6x40-wr-celtavcso","12":"product_tag-optika","13":"product_tag-szabadido","15":"first","16":"instock","17":"taxable","18":"shipping-taxable","19":"purchasable","20":"product-type-simple"},"_links":{"self":[{"href":"https:\/\/www.vadaszboltcsorna.hu\/index.php\/wp-json\/wp\/v2\/product\/2067","targetHints":{"allow":["GET"]}}],"collection":[{"href":"https:\/\/www.vadaszboltcsorna.hu\/index.php\/wp-json\/wp\/v2\/product"}],"about":[{"href":"https:\/\/www.vadaszboltcsorna.hu\/index.php\/wp-json\/wp\/v2\/types\/product"}],"replies":[{"embeddable":true,"href":"https:\/\/www.vadaszboltcsorna.hu\/index.php\/wp-json\/wp\/v2\/comments?post=2067"}],"wp:featuredmedia":[{"embeddable":true,"href":"https:\/\/www.vadaszboltcsorna.hu\/index.php\/wp-json\/wp\/v2\/media\/2068"}],"wp:attachment":[{"href":"https:\/\/www.vadaszboltcsorna.hu\/index.php\/wp-json\/wp\/v2\/media?parent=2067"}],"wp:term":[{"taxonomy":"product_brand","embeddable":true,"href":"https:\/\/www.vadaszboltcsorna.hu\/index.php\/wp-json\/wp\/v2\/product_brand?post=2067"},{"taxonomy":"product_cat","embeddable":true,"href":"https:\/\/www.vadaszboltcsorna.hu\/index.php\/wp-json\/wp\/v2\/product_cat?post=2067"},{"taxonomy":"product_tag","embeddable":true,"href":"https:\/\/www.vadaszboltcsorna.hu\/index.php\/wp-json\/wp\/v2\/product_tag?post=2067"}],"curies":[{"name":"wp","href":"https:\/\/api.w.org\/{rel}","templated":true}]}}