{"id":1980,"date":"2022-02-03T10:17:50","date_gmt":"2022-02-03T10:17:50","guid":{"rendered":"https:\/\/www.vadaszboltcsorna.hu\/?post_type=product&#038;p=1980"},"modified":"2026-05-07T20:16:39","modified_gmt":"2026-05-07T20:16:39","slug":"1980","status":"publish","type":"product","link":"https:\/\/www.vadaszboltcsorna.hu\/index.php\/termek\/1980\/","title":{"rendered":"Demar Yetti Pro lescsizma"},"content":{"rendered":"<h2><strong><span style=\"vertical-align: inherit;\"><span style=\"vertical-align: inherit;\">Demar Yetti Pro lecsizma<\/span><\/span><\/strong><\/h2>\n<h3>A csizma sz\u00e1r r\u00e9sze kiemelked\u0151 kop\u00e1s\u00e1ll\u00f3s\u00e1g\u00fa textil anyagb\u00f3l k\u00e9sz\u00fcl, amit nubuk b\u0151r bet\u00e9tek er\u0151s\u00edteken meg. A fels\u0151r\u00e9szt EVA hab alkotja.<\/h3>\n<h3>Az EVA hab olyan speci\u00e1lis anyag amelyben l\u00e9gbubor\u00e9kok tal\u00e1lhat\u00f3ak. 35%-al k\u00f6nnyebb, mint a gumib\u00f3l vagy PVC &#8211; b\u0151l k\u00e9sz\u00fclt csizm\u00e1k. Ebb\u0151l ad\u00f3d\u00f3an, sokkal k\u00e9nyelmesebb, eg\u00e9sz napos viseletre is aj\u00e1nlott. Az EVA rugalmasan alkalmazkodik a l\u00e1bhoz, mindez optim\u00e1lis mozg\u00e1sszabads\u00e1got eredm\u00e9nyez. H\u00e1romszor hosszabb \u00e9lettartam\u00fa, mint versenyt\u00e1rsai!<\/h3>\n<h3>A csizma teljes eg\u00e9sz\u00e9ben v\u00edz\u00e1ll\u00f3, \u00edgy nem okoz gondot egy csapad\u00e9kosabb, viharosabb nap sem.<\/h3>\n<h3>A b\u00e9kanyelves kialak\u00edt\u00e1s g\u00e1tolja a v\u00edz \u00e9s a piszok l\u00e1bbelibe jut\u00e1s\u00e1t.<\/h3>\n<h3 class=\"infoHead\">Bels\u0151 kialak\u00edt\u00e1s<\/h3>\n<h3>T\u00f6bbr\u00e9teg\u0171 gyapj\u00fa b\u00e9l\u00e9se puha tapint\u00e1s\u00fa alapanyagb\u00f3l k\u00e9sz\u00fcl, amely hidegebb id\u0151j\u00e1r\u00e1si k\u00f6r\u00fclm\u00e9nyek k\u00f6z\u00f6tt is melegen tartja a l\u00e1bat.<\/h3>\n<h3>A b\u00e9l\u00e9s kivehet\u0151, \u00e9s 40 \u00b0C-on moshat\u00f3.<\/h3>\n<h3 class=\"infoHead\">Talpr\u00e9sz<\/h3>\n<h3>Az EVA hab talpszerkezet megfelel\u0151 tart\u00e1st \u00e9s k\u00e9nyelmes viseletet ny\u00fajt. Kiemelked\u0151en k\u00f6nny\u0171, \u00edgy hosszabb id\u0151tartamon \u00e1t t\u00f6rt\u00e9n\u0151 visel\u00e9se sem terheli visel\u0151je l\u00e1b\u00e1t.<br \/>\nA talp nem csak k\u00f6nnyen tiszt\u00edthat\u00f3, de stabil, m\u00e9rs\u00e9kelten cs\u00fasz\u00e1smentes bord\u00e1zattal is rendelkezik.<\/h3>\n<h2>M\u00e9ret: 41 42 43 44 45 46 47<\/h2>\n<h3><\/h3>\n<h4><strong>AZ \u00c1RV\u00c1LTOZ\u00c1S JOG\u00c1T FENNTARTJUK!!<\/strong><\/h4>\n","protected":false},"excerpt":{"rendered":"<p>Demar Yetti Pro lecsizma A csizma sz\u00e1r r\u00e9sze kiemelked\u0151 kop\u00e1s\u00e1ll\u00f3s\u00e1g\u00fa textil anyagb\u00f3l k\u00e9sz\u00fcl, amit nubuk b\u0151r bet\u00e9tek er\u0151s\u00edteken meg. A fels\u0151r\u00e9szt EVA hab alkotja. Az EVA hab olyan speci\u00e1lis anyag amelyben l\u00e9gbubor\u00e9kok tal\u00e1lhat\u00f3ak. 35%-al k\u00f6nnyebb, mint a gumib\u00f3l vagy PVC &#8211; b\u0151l k\u00e9sz\u00fclt csizm\u00e1k. Ebb\u0151l ad\u00f3d\u00f3an, sokkal k\u00e9nyelmesebb, eg\u00e9sz napos viseletre is aj\u00e1nlott. Az EVA [&hellip;]<\/p>\n","protected":false},"featured_media":1984,"comment_status":"open","ping_status":"closed","template":"","meta":{"_et_pb_use_builder":"","_et_pb_old_content":"","_et_gb_content_width":"","om_disable_all_campaigns":false},"product_brand":[],"product_cat":[21,163,160],"product_tag":[615,617,618,70],"class_list":{"0":"post-1980","1":"product","2":"type-product","3":"status-publish","4":"has-post-thumbnail","6":"product_cat-uj","7":"product_cat-bakancs","8":"product_cat-labbelik","9":"product_tag-demar","10":"product_tag-demar-yetti-pro-lescsizma","11":"product_tag-lesbakancs","12":"product_tag-vadaszat","14":"first","15":"outofstock","16":"taxable","17":"shipping-taxable","18":"product-type-variable"},"_links":{"self":[{"href":"https:\/\/www.vadaszboltcsorna.hu\/index.php\/wp-json\/wp\/v2\/product\/1980","targetHints":{"allow":["GET"]}}],"collection":[{"href":"https:\/\/www.vadaszboltcsorna.hu\/index.php\/wp-json\/wp\/v2\/product"}],"about":[{"href":"https:\/\/www.vadaszboltcsorna.hu\/index.php\/wp-json\/wp\/v2\/types\/product"}],"replies":[{"embeddable":true,"href":"https:\/\/www.vadaszboltcsorna.hu\/index.php\/wp-json\/wp\/v2\/comments?post=1980"}],"wp:featuredmedia":[{"embeddable":true,"href":"https:\/\/www.vadaszboltcsorna.hu\/index.php\/wp-json\/wp\/v2\/media\/1984"}],"wp:attachment":[{"href":"https:\/\/www.vadaszboltcsorna.hu\/index.php\/wp-json\/wp\/v2\/media?parent=1980"}],"wp:term":[{"taxonomy":"product_brand","embeddable":true,"href":"https:\/\/www.vadaszboltcsorna.hu\/index.php\/wp-json\/wp\/v2\/product_brand?post=1980"},{"taxonomy":"product_cat","embeddable":true,"href":"https:\/\/www.vadaszboltcsorna.hu\/index.php\/wp-json\/wp\/v2\/product_cat?post=1980"},{"taxonomy":"product_tag","embeddable":true,"href":"https:\/\/www.vadaszboltcsorna.hu\/index.php\/wp-json\/wp\/v2\/product_tag?post=1980"}],"curies":[{"name":"wp","href":"https:\/\/api.w.org\/{rel}","templated":true}]}}