{"id":188,"date":"2021-04-14T08:09:47","date_gmt":"2021-04-14T08:09:47","guid":{"rendered":"http:\/\/www.vadaszboltcsorna.hu\/?post_type=product&#038;p=188"},"modified":"2021-05-26T14:17:12","modified_gmt":"2021-05-26T14:17:12","slug":"hubertus-bayard-jagd","status":"publish","type":"product","link":"https:\/\/www.vadaszboltcsorna.hu\/index.php\/termek\/hubertus-bayard-jagd\/","title":{"rendered":"Hubertus Bayard  Jagd"},"content":{"rendered":"<h2><strong>Hubertus Bayard Jagd 12\/76 s\u00f6r\u00e9tes fegyver<br \/>\n<\/strong><\/h2>\n<p>&nbsp;<\/p>\n<h3>A vad\u00e1szok v\u00e9d\u0151szentj\u00e9r\u0151l elnevezett fegyvercsal\u00e1d mindig is k\u00fcl\u00f6nleges helyet foglalt el az aktu\u00e1lisan hozz\u00e1f\u00e9rhet\u0151 l\u0151fegyverek k\u00f6z\u00f6tt. Ezt a megk\u00fcl\u00f6nb\u00f6ztetett figyelmet els\u0151sorban sz\u00e9ps\u00e9g\u00e9nek, eleganci\u00e1j\u00e1nak \u00e9s egyszer\u0171 kezelhet\u0151s\u00e9g\u00e9nek k\u00f6sz\u00f6nheti. Aki Hubertus fegyvert haszn\u00e1l, tudja j\u00f3l, hogy minden vad\u00e1szat egyben felejthetetlen \u00e9lm\u00e9nyt is jelent.<\/h3>\n<h3>Nem v\u00e9letlen, hogy az itt bemutatott Hubertus Bayard Jagd 12\/76 modell is kiemelt figyelmet \u00e9rdemel, hiszen oly m\u00f3don \u00f6tv\u00f6zi a hagyom\u00e1nyt \u00e9s az \u00faj\u00edt\u00e1st, hogy haszn\u00e1lata m\u00e9gis egyszer\u0171, \u00e9lvezetes maradjon.<\/h3>\n<h3>A trad\u00edci\u00f3hoz h\u0171en, Hubertus Bayard Jagd 12\/76 is gy\u00f6ny\u00f6r\u0171en megmunk\u00e1lt fegyver, egyfokozat\u00fa, aranybor\u00edt\u00e1s\u00fa els\u00fct\u0151rendszerrel. A pofad\u00e9k \u00e9s az agyaz\u00e1s gondosan v\u00e1logatott, kemenc\u00e9ben sz\u00e1r\u00edtott t\u00f6r\u00f6k di\u00f3f\u00e1b\u00f3l k\u00e9sz\u00fclt, amit matt lakkbor\u00edt\u00e1s tesz id\u0151t\u00e1ll\u00f3v\u00e1, tetszet\u0151ss\u00e9 \u00e9s p\u00e1ratasz\u00edt\u00f3v\u00e1. A m\u00e9g k\u00e9nyelmesebb haszn\u00e1lat el\u00e9r\u00e9s\u00e9hez, gumiagytalppal, azaz l\u00f6k\u00e9stomp\u00edt\u00f3 funkci\u00f3val is b\u00edr.<\/h3>\n<h3>A tetszet\u0151s k\u00fcls\u0151 biztos\u00edt\u00e1sa \u00e9rdek\u00e9ben a Hubertus Bayard Jagd 12\/76 modellt ac\u00e9l els\u00fct\u0151szerkezettel, finom grav\u00edroz\u00e1ssal \u00e9s feh\u00e9r kr\u00f3m bevonattal l\u00e1tt\u00e1k el. Cs\u00f6ve nikkel-kr\u00f3m-molibd\u00e9n, k\u00edv\u00fclr\u0151l kem\u00e9ny fekete kr\u00f3m bor\u00edt\u00e1s l\u00e1that\u00f3, bel\u00fcl kem\u00e9ny feh\u00e9r kr\u00f3m tal\u00e1lhat\u00f3. A puska automata t\u00f6lt\u00e9nykivet\u0151 szerkezettel felszerelt.<\/h3>\n<p>&nbsp;<\/p>\n<h3>Jellemz\u0151k:<\/h3>\n<h3>\u00a0-Kaliber:12\/76<\/h3>\n<h3>-Cs\u0151hossz: 71 ill. 76 cm.<\/h3>\n<h3>-H\u00fcvelykivon\u00f3<\/h3>\n<h3>-Csere choke : 5 db<\/h3>\n<h3>A le\u00edr\u00e1sban szerepl\u0151 adatok t\u00e1j\u00e9koztat\u00f3 jelleg\u0171ek, t\u00edpusonk\u00e9nt v\u00e1ltozhat!<br \/>\nKaliberekr\u0151l \u00e9s egy\u00e9b inform\u00e1ci\u00f3kr\u00f3l k\u00e9rj\u00fck \u00e9rdekl\u0151dj\u00f6n!<\/h3>\n<h3><strong>A fegyvert\u00f6rv\u00e9ny \u00e9rtelm\u00e9ben, fegyvert, l\u0151szert kiz\u00e1r\u00f3lag szem\u00e9lyesen,az \u00fczletben fegyvertart\u00e1si enged\u00e9ly birtok\u00e1ban lehet v\u00e1s\u00e1rolni!<\/strong><br \/>\n<strong>A webshopban megrendelt fegyverek NEM ker\u00fclnek kisz\u00e1ll\u00edt\u00e1sra!\u00a0 Tov\u00e1bbi inform\u00e1ci\u00f3\u00e9rt l\u00e1togasson el boltunkba!<\/strong><\/h3>\n<h3>Az \u00e1rak t\u00e1j\u00e9koztat\u00f3 jelleg\u0171ek!<br \/>\nAz \u00e1rv\u00e1ltoz\u00e1s jog\u00e1t fenntartjuk!<\/h3>\n<h3><\/h3>\n<p>&nbsp;<\/p>\n","protected":false},"excerpt":{"rendered":"<p>Hubertus Bayard Jagd 12\/76 s\u00f6r\u00e9tes fegyver &nbsp; A vad\u00e1szok v\u00e9d\u0151szentj\u00e9r\u0151l elnevezett fegyvercsal\u00e1d mindig is k\u00fcl\u00f6nleges helyet foglalt el az aktu\u00e1lisan hozz\u00e1f\u00e9rhet\u0151 l\u0151fegyverek k\u00f6z\u00f6tt. Ezt a megk\u00fcl\u00f6nb\u00f6ztetett figyelmet els\u0151sorban sz\u00e9ps\u00e9g\u00e9nek, eleganci\u00e1j\u00e1nak \u00e9s egyszer\u0171 kezelhet\u0151s\u00e9g\u00e9nek k\u00f6sz\u00f6nheti. Aki Hubertus fegyvert haszn\u00e1l, tudja j\u00f3l, hogy minden vad\u00e1szat egyben felejthetetlen \u00e9lm\u00e9nyt is jelent. Nem v\u00e9letlen, hogy az itt bemutatott Hubertus [&hellip;]<\/p>\n","protected":false},"featured_media":189,"comment_status":"open","ping_status":"closed","template":"","meta":{"_et_pb_use_builder":"","_et_pb_old_content":"","_et_gb_content_width":"","om_disable_all_campaigns":false},"product_brand":[],"product_cat":[21,16,35,18],"product_tag":[105,107,108,97,49],"class_list":{"0":"post-188","1":"product","2":"type-product","3":"status-publish","4":"has-post-thumbnail","6":"product_cat-uj","7":"product_cat-fegyver","8":"product_cat-hubertus","9":"product_cat-soretes-fegyver","10":"product_tag-12-76","11":"product_tag-hubertus","12":"product_tag-hubertus-bayard-jagd","13":"product_tag-soretes-vadaszfegyver","14":"product_tag-vadaszpuska","16":"first","17":"instock","18":"taxable","19":"shipping-taxable","20":"product-type-simple"},"_links":{"self":[{"href":"https:\/\/www.vadaszboltcsorna.hu\/index.php\/wp-json\/wp\/v2\/product\/188","targetHints":{"allow":["GET"]}}],"collection":[{"href":"https:\/\/www.vadaszboltcsorna.hu\/index.php\/wp-json\/wp\/v2\/product"}],"about":[{"href":"https:\/\/www.vadaszboltcsorna.hu\/index.php\/wp-json\/wp\/v2\/types\/product"}],"replies":[{"embeddable":true,"href":"https:\/\/www.vadaszboltcsorna.hu\/index.php\/wp-json\/wp\/v2\/comments?post=188"}],"wp:featuredmedia":[{"embeddable":true,"href":"https:\/\/www.vadaszboltcsorna.hu\/index.php\/wp-json\/wp\/v2\/media\/189"}],"wp:attachment":[{"href":"https:\/\/www.vadaszboltcsorna.hu\/index.php\/wp-json\/wp\/v2\/media?parent=188"}],"wp:term":[{"taxonomy":"product_brand","embeddable":true,"href":"https:\/\/www.vadaszboltcsorna.hu\/index.php\/wp-json\/wp\/v2\/product_brand?post=188"},{"taxonomy":"product_cat","embeddable":true,"href":"https:\/\/www.vadaszboltcsorna.hu\/index.php\/wp-json\/wp\/v2\/product_cat?post=188"},{"taxonomy":"product_tag","embeddable":true,"href":"https:\/\/www.vadaszboltcsorna.hu\/index.php\/wp-json\/wp\/v2\/product_tag?post=188"}],"curies":[{"name":"wp","href":"https:\/\/api.w.org\/{rel}","templated":true}]}}

<h2><strong>Hubertus Bayard Jagd 12/76 sörétes fegyver<br />
</strong></h2>
<p>&nbsp;</p>
<h3>A vadászok védőszentjéről elnevezett fegyvercsalád mindig is különleges helyet foglalt el az aktuálisan hozzáférhető lőfegyverek között. Ezt a megkülönböztetett figyelmet elsősorban szépségének, eleganciájának és egyszerű kezelhetőségének köszönheti. Aki Hubertus fegyvert használ, tudja jól, hogy minden vadászat egyben felejthetetlen élményt is jelent.</h3>
<h3>Nem véletlen, hogy az itt bemutatott Hubertus Bayard Jagd 12/76 modell is kiemelt figyelmet érdemel, hiszen oly módon ötvözi a hagyományt és az újítást, hogy használata mégis egyszerű, élvezetes maradjon.</h3>
<h3>A tradícióhoz hűen, Hubertus Bayard Jagd 12/76 is gyönyörűen megmunkált fegyver, egyfokozatú, aranyborítású elsütőrendszerrel. A pofadék és az agyazás gondosan válogatott, kemencében szárított török diófából készült, amit matt lakkborítás tesz időtállóvá, tetszetőssé és párataszítóvá. A még kényelmesebb használat eléréséhez, gumiagytalppal, azaz lökéstompító funkcióval is bír.</h3>
<h3>A tetszetős külső biztosítása érdekében a Hubertus Bayard Jagd 12/76 modellt acél elsütőszerkezettel, finom gravírozással és fehér króm bevonattal látták el. Csöve nikkel-króm-molibdén, kívülről kemény fekete króm borítás látható, belül kemény fehér króm található. A puska automata tölténykivető szerkezettel felszerelt.</h3>
<p>&nbsp;</p>
<h3>Jellemzők:</h3>
<h3> -Kaliber:12/76</h3>
<h3>-Csőhossz: 71 ill. 76 cm.</h3>
<h3>-Hüvelykivonó</h3>
<h3>-Csere choke : 5 db</h3>
<h3>A leírásban szereplő adatok tájékoztató jellegűek, típusonként változhat!<br />
Kaliberekről és egyéb információkról kérjük érdeklődjön!</h3>
<h3><strong>A fegyvertörvény értelmében, fegyvert, lőszert kizárólag személyesen,az üzletben fegyvertartási engedély birtokában lehet vásárolni!</strong><br />
<strong>A webshopban megrendelt fegyverek NEM kerülnek kiszállításra!  További információért látogasson el boltunkba!</strong></h3>
<h3>Az árak tájékoztató jellegűek!<br />
Az árváltozás jogát fenntartjuk!</h3>
<h3></h3>
<p>&nbsp;</p>

<p>Hubertus Bayard Jagd 12/76 sörétes fegyver &nbsp; A vadászok védőszentjéről elnevezett fegyvercsalád mindig is különleges helyet foglalt el az aktuálisan hozzáférhető lőfegyverek között. Ezt a megkülönböztetett figyelmet elsősorban szépségének, eleganciájának és egyszerű kezelhetőségének köszönheti. Aki Hubertus fegyvert használ, tudja jól, hogy minden vadászat egyben felejthetetlen élményt is jelent. Nem véletlen, hogy az itt bemutatott Hubertus [&hellip;]</p>
