{"id":1844,"date":"2022-01-25T10:16:10","date_gmt":"2022-01-25T10:16:10","guid":{"rendered":"https:\/\/www.vadaszboltcsorna.hu\/?post_type=product&#038;p=1844"},"modified":"2025-05-27T13:28:33","modified_gmt":"2025-05-27T13:28:33","slug":"delta-optical-titanium-8x56-tavcso","status":"publish","type":"product","link":"https:\/\/www.vadaszboltcsorna.hu\/index.php\/termek\/delta-optical-titanium-8x56-tavcso\/","title":{"rendered":"Delta Optical Titanium 8&#215;56 t\u00e1vcs\u0151"},"content":{"rendered":"<h2><strong>Delta Optical Titanium 8&#215;56 t\u00e1vcs\u0151<\/strong><\/h2>\n<h4>A Delta Optical Titanium keres\u0151t\u00e1vcs\u00f6veit kifejezetten a vad\u00e1szok sz\u00e1m\u00e1ra tervezt\u00e9k. Magyarorsz\u00e1gon a 8&#215;56 hagyom\u00e1nyos Porro prizm\u00e1s Titanium keres\u0151t\u00e1vcs\u0151 az egyik legjobb \u00e1r-\u00e9rt\u00e9k ar\u00e1ny\u00fa term\u00e9k a maga kateg\u00f3ri\u00e1j\u00e1ban, \u00e9s ez\u00e9rt nagyon n\u00e9pszer\u0171 a vad\u00e1szok k\u00f6r\u00e9ben. Sz\u00fcrk\u00fcleti teljes\u00edtm\u00e9ny\u00fck nagyon j\u00f3, sok neves l\u00e9nyegesen dr\u00e1g\u00e1bb modellj\u00e9vel vetekszik. Az optikai elemek j\u00f3 min\u0151s\u00e9g\u0171 \u00fcveganyagb\u00f3l k\u00e9sz\u00fclnek, \u00e9s t\u00f6bb r\u00e9teg\u0171, t\u00fckr\u00f6z\u0151d\u00e9s g\u00e1tl\u00f3 bevonattal vannak ell\u00e1tva. Ennek k\u00f6sz\u00f6nhet\u0151en a t\u00e1vcs\u0151 f\u00e9ny\u00e1tereszt\u00e9se 90% f\u00f6l\u00f6tt van, ami igen magas \u00e9rt\u00e9k.<\/h4>\n<h4>A t\u00e1vcs\u00f6vek optik\u00e1i k\u00fcl\u00f6nleges \u00fcveganyagb\u00f3l k\u00e9sz\u00fclnek, minden \u00fcveg-leveg\u0151 fel\u00fcleten FMC bevonattal, \u00edgy nagyon magas k\u00e9pkontraszt \u00e9s f\u00e9ny\u00e1tereszt\u00e9s jellemzi mindegyik modellt. A t\u00e1vcs\u00f6vek f\u00e9nyhasznos\u00edt\u00e1sa nagyon magas! Nitrog\u00e9nt\u00f6lt\u00e9s\u0171, \u00fct\u00e9s\u00e1ll\u00f3, k\u00fcl\u00f6n\u00f6sen strapab\u00edr\u00f3.<\/h4>\n<h4>Kifejezetten \u00e9jszakai vad\u00e1szatra kifejlesztett Titanium keres\u0151. Sz\u00fcrk\u00fcleti teljes\u00edtm\u00e9ny\u00fck a legjobb, legnevesebb m\u00e1rk\u00e1k t\u00e1vcs\u00f6veivel egyen\u00e9rt\u00e9k\u0171, sok esetben m\u00e9g azokn\u00e1l is jobb.<\/h4>\n<h4><\/h4>\n<table style=\"width: 260px; height: 684px;\" border=\"0\">\n<tbody>\n<tr style=\"height: 111px;\">\n<th style=\"width: 128.206px; height: 60px;\">\n<h5>N\u00e9v<\/h5>\n<\/th>\n<th style=\"width: 118.912px; height: 60px;\">\n<h5>8&#215;56 Delta Titanium binokul\u00e1r<\/h5>\n<\/th>\n<\/tr>\n<tr style=\"height: 75px;\">\n<td style=\"width: 128.206px; height: 38px;\">\n<h5><strong>\u00e1tm\u00e9r\u0151<\/strong><\/h5>\n<\/td>\n<td style=\"width: 118.912px; height: 38px;\">\n<h5>56 mm<\/h5>\n<\/td>\n<\/tr>\n<tr style=\"height: 75px;\">\n<td style=\"width: 128.206px; height: 50px;\">\n<h5><strong>nagy\u00edt\u00e1s<\/strong><\/h5>\n<\/td>\n<td style=\"width: 118.912px; height: 50px;\">\n<h5>8x<\/h5>\n<\/td>\n<\/tr>\n<tr style=\"height: 75px;\">\n<td style=\"width: 128.206px; height: 75px;\">\n<h5><strong>l\u00e1t\u00f3mez\u0151<\/strong><\/h5>\n<\/td>\n<td style=\"width: 118.912px; height: 75px;\">\n<h5>112 m\/1000 m<\/h5>\n<\/td>\n<\/tr>\n<tr style=\"height: 75px;\">\n<td style=\"width: 128.206px; height: 75px;\">\n<h5><strong>k\u00f6zelpont<\/strong><\/h5>\n<\/td>\n<td style=\"width: 118.912px; height: 75px;\">\n<h5>5 m<\/h5>\n<\/td>\n<\/tr>\n<tr style=\"height: 75px;\">\n<td style=\"width: 128.206px; height: 75px;\">\n<h5><strong>l\u00e1t\u00f3sz\u00f6g<\/strong><\/h5>\n<\/td>\n<td style=\"width: 118.912px; height: 75px;\">\n<h5>6,5 fok<\/h5>\n<\/td>\n<\/tr>\n<tr style=\"height: 93px;\">\n<td style=\"width: 128.206px; height: 93px;\">\n<h5><strong>szemlencse \u00e1tm\u00e9r\u0151<\/strong><\/h5>\n<\/td>\n<td style=\"width: 118.912px; height: 93px;\">\n<h5>22 mm<\/h5>\n<\/td>\n<\/tr>\n<tr style=\"height: 75px;\">\n<td style=\"width: 128.206px; height: 75px;\">\n<h5><strong>kil\u00e9p\u0151 pupilla<\/strong><\/h5>\n<\/td>\n<td style=\"width: 118.912px; height: 75px;\">\n<h5>7 mm<\/h5>\n<\/td>\n<\/tr>\n<tr style=\"height: 93px;\">\n<td style=\"width: 128.206px; height: 93px;\">\n<h5><strong>sz\u00fcrk\u00fcleti \u00e9rt\u00e9k<\/strong><\/h5>\n<\/td>\n<td style=\"width: 118.912px; height: 93px;\">\n<h5>21,2<\/h5>\n<\/td>\n<\/tr>\n<tr style=\"height: 93px;\">\n<td style=\"width: 128.206px; height: 40px;\">\n<h5><strong>geometriai f\u00e9nyer\u0151<\/strong><\/h5>\n<\/td>\n<td style=\"width: 118.912px; height: 40px;\">\n<h5>49<\/h5>\n<\/td>\n<\/tr>\n<tr style=\"height: 10px;\">\n<td style=\"width: 128.206px; height: 10px;\">\n<h5><strong>s\u00faly<\/strong><\/h5>\n<\/td>\n<td style=\"width: 118.912px; height: 10px;\">\n<h5>1100g<\/h5>\n<\/td>\n<\/tr>\n<\/tbody>\n<\/table>\n","protected":false},"excerpt":{"rendered":"<p>Delta Optical Titanium 8&#215;56 t\u00e1vcs\u0151 A Delta Optical Titanium keres\u0151t\u00e1vcs\u00f6veit kifejezetten a vad\u00e1szok sz\u00e1m\u00e1ra tervezt\u00e9k. Magyarorsz\u00e1gon a 8&#215;56 hagyom\u00e1nyos Porro prizm\u00e1s Titanium keres\u0151t\u00e1vcs\u0151 az egyik legjobb \u00e1r-\u00e9rt\u00e9k ar\u00e1ny\u00fa term\u00e9k a maga kateg\u00f3ri\u00e1j\u00e1ban, \u00e9s ez\u00e9rt nagyon n\u00e9pszer\u0171 a vad\u00e1szok k\u00f6r\u00e9ben. Sz\u00fcrk\u00fcleti teljes\u00edtm\u00e9ny\u00fck nagyon j\u00f3, sok neves l\u00e9nyegesen dr\u00e1g\u00e1bb modellj\u00e9vel vetekszik. Az optikai elemek j\u00f3 min\u0151s\u00e9g\u0171 \u00fcveganyagb\u00f3l [&hellip;]<\/p>\n","protected":false},"featured_media":1845,"comment_status":"open","ping_status":"closed","template":"","meta":{"_et_pb_use_builder":"","_et_pb_old_content":"","_et_gb_content_width":"","om_disable_all_campaigns":false},"product_brand":[],"product_cat":[21,427,65],"product_tag":[73,428,67,578,364,70,86],"class_list":{"0":"post-1844","1":"product","2":"type-product","3":"status-publish","4":"has-post-thumbnail","6":"product_cat-uj","7":"product_cat-delta-keresotavcso","8":"product_cat-keresotavcso","9":"product_tag-delta","10":"product_tag-delta-optical-titanium-8x56-tavcso","11":"product_tag-keresotavcso","12":"product_tag-termeszet-megfigyeles","13":"product_tag-vadasz-felszereles","14":"product_tag-vadaszat","15":"product_tag-vadaszoptika","17":"first","18":"instock","19":"taxable","20":"shipping-taxable","21":"purchasable","22":"product-type-simple"},"_links":{"self":[{"href":"https:\/\/www.vadaszboltcsorna.hu\/index.php\/wp-json\/wp\/v2\/product\/1844","targetHints":{"allow":["GET"]}}],"collection":[{"href":"https:\/\/www.vadaszboltcsorna.hu\/index.php\/wp-json\/wp\/v2\/product"}],"about":[{"href":"https:\/\/www.vadaszboltcsorna.hu\/index.php\/wp-json\/wp\/v2\/types\/product"}],"replies":[{"embeddable":true,"href":"https:\/\/www.vadaszboltcsorna.hu\/index.php\/wp-json\/wp\/v2\/comments?post=1844"}],"wp:featuredmedia":[{"embeddable":true,"href":"https:\/\/www.vadaszboltcsorna.hu\/index.php\/wp-json\/wp\/v2\/media\/1845"}],"wp:attachment":[{"href":"https:\/\/www.vadaszboltcsorna.hu\/index.php\/wp-json\/wp\/v2\/media?parent=1844"}],"wp:term":[{"taxonomy":"product_brand","embeddable":true,"href":"https:\/\/www.vadaszboltcsorna.hu\/index.php\/wp-json\/wp\/v2\/product_brand?post=1844"},{"taxonomy":"product_cat","embeddable":true,"href":"https:\/\/www.vadaszboltcsorna.hu\/index.php\/wp-json\/wp\/v2\/product_cat?post=1844"},{"taxonomy":"product_tag","embeddable":true,"href":"https:\/\/www.vadaszboltcsorna.hu\/index.php\/wp-json\/wp\/v2\/product_tag?post=1844"}],"curies":[{"name":"wp","href":"https:\/\/api.w.org\/{rel}","templated":true}]}}