{"id":1800,"date":"2021-11-26T09:44:41","date_gmt":"2021-11-26T09:44:41","guid":{"rendered":"https:\/\/www.vadaszboltcsorna.hu\/?post_type=product&#038;p=1800"},"modified":"2025-12-15T07:56:24","modified_gmt":"2025-12-15T07:56:24","slug":"wild-zone-wellsoft-poncho-3in1-m-348","status":"publish","type":"product","link":"https:\/\/www.vadaszboltcsorna.hu\/index.php\/termek\/wild-zone-wellsoft-poncho-3in1-m-348\/","title":{"rendered":"WILD ZONE WELLSOFT PONCHO 3IN1 M-348"},"content":{"rendered":"<h2><strong>WILD ZONE WELLSOFT PONCHO 3IN1 M-348<\/strong><\/h2>\n<p><strong>EL\u0150RENDEL\u00c9SRE, JANU\u00c1RI SZ\u00c1LL\u00cdT\u00c1SSAL!!<\/strong><\/p>\n<h4>Funkci\u00f3k:<br \/>\nP\u00e1rna<br \/>\nTakar\u00f3<br \/>\nPoncho<br \/>\nM\u00e9ret: 140cm x 120cm<\/h4>\n<h4>K\u00f6nny\u0171 meleg,csukj\u00e1s poncho lesvad\u00e1szatra.<\/h4>\n<h4>M\u00e9ret n\u00e9lk\u00fcli.<\/h4>\n<h4>A felt\u00fcntetett \u00e1rak t\u00e1j\u00e9koztat\u00f3 jelleg\u0171ek, aktu\u00e1lis \u00e1rainkr\u00f3l k\u00e9rj\u00fck \u00e9rdekl\u0151dj\u00f6n!<br \/>\nAz \u00e1rv\u00e1ltoztat\u00e1s jog\u00e1t fenntartjuk!<\/h4>\n<p>&nbsp;<\/p>\n","protected":false},"excerpt":{"rendered":"<p>WILD ZONE WELLSOFT PONCHO 3IN1 M-348 EL\u0150RENDEL\u00c9SRE, JANU\u00c1RI SZ\u00c1LL\u00cdT\u00c1SSAL!! Funkci\u00f3k: P\u00e1rna Takar\u00f3 Poncho M\u00e9ret: 140cm x 120cm K\u00f6nny\u0171 meleg,csukj\u00e1s poncho lesvad\u00e1szatra. M\u00e9ret n\u00e9lk\u00fcli. A felt\u00fcntetett \u00e1rak t\u00e1j\u00e9koztat\u00f3 jelleg\u0171ek, aktu\u00e1lis \u00e1rainkr\u00f3l k\u00e9rj\u00fck \u00e9rdekl\u0151dj\u00f6n! Az \u00e1rv\u00e1ltoztat\u00e1s jog\u00e1t fenntartjuk! &nbsp;<\/p>\n","protected":false},"featured_media":1801,"comment_status":"open","ping_status":"closed","template":"","meta":{"_et_pb_use_builder":"","_et_pb_old_content":"","_et_gb_content_width":"","om_disable_all_campaigns":false},"product_brand":[],"product_cat":[21,553,159],"product_tag":[564,70,555,565],"class_list":{"0":"post-1800","1":"product","2":"type-product","3":"status-publish","4":"has-post-thumbnail","6":"product_cat-uj","7":"product_cat-kabat","8":"product_cat-vadasz-ruhazat","9":"product_tag-poncso","10":"product_tag-vadaszat","11":"product_tag-vadaszruhazat","12":"product_tag-wild-zone-wellsoft-poncho-3in1-m-348","14":"first","15":"instock","16":"taxable","17":"shipping-taxable","18":"purchasable","19":"product-type-simple"},"_links":{"self":[{"href":"https:\/\/www.vadaszboltcsorna.hu\/index.php\/wp-json\/wp\/v2\/product\/1800","targetHints":{"allow":["GET"]}}],"collection":[{"href":"https:\/\/www.vadaszboltcsorna.hu\/index.php\/wp-json\/wp\/v2\/product"}],"about":[{"href":"https:\/\/www.vadaszboltcsorna.hu\/index.php\/wp-json\/wp\/v2\/types\/product"}],"replies":[{"embeddable":true,"href":"https:\/\/www.vadaszboltcsorna.hu\/index.php\/wp-json\/wp\/v2\/comments?post=1800"}],"wp:featuredmedia":[{"embeddable":true,"href":"https:\/\/www.vadaszboltcsorna.hu\/index.php\/wp-json\/wp\/v2\/media\/1801"}],"wp:attachment":[{"href":"https:\/\/www.vadaszboltcsorna.hu\/index.php\/wp-json\/wp\/v2\/media?parent=1800"}],"wp:term":[{"taxonomy":"product_brand","embeddable":true,"href":"https:\/\/www.vadaszboltcsorna.hu\/index.php\/wp-json\/wp\/v2\/product_brand?post=1800"},{"taxonomy":"product_cat","embeddable":true,"href":"https:\/\/www.vadaszboltcsorna.hu\/index.php\/wp-json\/wp\/v2\/product_cat?post=1800"},{"taxonomy":"product_tag","embeddable":true,"href":"https:\/\/www.vadaszboltcsorna.hu\/index.php\/wp-json\/wp\/v2\/product_tag?post=1800"}],"curies":[{"name":"wp","href":"https:\/\/api.w.org\/{rel}","templated":true}]}}