{"id":1756,"date":"2021-11-05T08:44:08","date_gmt":"2021-11-05T08:44:08","guid":{"rendered":"https:\/\/www.vadaszboltcsorna.hu\/?post_type=product&#038;p=1756"},"modified":"2023-01-30T09:30:47","modified_gmt":"2023-01-30T09:30:47","slug":"dentler-szerelek-gyuru-o-30mm-dural","status":"publish","type":"product","link":"https:\/\/www.vadaszboltcsorna.hu\/index.php\/termek\/dentler-szerelek-gyuru-o-30mm-dural\/","title":{"rendered":"Dentler Szerel\u00e9k gy\u0171r\u0171 \u00d8-30mm Dural"},"content":{"rendered":"<h2><strong>Dentler Szerel\u00e9k gy\u0171r\u0171 \u00d8-30mm Dural<\/strong><\/h2>\n<div id=\"productDescription\" class=\"description biggerText\">\n<h3><strong>Module BASIS\u00ae<br \/>\n<\/strong><\/h3>\n<h3><strong>Az aktu\u00e1lis \u00e1rr\u00f3l \u00e9rdekl\u0151dj\u00f6n!!<\/strong><\/h3>\n<h3>A vad\u00e1szat olyan soksz\u00edn\u0171, mint a hozz\u00e1 sz\u00fcks\u00e9ges szersz\u00e1mok. A c\u00e9lz\u00f3 t\u00e1vcs\u00f6vekhez kaphat\u00f3 Szerel\u00e9kek ezt, az innovat\u00edv szerkezet\u00fckkel veszik figyelembe, \u00e9s egy\u00fcttm\u0171k\u00f6d\u00e9sben a BASIS\u00ae &#8211; el, biztos\u00edtja \u00f6n\u00f6knek a sz\u00fcks\u00e9ges soksz\u00edn\u0171s\u00e9get.<\/h3>\n<h3><strong>Szerel\u00e9k gy\u0171r\u0171 \u00d8-30mm<\/strong><\/h3>\n<h3>A Duralb\u00f3l vagy ac\u00e9lb\u00f3l k\u00e9sz\u00fclt gy\u0171r\u0171k \u00d8-30mm, az \u00e9p\u00edt\u00e9si magass\u00e1guk, 3,5 mm, 6,5 mm \u00e9s 9,5 mm miatt, nagymennyis\u00e9g\u0171, k\u00fcl\u00f6nb\u00f6z\u0151 c\u00e9lz\u00f3 optik\u00e1nak \u00e9s a hozz\u00e1tartoz\u00f3 egy\u00e9ni ig\u00e9nyeknek megfelel\u0151en lettek kialak\u00edtva. Ezek biztos\u00edtanak, fajt\u00e1jukban els\u0151k\u00e9nt, egy excentrikusan elhelyezett r\u00f6gz\u00edt\u0151 csapot \u00e9s ezzel egy maxim\u00e1lisan 0,6 mm-es mozg\u00e1steret, a c\u00e9lz\u00f3 optika oldals\u00f3 be\u00e1ll\u00edt\u00e1s\u00e1hoz, amivel, k\u00f6lts\u00e9ges manu\u00e1lis be\u00e1ll\u00edt\u00f3k a vad\u00e1szfegyveren, vagy a c\u00e9lz\u00f3 t\u00e1vcs\u0151 Szerel\u00e9ken, elker\u00fclhet\u0151ek.<\/h3>\n<\/div>\n<div id=\"productAttributes\">\n<h3 id=\"attribsOptionsText\">Lehet\u0151s\u00e9gek:<\/h3>\n<div class=\"wrapperAttribsOptions\">\n<h3 class=\"optionName back\">Magass\u00e1g<\/h3>\n<h3 class=\"back\"><input id=\"attrib-8-284\" name=\"id[8]\" type=\"radio\" value=\"284\" \/><label class=\"attribsRadioButton zero\" for=\"attrib-8-284\">3,5 mm<\/label><br \/>\n<input id=\"attrib-8-285\" name=\"id[8]\" type=\"radio\" value=\"285\" \/><label class=\"attribsRadioButton zero\" for=\"attrib-8-285\">6,5 mm<\/label><br \/>\n<input id=\"attrib-8-286\" name=\"id[8]\" type=\"radio\" value=\"286\" \/><label class=\"attribsRadioButton zero\" for=\"attrib-8-286\">9,5 mm<\/label><\/h3>\n<div>\n<h2><strong>A felt\u00fcntetett \u00e1rak t\u00e1j\u00e9koztat\u00f3 jelleg\u0171ek, aktu\u00e1lis \u00e1rainkr\u00f3l k\u00e9rj\u00fck \u00e9rdekl\u0151dj\u00f6n!<br \/>\nAz \u00e1rv\u00e1ltoztat\u00e1s jog\u00e1t fenntartjuk!<\/strong><\/h2>\n<\/div>\n<\/div>\n<\/div>\n","protected":false},"excerpt":{"rendered":"<p>Dentler Szerel\u00e9k gy\u0171r\u0171 \u00d8-30mm Dural Module BASIS\u00ae Az aktu\u00e1lis \u00e1rr\u00f3l \u00e9rdekl\u0151dj\u00f6n!! A vad\u00e1szat olyan soksz\u00edn\u0171, mint a hozz\u00e1 sz\u00fcks\u00e9ges szersz\u00e1mok. A c\u00e9lz\u00f3 t\u00e1vcs\u00f6vekhez kaphat\u00f3 Szerel\u00e9kek ezt, az innovat\u00edv szerkezet\u00fckkel veszik figyelembe, \u00e9s egy\u00fcttm\u0171k\u00f6d\u00e9sben a BASIS\u00ae &#8211; el, biztos\u00edtja \u00f6n\u00f6knek a sz\u00fcks\u00e9ges soksz\u00edn\u0171s\u00e9get. Szerel\u00e9k gy\u0171r\u0171 \u00d8-30mm A Duralb\u00f3l vagy ac\u00e9lb\u00f3l k\u00e9sz\u00fclt gy\u0171r\u0171k \u00d8-30mm, az \u00e9p\u00edt\u00e9si magass\u00e1guk, [&hellip;]<\/p>\n","protected":false},"featured_media":1757,"comment_status":"open","ping_status":"closed","template":"","meta":{"_et_pb_use_builder":"","_et_pb_old_content":"","_et_gb_content_width":"","om_disable_all_campaigns":false},"product_brand":[],"product_cat":[21,374,656],"product_tag":[563,369,364,70],"class_list":{"0":"post-1756","1":"product","2":"type-product","3":"status-publish","4":"has-post-thumbnail","6":"product_cat-uj","7":"product_cat-dentler-szerelek","8":"product_cat-szerelek-gyuru","9":"product_tag-dentler-szerelek-gyuru","10":"product_tag-szerelek","11":"product_tag-vadasz-felszereles","12":"product_tag-vadaszat","14":"first","15":"instock","16":"taxable","17":"shipping-taxable","18":"product-type-simple"},"_links":{"self":[{"href":"https:\/\/www.vadaszboltcsorna.hu\/index.php\/wp-json\/wp\/v2\/product\/1756","targetHints":{"allow":["GET"]}}],"collection":[{"href":"https:\/\/www.vadaszboltcsorna.hu\/index.php\/wp-json\/wp\/v2\/product"}],"about":[{"href":"https:\/\/www.vadaszboltcsorna.hu\/index.php\/wp-json\/wp\/v2\/types\/product"}],"replies":[{"embeddable":true,"href":"https:\/\/www.vadaszboltcsorna.hu\/index.php\/wp-json\/wp\/v2\/comments?post=1756"}],"wp:featuredmedia":[{"embeddable":true,"href":"https:\/\/www.vadaszboltcsorna.hu\/index.php\/wp-json\/wp\/v2\/media\/1757"}],"wp:attachment":[{"href":"https:\/\/www.vadaszboltcsorna.hu\/index.php\/wp-json\/wp\/v2\/media?parent=1756"}],"wp:term":[{"taxonomy":"product_brand","embeddable":true,"href":"https:\/\/www.vadaszboltcsorna.hu\/index.php\/wp-json\/wp\/v2\/product_brand?post=1756"},{"taxonomy":"product_cat","embeddable":true,"href":"https:\/\/www.vadaszboltcsorna.hu\/index.php\/wp-json\/wp\/v2\/product_cat?post=1756"},{"taxonomy":"product_tag","embeddable":true,"href":"https:\/\/www.vadaszboltcsorna.hu\/index.php\/wp-json\/wp\/v2\/product_tag?post=1756"}],"curies":[{"name":"wp","href":"https:\/\/api.w.org\/{rel}","templated":true}]}}

Dentler Szerelék gyűrű Ø-30mm Dural

<h2><strong>Dentler Szerelék gyűrű Ø-30mm Dural</strong></h2>
<div id="productDescription" class="description biggerText">
<h3><strong>Module BASIS®<br />
</strong></h3>
<h3><strong>Az aktuális árról érdeklődjön!!</strong></h3>
<h3>A vadászat olyan sokszínű, mint a hozzá szükséges szerszámok. A célzó távcsövekhez kapható Szerelékek ezt, az innovatív szerkezetükkel veszik figyelembe, és együttműködésben a BASIS® &#8211; el, biztosítja önöknek a szükséges sokszínűséget.</h3>
<h3><strong>Szerelék gyűrű Ø-30mm</strong></h3>
<h3>A Duralból vagy acélból készült gyűrűk Ø-30mm, az építési magasságuk, 3,5 mm, 6,5 mm és 9,5 mm miatt, nagymennyiségű, különböző célzó optikának és a hozzátartozó egyéni igényeknek megfelelően lettek kialakítva. Ezek biztosítanak, fajtájukban elsőként, egy excentrikusan elhelyezett rögzítő csapot és ezzel egy maximálisan 0,6 mm-es mozgásteret, a célzó optika oldalsó beállításához, amivel, költséges manuális beállítók a vadászfegyveren, vagy a célzó távcső Szereléken, elkerülhetőek.</h3>
</div>
<div id="productAttributes">
<h3 id="attribsOptionsText">Lehetőségek:</h3>
<div class="wrapperAttribsOptions">
<h3 class="optionName back">Magasság</h3>
<h3 class="back"><input id="attrib-8-284" name="id[8]" type="radio" value="284" /><label class="attribsRadioButton zero" for="attrib-8-284">3,5 mm</label><br />
<input id="attrib-8-285" name="id[8]" type="radio" value="285" /><label class="attribsRadioButton zero" for="attrib-8-285">6,5 mm</label><br />
<input id="attrib-8-286" name="id[8]" type="radio" value="286" /><label class="attribsRadioButton zero" for="attrib-8-286">9,5 mm</label></h3>
<div>
<h2><strong>A feltüntetett árak tájékoztató jellegűek, aktuális árainkról kérjük érdeklődjön!<br />
Az árváltoztatás jogát fenntartjuk!</strong></h2>
</div>
</div>
</div>

<p>Dentler Szerelék gyűrű Ø-30mm Dural Module BASIS® Az aktuális árról érdeklődjön!! A vadászat olyan sokszínű, mint a hozzá szükséges szerszámok. A célzó távcsövekhez kapható Szerelékek ezt, az innovatív szerkezetükkel veszik figyelembe, és együttműködésben a BASIS® &#8211; el, biztosítja önöknek a szükséges sokszínűséget. Szerelék gyűrű Ø-30mm A Duralból vagy acélból készült gyűrűk Ø-30mm, az építési magasságuk, [&hellip;]</p>
