{"id":1753,"date":"2021-11-04T11:48:13","date_gmt":"2021-11-04T11:48:13","guid":{"rendered":"https:\/\/www.vadaszboltcsorna.hu\/?post_type=product&#038;p=1753"},"modified":"2025-12-16T12:41:43","modified_gmt":"2025-12-16T12:41:43","slug":"pinewood-abisko-lesnadrag-5885","status":"publish","type":"product","link":"https:\/\/www.vadaszboltcsorna.hu\/index.php\/termek\/pinewood-abisko-lesnadrag-5885\/","title":{"rendered":"Pinewood Abisko lesnadr\u00e1g (5885)"},"content":{"rendered":"<h2><strong>Pinewood Abisko lesnadr\u00e1g (5885)<\/strong><\/h2>\n<h4>RENDEL\u00c9SRE!!<\/h4>\n<h4>\u00c9lvezze a hideg t\u00e9li napokat a Pinewood Abisko 2.0 vad\u00e1sznadr\u00e1ggal. B\u00e9lelt az extra k\u00e9nyelem \u00e9s melegs\u00e9g \u00e9rdek\u00e9ben. Sz\u00e9l- \u00e9s v\u00edz\u00e1ll\u00f3 membr\u00e1n. Levehet\u0151 nadr\u00e1gtart\u00f3k.<\/h4>\n<h4>El\u00f6l t\u00e1gas zsebeket tal\u00e1l: k\u00e9zzsebek, k\u00e9t m\u00e1gneses gombokkal ell\u00e1tott l\u00e1bzseb \u00e9s egy cipz\u00e1ras zseb. Az als\u00f3 l\u00e1bsz\u00e1r cipz\u00e1rral \u00e9s kattint\u00f3p\u00e1nttal \u00e1ll\u00edthat\u00f3, a sz\u00f6vet bel\u00fclr\u0151l meger\u0151s\u00edtett a kem\u00e9nyebb t\u00far\u00e1khoz. K\u00f6nnyed\u00e9n leveheti a merev\u00edt\u0151ket \u00e9s a h\u00e1tul cipz\u00e1rral ell\u00e1tott, extra p\u00e1rn\u00e1zott h\u00e1ts\u00f3 r\u00e9szt.<\/h4>\n<h4>\u2013 Sz\u00e9l- \u00e9s v\u00edz\u00e1ll\u00f3 membr\u00e1n<br \/>\n\u2013 P\u00e1rn\u00e1zott az extra melegs\u00e9g\u00e9rt<br \/>\n\u2013 Levehet\u0151 merev\u00edt\u0151k \u00e9s p\u00e1rn\u00e1zott h\u00e1ts\u00f3 r\u00e9sz<br \/>\n\u2013 T\u00e1gas zsebek<br \/>\n\u2013 M\u00e1gneses gombokkal ell\u00e1tott l\u00e1bzsebek<br \/>\n\u2013 L\u00e1bzseb cipz\u00e1rral<br \/>\n\u2013 \u00c1ll\u00edthat\u00f3 l\u00e1bsz\u00e1r alja cipz\u00e1rral \u00e9s kattan\u00f3 p\u00e1nttal<\/h4>\n<h4>S\u00faly: 1400 gramm<br \/>\nM\u00e9retek: 48, 50, 52, 54, 56, 58, 60, 62, 64<\/h4>\n<h4>A felt\u00fcntetett \u00e1rak t\u00e1j\u00e9koztat\u00f3 jelleg\u0171ek, aktu\u00e1lis \u00e1rainkr\u00f3l k\u00e9rj\u00fck \u00e9rdekl\u0151dj\u00f6n!<br \/>\nAz \u00e1rv\u00e1ltoztat\u00e1s jog\u00e1t fenntartjuk!<\/h4>\n<h4><\/h4>\n","protected":false},"excerpt":{"rendered":"<p>Pinewood Abisko lesnadr\u00e1g (5885) RENDEL\u00c9SRE!! \u00c9lvezze a hideg t\u00e9li napokat a Pinewood Abisko 2.0 vad\u00e1sznadr\u00e1ggal. B\u00e9lelt az extra k\u00e9nyelem \u00e9s melegs\u00e9g \u00e9rdek\u00e9ben. Sz\u00e9l- \u00e9s v\u00edz\u00e1ll\u00f3 membr\u00e1n. Levehet\u0151 nadr\u00e1gtart\u00f3k. El\u00f6l t\u00e1gas zsebeket tal\u00e1l: k\u00e9zzsebek, k\u00e9t m\u00e1gneses gombokkal ell\u00e1tott l\u00e1bzseb \u00e9s egy cipz\u00e1ras zseb. Az als\u00f3 l\u00e1bsz\u00e1r cipz\u00e1rral \u00e9s kattint\u00f3p\u00e1nttal \u00e1ll\u00edthat\u00f3, a sz\u00f6vet bel\u00fclr\u0151l meger\u0151s\u00edtett a kem\u00e9nyebb [&hellip;]<\/p>\n","protected":false},"featured_media":1754,"comment_status":"open","ping_status":"closed","template":"","meta":{"_et_pb_use_builder":"","_et_pb_old_content":"","_et_gb_content_width":"","om_disable_all_campaigns":false},"product_brand":[],"product_cat":[21,557,159],"product_tag":[559,558,70,560,555],"class_list":{"0":"post-1753","1":"product","2":"type-product","3":"status-publish","4":"has-post-thumbnail","6":"product_cat-uj","7":"product_cat-lesnadrag","8":"product_cat-vadasz-ruhazat","9":"product_tag-lesnadrag","10":"product_tag-pinewood-abisko-lesnadrag-5885","11":"product_tag-vadaszat","12":"product_tag-vadasznadrag","13":"product_tag-vadaszruhazat","15":"first","16":"outofstock","17":"taxable","18":"shipping-taxable","19":"purchasable","20":"product-type-variable"},"_links":{"self":[{"href":"https:\/\/www.vadaszboltcsorna.hu\/index.php\/wp-json\/wp\/v2\/product\/1753","targetHints":{"allow":["GET"]}}],"collection":[{"href":"https:\/\/www.vadaszboltcsorna.hu\/index.php\/wp-json\/wp\/v2\/product"}],"about":[{"href":"https:\/\/www.vadaszboltcsorna.hu\/index.php\/wp-json\/wp\/v2\/types\/product"}],"replies":[{"embeddable":true,"href":"https:\/\/www.vadaszboltcsorna.hu\/index.php\/wp-json\/wp\/v2\/comments?post=1753"}],"wp:featuredmedia":[{"embeddable":true,"href":"https:\/\/www.vadaszboltcsorna.hu\/index.php\/wp-json\/wp\/v2\/media\/1754"}],"wp:attachment":[{"href":"https:\/\/www.vadaszboltcsorna.hu\/index.php\/wp-json\/wp\/v2\/media?parent=1753"}],"wp:term":[{"taxonomy":"product_brand","embeddable":true,"href":"https:\/\/www.vadaszboltcsorna.hu\/index.php\/wp-json\/wp\/v2\/product_brand?post=1753"},{"taxonomy":"product_cat","embeddable":true,"href":"https:\/\/www.vadaszboltcsorna.hu\/index.php\/wp-json\/wp\/v2\/product_cat?post=1753"},{"taxonomy":"product_tag","embeddable":true,"href":"https:\/\/www.vadaszboltcsorna.hu\/index.php\/wp-json\/wp\/v2\/product_tag?post=1753"}],"curies":[{"name":"wp","href":"https:\/\/api.w.org\/{rel}","templated":true}]}}