{"id":1512,"date":"2021-07-27T10:54:17","date_gmt":"2021-07-27T10:54:17","guid":{"rendered":"https:\/\/www.vadaszboltcsorna.hu\/?post_type=product&#038;p=1512"},"modified":"2026-04-23T10:00:54","modified_gmt":"2026-04-23T10:00:54","slug":"thermacell-mr-ka-lexington-parklampa","status":"publish","type":"product","link":"https:\/\/www.vadaszboltcsorna.hu\/index.php\/termek\/thermacell-mr-ka-lexington-parklampa\/","title":{"rendered":"Thermacell MR-KA lexington parkl\u00e1mpa"},"content":{"rendered":"<h2><strong>Thermacell MR-KA lexington parkl\u00e1mpa<\/strong><\/h2>\n<h3>Eleg\u00e1ns lesz\u00farhat\u00f3 ThermaCELL kerti f\u00e1klya, m\u0171k\u00f6d\u00e9si elve megegyezik a hordozhat\u00f3 k\u00e9sz\u00fcl\u00e9kkel, 4 db AAA elemmel egy m\u00e9csesnek megfelel\u0151 f\u00e9nyer\u0151t biztos\u00edt a sz\u00fanyogriaszt\u00f3 hat\u00e1s mellett. Dekorat\u00edv r\u00e9sze lehet kert\u00fcnknek, teraszunknak. A k\u00e9sz\u00fcl\u00e9k a tartoz\u00e9k talp r\u00e1illeszt\u00e9s\u00e9vel asztalon is haszn\u00e1lhat\u00f3.<\/h3>\n<h3>Az \u00e1rak t\u00e1j\u00e9koztat\u00f3 jelleg\u0171ek,az \u00e1rv\u00e1loz\u00e1s jog\u00e1t fenntartjuk.<\/h3>\n<h3><\/h3>\n<p>&nbsp;<\/p>\n","protected":false},"excerpt":{"rendered":"<p>Thermacell MR-KA lexington parkl\u00e1mpa Eleg\u00e1ns lesz\u00farhat\u00f3 ThermaCELL kerti f\u00e1klya, m\u0171k\u00f6d\u00e9si elve megegyezik a hordozhat\u00f3 k\u00e9sz\u00fcl\u00e9kkel, 4 db AAA elemmel egy m\u00e9csesnek megfelel\u0151 f\u00e9nyer\u0151t biztos\u00edt a sz\u00fanyogriaszt\u00f3 hat\u00e1s mellett. Dekorat\u00edv r\u00e9sze lehet kert\u00fcnknek, teraszunknak. A k\u00e9sz\u00fcl\u00e9k a tartoz\u00e9k talp r\u00e1illeszt\u00e9s\u00e9vel asztalon is haszn\u00e1lhat\u00f3. Az \u00e1rak t\u00e1j\u00e9koztat\u00f3 jelleg\u0171ek,az \u00e1rv\u00e1loz\u00e1s jog\u00e1t fenntartjuk. &nbsp;<\/p>\n","protected":false},"featured_media":1514,"comment_status":"open","ping_status":"closed","template":"","meta":{"_et_pb_use_builder":"","_et_pb_old_content":"","_et_gb_content_width":"","om_disable_all_campaigns":false},"product_brand":[],"product_cat":[20,423,21],"product_tag":[425,463,468],"class_list":{"0":"post-1512","1":"product","2":"type-product","3":"status-publish","4":"has-post-thumbnail","6":"product_cat-allapot","7":"product_cat-szunyogriaszto","8":"product_cat-uj","9":"product_tag-szunyogriaszto-keszulek","10":"product_tag-thermacell","11":"product_tag-thermacell-mr-ka-lexington-parklampa","13":"first","14":"instock","15":"sale","16":"taxable","17":"shipping-taxable","18":"purchasable","19":"product-type-simple"},"_links":{"self":[{"href":"https:\/\/www.vadaszboltcsorna.hu\/index.php\/wp-json\/wp\/v2\/product\/1512","targetHints":{"allow":["GET"]}}],"collection":[{"href":"https:\/\/www.vadaszboltcsorna.hu\/index.php\/wp-json\/wp\/v2\/product"}],"about":[{"href":"https:\/\/www.vadaszboltcsorna.hu\/index.php\/wp-json\/wp\/v2\/types\/product"}],"replies":[{"embeddable":true,"href":"https:\/\/www.vadaszboltcsorna.hu\/index.php\/wp-json\/wp\/v2\/comments?post=1512"}],"wp:featuredmedia":[{"embeddable":true,"href":"https:\/\/www.vadaszboltcsorna.hu\/index.php\/wp-json\/wp\/v2\/media\/1514"}],"wp:attachment":[{"href":"https:\/\/www.vadaszboltcsorna.hu\/index.php\/wp-json\/wp\/v2\/media?parent=1512"}],"wp:term":[{"taxonomy":"product_brand","embeddable":true,"href":"https:\/\/www.vadaszboltcsorna.hu\/index.php\/wp-json\/wp\/v2\/product_brand?post=1512"},{"taxonomy":"product_cat","embeddable":true,"href":"https:\/\/www.vadaszboltcsorna.hu\/index.php\/wp-json\/wp\/v2\/product_cat?post=1512"},{"taxonomy":"product_tag","embeddable":true,"href":"https:\/\/www.vadaszboltcsorna.hu\/index.php\/wp-json\/wp\/v2\/product_tag?post=1512"}],"curies":[{"name":"wp","href":"https:\/\/api.w.org\/{rel}","templated":true}]}}