{"id":1064,"date":"2021-05-27T11:18:17","date_gmt":"2021-05-27T11:18:17","guid":{"rendered":"http:\/\/www.vadaszboltcsorna.hu\/?post_type=product&#038;p=1064"},"modified":"2025-05-27T11:25:18","modified_gmt":"2025-05-27T11:25:18","slug":"browning-a-bolt","status":"publish","type":"product","link":"https:\/\/www.vadaszboltcsorna.hu\/index.php\/termek\/browning-a-bolt\/","title":{"rendered":"Browning A-Bolt goly\u00f3s vad\u00e1szfegyver"},"content":{"rendered":"<h2><strong>Browning A-Bolt goly\u00f3s vad\u00e1szfegyver<\/strong><\/h2>\n<p>&nbsp;<\/p>\n<h3>\u00a0Direkt els\u00fct\u0151szerkezet<\/h3>\n<h3>Fa tus szat\u00e9nf\u00e9ny\u0171 lakkoz\u00e1ssal<\/h3>\n<h3>60\u00b0 z\u00e1rfoganty\u00fa nyit\u00e1s<\/h3>\n<h3>Kivehet\u0151 t\u00e1r<\/h3>\n<h3>T\u00e1rkapacit\u00e1s 4 db<\/h3>\n<h3>Matt fel\u00fclet barn\u00edt\u00e1s<\/h3>\n<h3>El\u00e9rhet\u0151 kaliberek: .<\/h3>\n<h3>-.243 Win.<\/h3>\n<h3>-30-06<\/h3>\n<h3>-.308 Win.<\/h3>\n<h3><em><strong>AZ AKCI\u00d3 A K\u00c9SZLET EREJ\u00c9IG \u00c9RV\u00c9NYES!!<\/strong><\/em><\/h3>\n<h3>A le\u00edr\u00e1sban szerepl\u0151 adatok t\u00e1j\u00e9koztat\u00f3 jelleg\u0171ek, t\u00edpusonk\u00e9nt v\u00e1ltozhat!<br \/>\nKaliberekr\u0151l aktu\u00e1lis \u00e1rakr\u00f3l \u00e9s egy\u00e9b inform\u00e1ci\u00f3kr\u00f3l k\u00e9rj\u00fck \u00e9rdekl\u0151dj\u00f6n!<\/h3>\n<h3>A fegyvert\u00f6rv\u00e9ny \u00e9rtelm\u00e9ben, fegyvert, l\u0151szert kiz\u00e1r\u00f3lag szem\u00e9lyesen,az \u00fczletben fegyvertart\u00e1si enged\u00e9ly birtok\u00e1ban lehet v\u00e1s\u00e1rolni!<br \/>\nA webshopban megrendelt fegyverek \u00e9s l\u0151szerek NEM ker\u00fclnek kisz\u00e1ll\u00edt\u00e1sra!\u00a0 Tov\u00e1bbi inform\u00e1ci\u00f3\u00e9rt l\u00e1togasson el boltunkba!<\/h3>\n<h3>Az \u00e1rak t\u00e1j\u00e9koztat\u00f3 jelleg\u0171ek nem min\u0151s\u00fcl hivatalos aj\u00e1nlat t\u00e9telnek!<br \/>\nAz \u00e1rv\u00e1ltoz\u00e1s jog\u00e1t fenntartjuk!<\/h3>\n<p>&nbsp;<\/p>\n","protected":false},"excerpt":{"rendered":"<p>Browning A-Bolt goly\u00f3s vad\u00e1szfegyver &nbsp; \u00a0Direkt els\u00fct\u0151szerkezet Fa tus szat\u00e9nf\u00e9ny\u0171 lakkoz\u00e1ssal 60\u00b0 z\u00e1rfoganty\u00fa nyit\u00e1s Kivehet\u0151 t\u00e1r T\u00e1rkapacit\u00e1s 4 db Matt fel\u00fclet barn\u00edt\u00e1s El\u00e9rhet\u0151 kaliberek: . -.243 Win. -30-06 -.308 Win. AZ AKCI\u00d3 A K\u00c9SZLET EREJ\u00c9IG \u00c9RV\u00c9NYES!! A le\u00edr\u00e1sban szerepl\u0151 adatok t\u00e1j\u00e9koztat\u00f3 jelleg\u0171ek, t\u00edpusonk\u00e9nt v\u00e1ltozhat! Kaliberekr\u0151l aktu\u00e1lis \u00e1rakr\u00f3l \u00e9s egy\u00e9b inform\u00e1ci\u00f3kr\u00f3l k\u00e9rj\u00fck \u00e9rdekl\u0151dj\u00f6n! A fegyvert\u00f6rv\u00e9ny \u00e9rtelm\u00e9ben, [&hellip;]<\/p>\n","protected":false},"featured_media":1065,"comment_status":"open","ping_status":"closed","template":"","meta":{"_et_pb_use_builder":"","_et_pb_old_content":"","_et_gb_content_width":"","om_disable_all_campaigns":false},"product_brand":[],"product_cat":[21,20,16,1826],"product_tag":[394,48,70,85,49],"class_list":{"0":"post-1064","1":"product","2":"type-product","3":"status-publish","4":"has-post-thumbnail","6":"product_cat-uj","7":"product_cat-allapot","8":"product_cat-fegyver","9":"product_cat-uj-golyos-fegyver","10":"product_tag-browning-a-bolt","11":"product_tag-golyos-fegyver","12":"product_tag-vadaszat","13":"product_tag-vadaszfelszereles","14":"product_tag-vadaszpuska","16":"first","17":"instock","18":"sale","19":"taxable","20":"shipping-taxable","21":"purchasable","22":"product-type-simple"},"_links":{"self":[{"href":"https:\/\/www.vadaszboltcsorna.hu\/index.php\/wp-json\/wp\/v2\/product\/1064","targetHints":{"allow":["GET"]}}],"collection":[{"href":"https:\/\/www.vadaszboltcsorna.hu\/index.php\/wp-json\/wp\/v2\/product"}],"about":[{"href":"https:\/\/www.vadaszboltcsorna.hu\/index.php\/wp-json\/wp\/v2\/types\/product"}],"replies":[{"embeddable":true,"href":"https:\/\/www.vadaszboltcsorna.hu\/index.php\/wp-json\/wp\/v2\/comments?post=1064"}],"wp:featuredmedia":[{"embeddable":true,"href":"https:\/\/www.vadaszboltcsorna.hu\/index.php\/wp-json\/wp\/v2\/media\/1065"}],"wp:attachment":[{"href":"https:\/\/www.vadaszboltcsorna.hu\/index.php\/wp-json\/wp\/v2\/media?parent=1064"}],"wp:term":[{"taxonomy":"product_brand","embeddable":true,"href":"https:\/\/www.vadaszboltcsorna.hu\/index.php\/wp-json\/wp\/v2\/product_brand?post=1064"},{"taxonomy":"product_cat","embeddable":true,"href":"https:\/\/www.vadaszboltcsorna.hu\/index.php\/wp-json\/wp\/v2\/product_cat?post=1064"},{"taxonomy":"product_tag","embeddable":true,"href":"https:\/\/www.vadaszboltcsorna.hu\/index.php\/wp-json\/wp\/v2\/product_tag?post=1064"}],"curies":[{"name":"wp","href":"https:\/\/api.w.org\/{rel}","templated":true}]}}